000
CXAK56 PAFG 010948
CF6MCG
PRELIMINARY LOCAL CLIMATOLOGICAL DATA (WS FORM: F-6)
STATION: MCGRATH AK
MONTH: MARCH
YEAR: 2021
LATITUDE: 62 57 N
LONGITUDE: 155 36 W
TEMPERATURE IN F: :PCPN: SNOW: WIND :SUNSHINE: SKY :PK WND
================================================================================
1 2 3 4 5 6A 6B 7 8 9 10 11 12 13 14 15 16 17 18
12Z AVG MX 2MIN
DY MAX MIN AVG DEP HDD CDD WTR SNW DPTH SPD SPD DIR MIN PSBL S-S WX SPD DR
================================================================================
1 4 -9 -2 -8 67 0 0.13 M M 3.5 10 330 M M 9 18 12 330
2 11 2 7 0 58 0 0.07 M M 1.5 10 30 M M 10 1 13 20
3 6 -11 -2 -9 67 0 T M M 5.2 12 350 M M 6 1 15 10
4 5 -28 -11 -18 76 0 0.04 M M 3.5 10 130 M M 4 1 13 120
5 16 -6 5 -3 60 0 0.24 M M 1.9 8 100 M M 7 18 10 110
6 18 -21 -1 -9 66 0 0.00 M M 1.7 9 260 M M 2 18 10 260
7 27 12 20 12 45 0 T M M 4.1 12 210 M M 8 1 15 210
8 34 8 21 13 44 0 0.12 M M 4.8 20 210 M M 4 1 28 220
9 33 9 21 12 44 0 T M M 2.3 12 260 M M 6 12 14 250
10 21 -8 7 -2 58 0 T M M 8.0 22 290 M M 3 29 300
11 2 -29 -13 -22 78 0 0.00 M M 2.3 10 290 M M 0 18 14 290
12 7 -37 -15 -25 80 0 0.00 M M 1.3 6 100 M M 0 8 20
13 6 -33 -13 -23 78 0 0.00 M M 1.6 9 120 M M 0 11 110
14 8 -14 -3 -13 68 0 0.08 M M 0.9 6 140 M M 8 18 6 140
15 15 2 9 -2 56 0 0.06 M M 0.1 6 10 M M 10 1 6 10
16 20 -5 8 -3 57 0 T M M 1.3 7 260 M M 8 18 8 120
17 20 -4 8 -3 57 0 0.07 M M 4.3 15 240 M M 8 128 22 210
18 17 -20 -1 -13 66 0 T M M 1.9 8 350 M M 5 18 11 240
19 15 -7 4 -8 61 0 0.00 M M 3.2 14 50 M M 8 1 16 110
20 21 -21 0 -13 65 0 0.00 M M 4.2 14 100 M M 2 19 80
21 20 -11 5 -8 60 0 0.00 M M 0.6 7 130 M M 7 10 140
22 21 10 16 2 49 0 T M M 2.0 10 310 M M 10 1 13 310
23 15 -5 5 -9 60 0 0.03 M M 5.0 13 310 M M 6 18 17 310
24 32 10 21 6 44 0 0.09 M M 5.7 15 200 M M 10 1 21 210
25 34 19 27 12 38 0 0.05 M M 4.6 16 280 M M 8 1 20 280
26 26 18 22 6 43 0 T M M 3.6 14 200 M M 10 15 200
27 27 -1 13 -3 52 0 0.01 M M 4.5 16 290 M M 6 1 21 280
28 34 -2 16 -1 49 0 0.45 M M 5.1 18 210 M M 8 12 28 220
29 37 33 35 17 30 0 0.09 M M 13.7 18 190 M M 10 1 32 200
30 35 22 29 11 36 0 0.02 M M 7.4 16 200 M M 10 18 23 210
31 22 1 12 -7 53 0 0.02 M M 10.2 17 290 M M 10 18 23 280
================================================================================
SM 609 -126 1765 0 1.57 M 120.0 M 203
================================================================================
AV 19.6 -4.1 3.9 FASTST M M 7 MAX(MPH)
MISC ----> 22 290 32 200
================================================================================
NOTES:
# LAST OF SEVERAL OCCURRENCES
COLUMN 17 PEAK WIND IN M.P.H.
PRELIMINARY LOCAL CLIMATOLOGICAL DATA (WS FORM: F-6) , PAGE 2
STATION: MCGRATH AK
MONTH: MARCH
YEAR: 2021
LATITUDE: 62 57 N
LONGITUDE: 155 36 W
[TEMPERATURE DATA] [PRECIPITATION DATA] SYMBOLS USED IN COLUMN 16
AVERAGE MONTHLY: 7.8 TOTAL FOR MONTH: 1.57 1 = FOG OR MIST
DPTR FM NORMAL: -3.8 DPTR FM NORMAL: 0.76 2 = FOG REDUCING VISIBILITY
HIGHEST: 37 ON 29 GRTST 24HR 0.49 ON 28-29 TO 1/4 MILE OR LESS
LOWEST: -37 ON 12 3 = THUNDER
SNOW, ICE PELLETS, HAIL 4 = ICE PELLETS
TOTAL MONTH: M 5 = HAIL
GRTST 24HR M ON M 6 = FREEZING RAIN OR DRIZZLE
GRTST DEPTH: M ON M 7 = DUSTSTORM OR SANDSTORM:
VSBY 1/2 MILE OR LESS
8 = SMOKE OR HAZE
[NO. OF DAYS WITH] [WEATHER - DAYS WITH] 9 = BLOWING SNOW
X = TORNADO
MAX 32 OR BELOW: 25 0.01 INCH OR MORE: 16
MAX 90 OR ABOVE: 0 0.10 INCH OR MORE: 4
MIN 32 OR BELOW: 30 0.50 INCH OR MORE: 0
MIN 0 OR BELOW: 19 1.00 INCH OR MORE: 0
[HDD (BASE 65) ]
TOTAL THIS MO. 1765 CLEAR (SCALE 0-3) 5
DPTR FM NORMAL 110 PTCLDY (SCALE 4-7) 16
TOTAL FM JUL 1 11317 CLOUDY (SCALE 8-10) 10
DPTR FM NORMAL -571
[CDD (BASE 65) ]
TOTAL THIS MO. 0
DPTR FM NORMAL 0 [PRESSURE DATA]
TOTAL FM JAN 1 0 HIGHEST SLP M ON M
DPTR FM NORMAL 0 LOWEST SLP 29.17 ON 2
[REMARKS]
#FINAL-03-21#