000
CXUS53 KEAX 010836
CF6MCI
PRELIMINARY LOCAL CLIMATOLOGICAL DATA (WS FORM: F-6)
STATION: KANSAS CITY INTERNATIONAL MO
MONTH: JANUARY
YEAR: 2023
LATITUDE: 39 19 N
LONGITUDE: 94 43 W
TEMPERATURE IN F: :PCPN: SNOW: WIND :SUNSHINE: SKY :PK WND
================================================================================
1 2 3 4 5 6A 6B 7 8 9 10 11 12 13 14 15 16 17 18
12Z AVG MX 2MIN
DY MAX MIN AVG DEP HDD CDD WTR SNW DPTH SPD SPD DIR MIN PSBL S-S WX SPD DR
================================================================================
1 62 37 50 20 15 0 0.00 0.0 0 7.3 15 50 M M 7 18 19 40
2 58 40 49 19 16 0 1.08 0.0 0 9.7 18 80 M M 10 1238 25 70
3 57 33 45 16 20 0 T 0.0 0 13.7 28 230 M M 10 12 39 220
4 46 33 40 11 25 0 0.00 0.0 0 13.0 25 280 M M 8 36 270
5 45 32 39 10 26 0 0.00 0.0 0 9.6 20 280 M M 4 28 280
6 50 25 38 9 27 0 0.00 0.0 0 7.2 15 80 M M 5 20 80
7 36 30 33 4 32 0 0.00 0.0 0 10.3 17 30 M M 8 22 30
8 49 23 36 7 29 0 0.00 0.0 0 6.3 12 210 M M 2 8 15 200
9 61 31 46 17 19 0 0.00 0.0 0 11.1 22 200 M M 4 29 200
10 59 30 45 16 20 0 0.00 0.0 0 6.1 12 100 M M 5 8 19 140
11 54 34 44 15 21 0 0.01 0.0 0 7.6 23 20 M M 7 8 31 10
12 37 27 32 3 33 0 T T 0 16.0 25 10 M M 10 18 34 360
13 37 23 30 1 35 0 0.00 0.0 0 6.5 18 330 M M 7 23 340
14 50 20 35 6 30 0 0.00 0.0 0 12.7 23 170 M M 6 8 31 170
15 59 41 50 22 15 0 T 0.0 0 19.3 30 180 M M 7 43 170
16 60 39 50 22 15 0 0.00 0.0 0 15.5 28 230 M M 4 39 240
17 49 34 42 14 23 0 0.00 0.0 0 6.6 15 340 M M 7 18 20 320
18 41 37 39 10 26 0 0.44 T 0 12.6 29 70 M M 10 1 35 70
19 40 28 34 5 31 0 0.05 T 0 12.3 22 290 M M 10 1 33 300
20 45 27 36 7 29 0 0.00 0.0 0 5.6 10 50 M M 5 1 16 330
21 38 27 33 4 32 0 0.10 0.2 0 3.8 9 50 M M 8 18 13 60
22 34 26 30 1 35 0 0.05 0.4 1 6.1 13 310 M M 10 128 18 310
23 44 23 34 5 31 0 0.00 0.0 T 7.0 15 250 M M 9 128 21 240
24 40 27 34 5 31 0 0.11 0.7 0 2.5 10 180 M M 9 128 12 180
25 36 22 29 0 36 0 0.19 1.7 2 11.7 22 320 M M 10 128 33 310
26 30 15 23 -6 42 0 0.00 0.0 1 8.1 18 290 M M 3 25 310
27 50 30 40 11 25 0 0.00 0.0 1 10.0 23 210 M M 6 33 210
28 55 20 38 9 27 0 0.00 0.0 0 12.1 23 360 M M 9 30 350
29 24 13 19 -10 46 0 T T 0 15.5 23 350 M M 8 28 350
30 22 13 18 -12 47 0 0.00 0.0 0 10.6 20 10 M M 7 25 30
31 28 8 18 -12 47 0 0.00 0.0 0 5.3 9 230 M M 2 8 13 230
================================================================================
SM 1396 848 886 0 2.03 3.0 301.7 M 217
================================================================================
AV 45.0 27.4 9.7 FASTST M M 7 MAX(MPH)
MISC ----> 30 180 43 170
================================================================================
NOTES:
# LAST OF SEVERAL OCCURRENCES
COLUMN 17 PEAK WIND IN M.P.H.
PRELIMINARY LOCAL CLIMATOLOGICAL DATA (WS FORM: F-6) , PAGE 2
STATION: KANSAS CITY INTERNATIONAL MO
MONTH: JANUARY
YEAR: 2023
LATITUDE: 39 19 N
LONGITUDE: 94 43 W
[TEMPERATURE DATA] [PRECIPITATION DATA] SYMBOLS USED IN COLUMN 16
AVERAGE MONTHLY: 36.2 TOTAL FOR MONTH: 2.03 1 = FOG OR MIST
DPTR FM NORMAL: 7.2 DPTR FM NORMAL: 0.87 2 = FOG REDUCING VISIBILITY
HIGHEST: 62 ON 1 GRTST 24HR 1.08 ON 2- 2 TO 1/4 MILE OR LESS
LOWEST: 8 ON 31 3 = THUNDER
SNOW, ICE PELLETS, HAIL 4 = ICE PELLETS
TOTAL MONTH: 3.0 INCHES 5 = HAIL
GRTST 24HR 1.7 ON 25-25 6 = FREEZING RAIN OR DRIZZLE
GRTST DEPTH: 2 ON 25 7 = DUSTSTORM OR SANDSTORM:
VSBY 1/2 MILE OR LESS
8 = SMOKE OR HAZE
[NO. OF DAYS WITH] [WEATHER - DAYS WITH] 9 = BLOWING SNOW
X = TORNADO
MAX 32 OR BELOW: 4 0.01 INCH OR MORE: 8
MAX 90 OR ABOVE: 0 0.10 INCH OR MORE: 5
MIN 32 OR BELOW: 22 0.50 INCH OR MORE: 1
MIN 0 OR BELOW: 0 1.00 INCH OR MORE: 1
[HDD (BASE 65) ]
TOTAL THIS MO. 886 CLEAR (SCALE 0-3) 2
DPTR FM NORMAL -231 PTCLDY (SCALE 4-7) 18
TOTAL FM JUL 1 2750 CLOUDY (SCALE 8-10) 11
DPTR FM NORMAL -352
[CDD (BASE 65) ]
TOTAL THIS MO. 0
DPTR FM NORMAL 0 [PRESSURE DATA]
TOTAL FM JAN 1 0 HIGHEST SLP 30.55 ON 30
DPTR FM NORMAL 0 LOWEST SLP 29.36 ON 16
[REMARKS]
#FINAL-01-23#