000
CXUS55 KEAX 010836
CF6MCI
PRELIMINARY LOCAL CLIMATOLOGICAL DATA (WS FORM: F-6)
STATION: KANSAS CITY INTERNATIONAL MO
MONTH: NOVEMBER
YEAR: 2020
LATITUDE: 39 19 N
LONGITUDE: 94 43 W
TEMPERATURE IN F: :PCPN: SNOW: WIND :SUNSHINE: SKY :PK WND
================================================================================
1 2 3 4 5 6A 6B 7 8 9 10 11 12 13 14 15 16 17 18
12Z AVG MX 2MIN
DY MAX MIN AVG DEP HDD CDD WTR SNW DPTH SPD SPD DIR MIN PSBL S-S WX SPD DR
================================================================================
1 53 36 45 -6 20 0 0.00 0.0 0 7.7 18 350 M M 2 8 27 330
2 67 30 49 -1 16 0 0.00 0.0 0 10.0 21 210 M M 0 29 240
3 76 40 58 8 7 0 0.00 0.0 0 12.0 18 200 M M 1 18 24 190
4 71 54 63 14 2 0 0.00 0.0 0 14.2 21 200 M M 6 8 28 220
5 75 52 64 15 1 0 0.00 0.0 0 8.0 16 200 M M 1 8 22 200
6 71 48 60 12 5 0 0.00 0.0 0 10.2 17 190 M M 2 18 23 190
7 74 55 65 17 0 0 0.00 0.0 0 15.5 24 190 M M 2 8 32 190
8 78 60 69 21 0 4 0.00 0.0 0 18.4 31 180 M M 6 42 190
9 73 65 69 22 0 4 0.00 0.0 0 17.3 29 180 M M 9 8 38 180
10 68 28 48 1 17 0 0.64 0.0 0 10.4 24 270 M M 9 13 36 280
11 56 24 40 -6 25 0 0.00 0.0 0 6.5 14 200 M M 0 1 18 210
12 58 28 43 -3 22 0 0.00 0.0 0 10.6 22 330 M M 3 31 330
13 48 21 35 -10 30 0 0.00 0.0 0 8.0 17 140 M M 2 23 150
14 66 42 54 10 11 0 0.00 0.0 0 17.2 31 280 M M 8 18 50 290
15 55 33 44 0 21 0 0.00 0.0 0 13.9 32 310 M M 2 48 320
16 65 33 49 5 16 0 0.00 0.0 0 9.2 18 240 M M 3 24 230
17 58 33 46 3 19 0 0.00 0.0 0 9.4 17 140 M M 1 23 140
18 69 42 56 14 9 0 0.00 0.0 0 21.1 35 210 M M 2 8 48 220
19 73 57 65 23 0 0 0.00 0.0 0 18.4 32 210 M M 2 8 46 200
20 61 41 51 10 14 0 0.00 0.0 0 10.4 22 40 M M 5 1 27 40
21 50 40 45 4 20 0 0.16 0.0 0 10.2 16 50 M M 9 1 20 50
22 56 39 48 8 17 0 0.00 0.0 0 7.1 16 320 M M 5 1 25 330
23 42 27 35 -5 30 0 0.29 T 0 10.1 21 120 M M 7 148 26 110
24 53 42 48 9 17 0 0.50 0.0 0 11.8 25 190 M M 10 1 34 180
25 51 31 41 2 24 0 0.07 0.0 0 9.9 31 30 M M 10 1 38 30
26 56 26 41 3 24 0 0.00 0.0 0 7.3 10 200 M M 4 1 M M
27 53 33 43 5 22 0 0.00 0.0 0 7.6 16 360 M M 2 1 19 360
28 56 30 43 6 22 0 0.00 0.0 0 9.1 18 220 M M 1 24 230
29 46 29 38 1 27 0 0.00 0.0 0 15.6 30 350 M M 5 42 350
30 41 21 31 -5 34 0 0.00 0.0 0 8.4 20 330 M M 0 27 340
================================================================================
SM 1819 1140 472 8 1.66 T 345.5 M 119
================================================================================
AV 60.6 38.0 11.5 FASTST M M 4 MAX(MPH)
MISC ----> 35 210 50 290
================================================================================
NOTES:
# LAST OF SEVERAL OCCURRENCES
COLUMN 17 PEAK WIND IN M.P.H.
PRELIMINARY LOCAL CLIMATOLOGICAL DATA (WS FORM: F-6) , PAGE 2
STATION: KANSAS CITY INTERNATIONAL MO
MONTH: NOVEMBER
YEAR: 2020
LATITUDE: 39 19 N
LONGITUDE: 94 43 W
[TEMPERATURE DATA] [PRECIPITATION DATA] SYMBOLS USED IN COLUMN 16
AVERAGE MONTHLY: 49.3 TOTAL FOR MONTH: 1.66 1 = FOG OR MIST
DPTR FM NORMAL: 5.7 DPTR FM NORMAL: -0.49 2 = FOG REDUCING VISIBILITY
HIGHEST: 78 ON 8 GRTST 24HR 0.64 ON 10-10 TO 1/4 MILE OR LESS
LOWEST: 21 ON 30,13 3 = THUNDER
SNOW, ICE PELLETS, HAIL 4 = ICE PELLETS
TOTAL MONTH: T 5 = HAIL
GRTST 24HR T ON 23-23 6 = FREEZING RAIN OR DRIZZLE
GRTST DEPTH: 0 7 = DUSTSTORM OR SANDSTORM:
VSBY 1/2 MILE OR LESS
8 = SMOKE OR HAZE
[NO. OF DAYS WITH] [WEATHER - DAYS WITH] 9 = BLOWING SNOW
X = TORNADO
MAX 32 OR BELOW: 0 0.01 INCH OR MORE: 5
MAX 90 OR ABOVE: 0 0.10 INCH OR MORE: 4
MIN 32 OR BELOW: 11 0.50 INCH OR MORE: 2
MIN 0 OR BELOW: 0 1.00 INCH OR MORE: 0
[HDD (BASE 65) ]
TOTAL THIS MO. 472 CLEAR (SCALE 0-3) 17
DPTR FM NORMAL -170 PTCLDY (SCALE 4-7) 8
TOTAL FM JUL 1 929 CLOUDY (SCALE 8-10) 5
DPTR FM NORMAL -75
[CDD (BASE 65) ]
TOTAL THIS MO. 8
DPTR FM NORMAL 6 [PRESSURE DATA]
TOTAL FM JAN 1 1382 HIGHEST SLP 30.55 ON 17
DPTR FM NORMAL 22 LOWEST SLP 29.41 ON 14
[REMARKS]
#FINAL-11-20#