000
CXUS53 KGLD 031321
CLAMCK
CLIMATE REPORT
NATIONAL WEATHER SERVICE
621 AM MST TUE JAN 03 2023
...................................
...THE MCCOOK NE CLIMATE SUMMARY FOR THE YEAR OF 2022...
CLIMATE NORMAL PERIOD: 1991 TO 2020
CLIMATE RECORD PERIOD: 1896 TO 2023
WEATHER OBSERVED NORMAL DEPART LAST YEAR`S
VALUE DATE(S) VALUE FROM VALUE DATE(S)
NORMAL
................................................................
TEMPERATURE (F)
RECORD
HIGH 115 06/26/2012
LOW -30 01/12/1912
HIGHEST 111 07/10 105 6 108 06/17
LOWEST -15 12/22 -10 -5 -22 02/15
AVG. MAXIMUM 68.5 66.0 2.5 67.4
AVG. MINIMUM 37.0 38.4 -1.4 39.1
MEAN 52.8 52.2 0.6 53.3
DAYS MAX >= 90 83 60.9 22.1 73
DAYS MAX <= 32 27 25.5 1.5 23
DAYS MIN <= 32 164 153.9 10.1 153
DAYS MIN <= 0 13 6.1 6.9 12
PRECIPITATION (INCHES)
RECORD
MAXIMUM 26.12 2018
MINIMUM 9.41 2012
TOTALS 10.39 20.05 -9.66
DAYS >= .01 54 78.9 -24.9 63
DAYS >= .10 27 38.2 -11.2 29
DAYS >= .50 4 12.1 -8.1 10
DAYS >= 1.00 2 3.8 -1.8 5
GREATEST
24 HR. TOTAL 1.88 05/02 TO 05/02 2.62
................................................................
- INDICATES NEGATIVE NUMBERS.
R INDICATES RECORD WAS SET OR TIED.
MM INDICATES DATA IS MISSING.
T INDICATES TRACE AMOUNT.
$$