000
CXUS52 KFFC 011110
CF6MCN
PRELIMINARY LOCAL CLIMATOLOGICAL DATA (WS FORM: F-6)
STATION: MACON
MONTH: FEBRUARY
YEAR: 2023
LATITUDE: 32 42 N
LONGITUDE: 83 39 W
TEMPERATURE IN F: :PCPN: SNOW: WIND :SUNSHINE: SKY :PK WND
================================================================================
1 2 3 4 5 6A 6B 7 8 9 10 11 12 13 14 15 16 17 18
12Z AVG MX 2MIN
DY MAX MIN AVG DEP HDD CDD WTR SNW DPTH SPD SPD DIR MIN PSBL S-S WX SPD DR
================================================================================
1 67 55 61 12 4 0 0.06 0.0 M 4.1 13 310 M M 8 18 17 310
2 58 50 54 5 11 0 0.30 M M 5.2 14 360 M M 10 1 20 360
3 58 39 49 0 16 0 0.24 M M 9.5 21 330 M M 4 1 32 330
4 57 30 44 -5 21 0 0.00 0.0 M 6.9 17 100 M M 0 22 100
5 68 39 54 5 11 0 0.00 0.0 M 4.1 14 270 M M 2 18 280
6 71 39 55 5 10 0 0.00 0.0 M 3.9 12 350 M M 0 17 360
7 72 33 53 3 12 0 0.00 0.0 M 2.6 12 190 M M 1 18 110
8 79 44 62 12 3 0 0.00 0.0 M 4.2 15 150 M M 5 20 140
9 75 53 64 14 1 0 0.02 0.0 M 6.7 21 210 M M 6 1 32 190
10 69 53 61 11 4 0 T 0.0 M 4.6 14 330 M M 9 1 19 330
11 56 45 51 1 14 0 1.69 M M 11.7 26 60 M M 9 13 37 50
12 53 42 48 -3 17 0 0.10 M M 10.2 20 300 M M 10 1 30 280
13 70 38 54 3 11 0 0.00 0.0 M 6.9 15 280 M M 0 22 290
14 73 34 54 3 11 0 0.00 0.0 M 4.6 15 160 M M 0 20 100
15 76 42 59 8 6 0 0.00 0.0 M 5.4 15 190 M M 1 20 180
16 80 50 65 13 0 0 0.00 0.0 M 8.3 18 200 M M 2 1 27 200
17 69 37 53 1 12 0 0.10 M M 13.6 24 300 M M 5 1 35 320
18 59 30 45 -7 20 0 0.00 0.0 M 5.6 13 40 M M 0 21 330
19 68 35 52 0 13 0 0.00 0.0 M 3.4 14 230 M M 1 1 20 230
20 76 39 58 6 7 0 0.00 0.0 M 6.7 20 250 M M 0 1 27 270
21 82 63 73 20 0 8 0.00 0.0 M 10.8 23 250 M M 5 30 260
22 84 66 75 22 0 10 0.00 0.0 M 11.0 22 210 M M 6 33 210
23 84 67 76 23 0 11 0.00 0.0 M 9.7 18 210 M M 4 28 240
24 81 66 74 21 0 9 0.00 0.0 M 5.8 15 350 M M 7 19 340
25 75 56 66 12 0 1 0.00 0.0 M 5.7 16 250 M M 9 20 260
26 83 59 71 17 0 6 0.00 0.0 M 6.2 22 280 M M 4 1 28 270
27 81 57 69 15 0 4 T 0.0 M 10.3 22 200 M M 5 33 210
28 85 58 72 18 0 7 0.01 0.0 M 8.5 22 260 M M 5 32 220
================================================================================
SM 2009 1319 204 56 2.52 0.0 196.2 M 118
================================================================================
AV 71.8 47.1 7.0 FASTST M M 4 MAX(MPH)
MISC ----> 26 60 37 50
================================================================================
NOTES:
# LAST OF SEVERAL OCCURRENCES
COLUMN 17 PEAK WIND IN M.P.H.
PRELIMINARY LOCAL CLIMATOLOGICAL DATA (WS FORM: F-6) , PAGE 2
STATION: MACON
MONTH: FEBRUARY
YEAR: 2023
LATITUDE: 32 42 N
LONGITUDE: 83 39 W
[TEMPERATURE DATA] [PRECIPITATION DATA] SYMBOLS USED IN COLUMN 16
AVERAGE MONTHLY: 59.4 TOTAL FOR MONTH: 2.52 1 = FOG OR MIST
DPTR FM NORMAL: 8.2 DPTR FM NORMAL: -1.65 2 = FOG REDUCING VISIBILITY
HIGHEST: 85 ON 28 GRTST 24HR 1.79 ON 11-12 TO 1/4 MILE OR LESS
LOWEST: 30 ON 18, 4 3 = THUNDER
SNOW, ICE PELLETS, HAIL 4 = ICE PELLETS
TOTAL MONTH: 0.0 INCH 5 = HAIL
GRTST 24HR 0.0 6 = FREEZING RAIN OR DRIZZLE
GRTST DEPTH: M ON M 7 = DUSTSTORM OR SANDSTORM:
VSBY 1/2 MILE OR LESS
8 = SMOKE OR HAZE
[NO. OF DAYS WITH] [WEATHER - DAYS WITH] 9 = BLOWING SNOW
X = TORNADO
MAX 32 OR BELOW: 0 0.01 INCH OR MORE: 8
MAX 90 OR ABOVE: 0 0.10 INCH OR MORE: 5
MIN 32 OR BELOW: 2 0.50 INCH OR MORE: 1
MIN 0 OR BELOW: 0 1.00 INCH OR MORE: 1
[HDD (BASE 65) ]
TOTAL THIS MO. 204 CLEAR (SCALE 0-3) 11
DPTR FM NORMAL -186 PTCLDY (SCALE 4-7) 12
TOTAL FM JUL 1 1378 CLOUDY (SCALE 8-10) 5
DPTR FM NORMAL -413
[CDD (BASE 65) ]
TOTAL THIS MO. 56
DPTR FM NORMAL 51 [PRESSURE DATA]
TOTAL FM JAN 1 57 HIGHEST SLP 30.58 ON 4
DPTR FM NORMAL 55 LOWEST SLP 29.71 ON 27
[REMARKS]
#FINAL-02-23#