000
CXUS53 KDMX 030246
CF6MCW
PRELIMINARY LOCAL CLIMATOLOGICAL DATA (WS FORM: F-6)
STATION: MASON CITY IA
MONTH: JUNE
YEAR: 2021
LATITUDE: 43 9 N
LONGITUDE: 93 20 W
TEMPERATURE IN F: :PCPN: SNOW: WIND :SUNSHINE: SKY :PK WND
================================================================================
1 2 3 4 5 6A 6B 7 8 9 10 11 12 13 14 15 16 17 18
12Z AVG MX 2MIN
DY MAX MIN AVG DEP HDD CDD WTR SNW DPTH SPD SPD DIR MIN PSBL S-S WX SPD DR
================================================================================
1 79 45 62 -2 3 0 0.00 0.0 0 4.8 14 250 M M 0 18 20 290
2 83 51 67 2 0 2 0.00 0.0 0 7.0 16 360 M M 2 22 10
3 89 60 75 10 0 10 0.00 0.0 0 13.5 24 250 M M 0 33 260
4 93 68 81 16 0 16 0.00 0.0 0 16.0 23 240 M M 0 32 240
5 95 70 83 17 0 18 0.00 0.0 0 15.9 26 210 M M 0 36 200
6 90 66 78 12 0 13 0.00 0.0 0 15.0 30 200 M M 1 41 180
7 92 64 78 12 0 13 0.00 0.0 0 8.8 17 200 M M 2 25 180
8 93 64 79 12 0 14 0.00 0.0 0 6.4 16 130 M M 1 27 130
9 94 64 79 12 0 14 0.00 0.0 0 6.4 17 110 M M 1 18 24 100
10 97 67 82 15 0 17 0.00 0.0 0 M M 140 M M 1 M M
11 90 70 80 12 0 15 0.00 0.0 0 10.9 37 290 M M 1 51 280
12 86 59 73 5 0 8 0.00 0.0 0 12.3 22 340 M M 1 31 10
13 95 54 75 7 0 10 0.00 0.0 0 8.5 22 280 M M 0 29 260
14 88 57 73 5 0 8 0.00 0.0 0 7.3 20 360 M M 0 26 10
15 87 56 72 3 0 7 0.00 0.0 0 6.4 16 30 M M 0 23 40
16 89 54 72 3 0 7 0.00 0.0 0 9.8 17 160 M M 1 23 170
17 102 66 84 15 0 19 0.44 0.0 0 9.8 31 290 M M 4 3 47 300
18 90 60 75 6 0 10 0.00 0.0 0 6.4 13 270 M M 0 21 270
19 84 59 72 2 0 7 0.00 0.0 0 9.3 20 340 M M 0 26 340
20 84 59 72 2 0 7 0.50 0.0 0 14.5 32 310 M M 5 13 43 320
21 69 46 58 -12 7 0 0.00 0.0 0 14.8 29 330 M M 2 41 360
22 81 45 63 -7 2 0 T 0.0 0 4.7 15 200 M M 3 18 200
23 87 61 74 4 0 9 0.00 0.0 0 12.5 20 180 M M 3 28 200
24 89 73 81 11 0 16 T 0.0 0 8.3 16 210 M M 1 26 200
25 89 66 78 7 0 13 0.24 0.0 0 5.5 21 180 M M 5 138 28 180
26 79 66 73 2 0 8 2.72 0.0 0 9.2 26 340 M M 9 123 35 340
27 80 61 71 0 0 6 0.00 0.0 0 5.1 15 310 M M 3 1 19 280
28 84 62 73 2 0 8 0.34 0.0 0 5.3 14 250 M M 4 13 19 200
29 85 65 75 4 0 10 0.15 0.0 0 5.2 16 270 M M 4 13 20 230
30 85 61 73 2 0 8 0.00 0.0 0 5.8 13 300 M M 1 1 16 300
================================================================================
SM 2628 1819 12 293 4.39 0.0 265.4 M 55
================================================================================
AV 87.6 60.6 9.2 FASTST M M 2 MAX(MPH)
MISC ----> 37 290 51 280
================================================================================
NOTES:
# LAST OF SEVERAL OCCURRENCES
COLUMN 17 PEAK WIND IN M.P.H.
PRELIMINARY LOCAL CLIMATOLOGICAL DATA (WS FORM: F-6) , PAGE 2
STATION: MASON CITY IA
MONTH: JUNE
YEAR: 2021
LATITUDE: 43 9 N
LONGITUDE: 93 20 W
[TEMPERATURE DATA] [PRECIPITATION DATA] SYMBOLS USED IN COLUMN 16
AVERAGE MONTHLY: 74.1 TOTAL FOR MONTH: 4.39 1 = FOG OR MIST
DPTR FM NORMAL: 5.6 DPTR FM NORMAL: -1.00 2 = FOG REDUCING VISIBILITY
HIGHEST: 102 ON 17 GRTST 24HR 2.94 ON 25-26 TO 1/4 MILE OR LESS
LOWEST: 45 ON 22, 1 3 = THUNDER
SNOW, ICE PELLETS, HAIL 4 = ICE PELLETS
TOTAL MONTH: 0.0 INCH 5 = HAIL
GRTST 24HR 0.0 6 = FREEZING RAIN OR DRIZZLE
GRTST DEPTH: 0 7 = DUSTSTORM OR SANDSTORM:
VSBY 1/2 MILE OR LESS
8 = SMOKE OR HAZE
[NO. OF DAYS WITH] [WEATHER - DAYS WITH] 9 = BLOWING SNOW
X = TORNADO
MAX 32 OR BELOW: 0 0.01 INCH OR MORE: 6
MAX 90 OR ABOVE: 11 0.10 INCH OR MORE: 6
MIN 32 OR BELOW: 0 0.50 INCH OR MORE: 2
MIN 0 OR BELOW: 0 1.00 INCH OR MORE: 1
[HDD (BASE 65) ]
TOTAL THIS MO. 12 CLEAR (SCALE 0-3) 22
DPTR FM NORMAL -27 PTCLDY (SCALE 4-7) 7
TOTAL FM JUL 1 7400 CLOUDY (SCALE 8-10) 1
DPTR FM NORMAL -244
[CDD (BASE 65) ]
TOTAL THIS MO. 293
DPTR FM NORMAL 151 [PRESSURE DATA]
TOTAL FM JAN 1 362 HIGHEST SLP 30.16 ON 1
DPTR FM NORMAL 182 LOWEST SLP 29.48 ON 20
[REMARKS]
#FINAL-06-21#