000
CXUS54 KMAF 011110
CF6MDD
PRELIMINARY LOCAL CLIMATOLOGICAL DATA (WS FORM: F-6)
STATION: MIDLAND AIRPARK
MONTH: APRIL
YEAR: 2021
LATITUDE: 32 2 N
LONGITUDE: 102 6 W
TEMPERATURE IN F: :PCPN: SNOW: WIND :SUNSHINE: SKY :PK WND
================================================================================
1 2 3 4 5 6A 6B 7 8 9 10 11 12 13 14 15 16 17 18
12Z AVG MX 2MIN
DY MAX MIN AVG DEP HDD CDD WTR SNW DPTH SPD SPD DIR MIN PSBL S-S WX SPD DR
================================================================================
1 69 42 56 M 9 0 M M M 11.4 20 130 M M 0 8 25 140
2 73 49 61 M 4 0 M M M 14.3 23 160 M M 0 31 170
3 73 53 63 M 2 0 0.01 M M 13.2 18 150 M M 2 24 140
4 73 56 65 M 0 0 M M M 11.7 16 170 M M 9 23 180
5 84 54 69 M 0 4 M M M 14.2 22 160 M M 4 28 160
6 93 61 77 M 0 12 M M M 17.1 24 230 M M 0 36 240
7 84 51 68 M 0 3 M M M 9.4 18 300 M M 0 8 28 300
8 90 44 67 M 0 2 M M M 7.1 20 250 M M 0 23 310
9 91 62 77 M 0 12 M M M 15.7 23 320 M M 0 8 35 280
10 75 44 60 M 5 0 M M M 7.9 17 40 M M 0 24 40
11 91 56 74 M 0 9 M M M 10.1 18 300 M M 0 24 300
12 74 56 65 M 0 0 M M M 12.8 18 340 M M 0 24 20
13 59 51 55 M 10 0 M M M 13.0 18 30 M M 9 26 30
14 55 49 52 M 13 0 M M M 11.9 17 60 M M 10 20 50
15 54 49 52 M 13 0 M M M 9.9 14 60 M M 10 1 M M
16 61 47 54 M 11 0 M M M 10.6 23 40 M M 8 1 28 40
17 48 41 45 M 20 0 0.01 M M 9.9 22 40 M M 8 29 40
18 64 43 54 M 11 0 M M M 3.9 9 10 M M 6 20 60
19 73 41 57 M 8 0 M M M 6.6 15 180 M M 2 22 180
20 56 42 49 M 16 0 M M M 14.0 25 20 M M 1 31 20
21 57 36 47 M 18 0 M M M 12.1 22 100 M M 4 25 100
22 68 42 55 M 10 0 M M M 13.2 21 160 M M 4 25 160
23 84 59 72 M 0 7 M M M 15.6 28 250 M M 3 39 260
24 81 50 66 M 0 1 M M M 8.3 15 300 M M 0 23 140
25 93 55 74 M 0 9 M M M 16.7 24 190 M M 0 29 190
26 94 68 81 M 0 16 M M M 14.5 20 190 M M 0 29 250
27 93 68 81 M 0 16 0.28 M M 14.4 25 230 M M 2 36 230
28 77 56 67 M 0 2 0.05 M M 12.2 18 340 M M 8 28 190
29 57 52 55 M 10 0 0.52 M M 10.7 17 320 M M 10 1 24 330
30 71 54 63 M 2 0 0.02 M M 9.6 14 50 M M 6 23 50
================================================================================
SM 2215 1531 162 93 0.89 M 352.1 M 106
================================================================================
AV 73.8 51.0 11.7 FASTST M M 4 MAX(MPH)
MISC ----> 28 250 39 260
================================================================================
NOTES:
# LAST OF SEVERAL OCCURRENCES
COLUMN 17 PEAK WIND IN M.P.H.
PRELIMINARY LOCAL CLIMATOLOGICAL DATA (WS FORM: F-6) , PAGE 2
STATION: MIDLAND AIRPARK
MONTH: APRIL
YEAR: 2021
LATITUDE: 32 2 N
LONGITUDE: 102 6 W
[TEMPERATURE DATA] [PRECIPITATION DATA] SYMBOLS USED IN COLUMN 16
AVERAGE MONTHLY: 62.4 TOTAL FOR MONTH: 0.89 1 = FOG OR MIST
DPTR FM NORMAL: 0.0 DPTR FM NORMAL: M 2 = FOG REDUCING VISIBILITY
HIGHEST: 94 ON 26 GRTST 24HR 0.52 ON 29-29 TO 1/4 MILE OR LESS
LOWEST: 36 ON 21 3 = THUNDER
SNOW, ICE PELLETS, HAIL 4 = ICE PELLETS
TOTAL MONTH: M 5 = HAIL
GRTST 24HR M ON M 6 = FREEZING RAIN OR DRIZZLE
GRTST DEPTH: M ON M 7 = DUSTSTORM OR SANDSTORM:
VSBY 1/2 MILE OR LESS
8 = SMOKE OR HAZE
[NO. OF DAYS WITH] [WEATHER - DAYS WITH] 9 = BLOWING SNOW
X = TORNADO
MAX 32 OR BELOW: 0 0.01 INCH OR MORE: 6
MAX 90 OR ABOVE: 7 0.10 INCH OR MORE: 2
MIN 32 OR BELOW: 0 0.50 INCH OR MORE: 1
MIN 0 OR BELOW: 0 1.00 INCH OR MORE: 0
[HDD (BASE 65) ]
TOTAL THIS MO. 162 CLEAR (SCALE 0-3) 16
DPTR FM NORMAL M PTCLDY (SCALE 4-7) 8
TOTAL FM JUL 1 2535 CLOUDY (SCALE 8-10) 6
DPTR FM NORMAL M
[CDD (BASE 65) ]
TOTAL THIS MO. 93
DPTR FM NORMAL M [PRESSURE DATA]
TOTAL FM JAN 1 126 HIGHEST SLP M ON M
DPTR FM NORMAL M LOWEST SLP M ON M
[REMARKS]
#FINAL-04-21#