000
CXUS53 KPAH 171244
CF6MDH
PRELIMINARY LOCAL CLIMATOLOGICAL DATA (WS FORM: F-6)
STATION: CARBONDALE IL
MONTH: JULY
YEAR: 2023
LATITUDE: 37 46 N
LONGITUDE: 89 15 W
TEMPERATURE IN F: :PCPN: SNOW: WIND :SUNSHINE: SKY :PK WND
================================================================================
1 2 3 4 5 6A 6B 7 8 9 10 11 12 13 14 15 16 17 18
12Z AVG MX 2MIN
DY MAX MIN AVG DEP HDD CDD WTR SNW DPTH SPD SPD DIR MIN PSBL S-S WX SPD DR
================================================================================
1 95 73 84 6 0 19 0.37 M M 5.1 22 280 M M 3 138 30 300
2 88 72 80 2 0 15 0.21 M M 5.4 25 210 M M 2 138 35 190
3 90 68 79 1 0 14 0.00 M M 3.0 7 150 M M 0 1 10 300
4 90 72 81 3 0 16 T M M 3.9 14 140 M M 5 13 19 150
5 92 70 81 3 0 16 0.16 M M 6.2 23 260 M M 1 13 32 270
6 88 69 79 1 0 14 0.00 M M 5.6 16 350 M M 2 1 25 360
7 88 65 77 -1 0 12 T M M 2.7 8 170 M M 1 12 70
8 84 68 76 -2 0 11 0.01 M M 6.6 12 340 M M 6 3 16 360
9 82 63 73 -5 0 8 T M M 3.3 10 80 M M 1 17 40
10 88 58 73 -5 0 8 0.00 M M 1.6 7 180 M M 2 1 12 280
11 89 61 75 -3 0 10 0.00 M M 5.1 16 220 M M 0 22 230
12 91 63 77 -1 0 12 0.05 M M 6.9 18 210 M M 1 13 24 200
13 91 72 82 4 0 17 0.12 M M 4.3 18 240 M M 3 1 26 240
14 96 70 83 5 0 18 T M M 3.4 21 240 M M 3 123 29 250
15 91 70 81 3 0 16 0.02 M M 5.8 17 320 M M 4 24 310
16 92 64 78 0 0 13 0.01 M M 4.6 26 310 M M 2 138 43 300
17 87 66 77 -1 0 12 0.50 M M 5.2 30 210 M M 2 13 41 200
18 83 67 75 -3 0 10 0.06 M M 3.6 25 240 M M 3 13 35 280
19 82 71 77 -1 0 12 3.47 M M 6.0 24 250 M M 7 13 35 230
20 88 71 80 2 0 15 0.52 M M 4.6 32 340 M M 4 13 44 340
21 83 65 74 -4 0 9 T M M 3.3 12 330 M M 2 1 16 340
22 85 62 74 -4 0 9 0.00 M M 2.8 9 320 M M 1 1 15 10
23 90 63 77 -1 0 12 0.00 M M 5.0 10 240 M M 1 15 250
24 91 72 82 4 0 17 0.17 M M 6.7 15 210 M M 2 13 24 300
25 92 70 81 3 0 16 0.00 M M 6.2 17 190 M M 0 1 26 210
26 91 79 85 7 0 20 T M M 13.4 23 190 M M 1 36 200
27 95 80 88 10 0 23 0.00 M M 10.4 15 210 M M 2 23 220
28 95 75 85 7 0 20 0.00 M M 8.0 15 200 M M 1 1 21 210
29 94 72 83 5 0 18 0.19 M M 5.0 40 330 M M 2 138 52 330
30 90 70 80 2 0 15 0.00 M M 3.9 12 30 M M 4 1 14 320
31 87 66 77 -1 0 12 0.00 M M 3.3 10 30 M M 2 1 14 30
================================================================================
SM 2768 2127 0 439 5.86 M 160.9 M 70
================================================================================
AV 89.3 68.6 5.2 FASTST M M 2 MAX(MPH)
MISC ----> 40 330 52 330
================================================================================
NOTES:
# LAST OF SEVERAL OCCURRENCES
COLUMN 17 PEAK WIND IN M.P.H.
PRELIMINARY LOCAL CLIMATOLOGICAL DATA (WS FORM: F-6) , PAGE 2
STATION: CARBONDALE IL
MONTH: JULY
YEAR: 2023
LATITUDE: 37 46 N
LONGITUDE: 89 15 W
[TEMPERATURE DATA] [PRECIPITATION DATA] SYMBOLS USED IN COLUMN 16
AVERAGE MONTHLY: 79.0 TOTAL FOR MONTH: 5.86 1 = FOG OR MIST
DPTR FM NORMAL: 1.0 DPTR FM NORMAL: 2.25 2 = FOG REDUCING VISIBILITY
HIGHEST: 96 ON 14 GRTST 24HR 3.47 ON 19-19 TO 1/4 MILE OR LESS
LOWEST: 58 ON 10 3 = THUNDER
SNOW, ICE PELLETS, HAIL 4 = ICE PELLETS
TOTAL MONTH: M 5 = HAIL
GRTST 24HR M ON M 6 = FREEZING RAIN OR DRIZZLE
GRTST DEPTH: M ON M 7 = DUSTSTORM OR SANDSTORM:
VSBY 1/2 MILE OR LESS
8 = SMOKE OR HAZE
[NO. OF DAYS WITH] [WEATHER - DAYS WITH] 9 = BLOWING SNOW
X = TORNADO
MAX 32 OR BELOW: 0 0.01 INCH OR MORE: 14
MAX 90 OR ABOVE: 17 0.10 INCH OR MORE: 9
MIN 32 OR BELOW: 0 0.50 INCH OR MORE: 3
MIN 0 OR BELOW: 0 1.00 INCH OR MORE: 1
[HDD (BASE 65) ]
TOTAL THIS MO. 0 CLEAR (SCALE 0-3) 25
DPTR FM NORMAL 0 PTCLDY (SCALE 4-7) 6
TOTAL FM JUL 1 0 CLOUDY (SCALE 8-10) 0
DPTR FM NORMAL 0
[CDD (BASE 65) ]
TOTAL THIS MO. 439
DPTR FM NORMAL 38 [PRESSURE DATA]
TOTAL FM JAN 1 897 HIGHEST SLP 30.13 ON 31
DPTR FM NORMAL 48 LOWEST SLP 29.75 ON 13
[REMARKS] THE JULY 19TH AND 20TH PRECIPITATION TOTALS WERE ADJUSTED
UPWARDS USING A NEARBY COCORAHS STATION (IL-JK-14: DE SOTO 0.3 ESE)
DUE TO AN EQUIPMENT ISSUE WITH THE TIPPING BUCKET GAUGE THAT
OCCURRED. THE MEASUREMENTS WERE CHANGED FROM MISSING TO 3.47" ON THE
19TH AND 0.52" ON THE 20TH. THIS WAS SUPPORTED BY RADAR ESTIMATES.
#FINAL-07-23#