000
CXUS54 KJAN 012159
CF6MEI
PRELIMINARY LOCAL CLIMATOLOGICAL DATA (WS FORM: F-6)
STATION: MERIDIAN
MONTH: OCTOBER
YEAR: 2021
LATITUDE: 32 19 N
LONGITUDE: 88 45 W
TEMPERATURE IN F: :PCPN: SNOW: WIND :SUNSHINE: SKY :PK WND
================================================================================
1 2 3 4 5 6A 6B 7 8 9 10 11 12 13 14 15 16 17 18
12Z AVG MX 2MIN
DY MAX MIN AVG DEP HDD CDD WTR SNW DPTH SPD SPD DIR MIN PSBL S-S WX SPD DR
================================================================================
1 85 66 76 3 0 11 0.00 0.0 0 2.8 10 90 M M 4 1 17 90
2 83 68 76 4 0 11 0.36 0.0 0 3.1 17 210 M M 3 13 26 210
3 79 70 75 3 0 10 0.47 0.0 0 5.3 14 190 M M 8 1 18 190
4 84 69 77 5 0 12 0.00 0.0 0 2.9 12 30 M M 5 128 14 40
5 85 66 76 5 0 11 1.42 0.0 0 3.8 14 40 M M 7 13 19 40
6 83 65 74 3 0 9 0.00 0.0 0 2.4 8 280 M M 5 12 280
7 87 63 75 5 0 10 0.00 0.0 0 1.5 8 20 M M 2 1 10 10
8 86 60 73 3 0 8 0.00 0.0 0 2.1 12 10 M M 2 12 16 10
9 87 61 74 4 0 9 0.00 0.0 0 0.7 7 320 M M 0 12 320
10 87 61 74 5 0 9 0.00 0.0 0 3.9 13 150 M M 0 17 150
11 85 63 74 5 0 9 0.00 0.0 0 6.1 17 180 M M 3 1 26 180
12 88 70 79 11 0 14 0.00 0.0 0 3.5 10 180 M M 4 15 170
13 86 65 76 8 0 11 0.00 0.0 0 3.5 15 180 M M 1 1 19 180
14 85 64 75 7 0 10 0.00 0.0 0 3.3 12 170 M M 2 16 170
15 87 66 77 10 0 12 T 0.0 0 3.9 14 310 M M 3 12 20 330
16 73 48 61 -6 4 0 0.07 0.0 0 10.5 22 10 M M 3 1 32 360
17 71 44 58 -8 7 0 0.00 0.0 0 5.2 18 30 M M 0 24 40
18 72 42 57 -9 8 0 0.00 0.0 0 2.1 10 130 M M 0 15 110
19 75 42 59 -6 6 0 0.00 0.0 0 1.9 10 90 M M 0 18 13 110
20 80 54 67 2 0 2 0.20 0.0 0 4.5 12 170 M M 7 13 15 140
21 85 66 76 12 0 11 T 0.0 0 3.4 12 340 M M 6 13 16 340
22 80 54 67 3 0 2 0.00 0.0 0 3.1 12 340 M M 1 1 15 350
23 81 50 66 2 0 1 0.00 0.0 0 1.9 10 180 M M 0 15 180
24 77 57 67 4 0 2 0.00 0.0 0 3.4 15 160 M M 0 20 160
25 84 60 72 9 0 7 0.00 0.0 0 6.0 15 270 M M 4 12 20 260
26 75 50 63 1 2 0 0.00 0.0 0 4.7 13 50 M M 0 17 20
27 76 54 65 3 0 0 0.74 0.0 0 5.9 14 140 M M 4 13 19 160
28 68 54 61 -1 4 0 0.25 0.0 0 8.9 22 280 M M 9 1 33 290
29 57 52 55 -6 10 0 0.02 0.0 0 8.4 17 290 M M 10 8 25 260
30 59 47 53 -8 12 0 0.00 0.0 0 4.6 13 240 M M 9 1 18 250
31 73 43 58 -2 7 0 0.00 0.0 0 2.0 10 290 M M 2 1 14 290
================================================================================
SM 2463 1794 60 181 3.53 0.0 125.3 M 104
================================================================================
AV 79.5 57.9 4.0 FASTST M M 3 MAX(MPH)
MISC ----> # 22 10 33 290
================================================================================
NOTES:
# LAST OF SEVERAL OCCURRENCES
COLUMN 17 PEAK WIND IN M.P.H.
PRELIMINARY LOCAL CLIMATOLOGICAL DATA (WS FORM: F-6) , PAGE 2
STATION: MERIDIAN
MONTH: OCTOBER
YEAR: 2021
LATITUDE: 32 19 N
LONGITUDE: 88 45 W
[TEMPERATURE DATA] [PRECIPITATION DATA] SYMBOLS USED IN COLUMN 16
AVERAGE MONTHLY: 68.7 TOTAL FOR MONTH: 3.53 1 = FOG OR MIST
DPTR FM NORMAL: 2.1 DPTR FM NORMAL: -0.33 2 = FOG REDUCING VISIBILITY
HIGHEST: 88 ON 12 GRTST 24HR 1.42 ON 5- 5 TO 1/4 MILE OR LESS
LOWEST: 42 ON 19,18 3 = THUNDER
SNOW, ICE PELLETS, HAIL 4 = ICE PELLETS
TOTAL MONTH: 0.0 INCH 5 = HAIL
GRTST 24HR 0.0 6 = FREEZING RAIN OR DRIZZLE
GRTST DEPTH: 0 7 = DUSTSTORM OR SANDSTORM:
VSBY 1/2 MILE OR LESS
8 = SMOKE OR HAZE
[NO. OF DAYS WITH] [WEATHER - DAYS WITH] 9 = BLOWING SNOW
X = TORNADO
MAX 32 OR BELOW: 0 0.01 INCH OR MORE: 8
MAX 90 OR ABOVE: 0 0.10 INCH OR MORE: 6
MIN 32 OR BELOW: 0 0.50 INCH OR MORE: 2
MIN 0 OR BELOW: 0 1.00 INCH OR MORE: 1
[HDD (BASE 65) ]
TOTAL THIS MO. 60 CLEAR (SCALE 0-3) 17
DPTR FM NORMAL -23 PTCLDY (SCALE 4-7) 10
TOTAL FM JUL 1 61 CLOUDY (SCALE 8-10) 4
DPTR FM NORMAL -24
[CDD (BASE 65) ]
TOTAL THIS MO. 181
DPTR FM NORMAL 49 [PRESSURE DATA]
TOTAL FM JAN 1 2156 HIGHEST SLP 30.28 ON 17
DPTR FM NORMAL -292 LOWEST SLP 29.49 ON 28
[REMARKS]
#FINAL-10-21#