000
CXUS54 KJAN 020307
CF6MEI
PRELIMINARY LOCAL CLIMATOLOGICAL DATA (WS FORM: F-6)
STATION: MERIDIAN
MONTH: APRIL
YEAR: 2021
LATITUDE: 32 19 N
LONGITUDE: 88 45 W
TEMPERATURE IN F: :PCPN: SNOW: WIND :SUNSHINE: SKY :PK WND
================================================================================
1 2 3 4 5 6A 6B 7 8 9 10 11 12 13 14 15 16 17 18
12Z AVG MX 2MIN
DY MAX MIN AVG DEP HDD CDD WTR SNW DPTH SPD SPD DIR MIN PSBL S-S WX SPD DR
================================================================================
1 61 39 50 -9 15 0 0.00 0.0 0 11.6 28 10 M M 0 38 360
2 63 35 49 -10 16 0 0.00 0.0 0 6.8 18 60 M M 0 26 70
3 72 35 54 -6 11 0 0.00 0.0 0 2.4 10 160 M M 0 14 200
4 76 40 58 -2 7 0 0.00 0.0 0 2.1 10 150 M M 0 15 160
5 80 46 63 3 2 0 0.00 0.0 0 3.5 13 210 M M 0 16 200
6 80 50 65 5 0 0 0.00 0.0 0 3.0 10 200 M M 3 12 21 210
7 82 58 70 10 0 5 0.01 0.0 0 10.5 23 180 M M 4 1 32 180
8 84 58 71 10 0 6 0.21 0.0 0 9.2 30 150 M M 4 3 38 150
9 87 58 73 12 0 8 1.93 0.0 0 8.6 29 340 M M 6 1238 43 350
10 80 62 71 10 0 6 1.73 0.0 0 8.0 23 60 M M 5 13 30 40
11 78 52 65 4 0 0 0.00 0.0 0 4.2 13 310 M M 2 18 290
12 87 47 67 5 0 2 0.00 0.0 0 1.7 12 220 M M 0 16 220
13 77 50 64 2 1 0 0.00 0.0 0 1.9 10 210 M M 0 13 210
14 64 51 58 -4 7 0 0.41 0.0 0 3.2 16 170 M M 6 138 25 170
15 75 58 67 5 0 2 T 0.0 0 5.8 17 10 M M 4 1 23 360
16 69 55 62 -1 3 0 0.01 0.0 0 5.6 14 100 M M 6 20 80
17 71 54 63 0 2 0 0.00 0.0 0 4.6 13 330 M M 7 17 340
18 73 49 61 -2 4 0 0.00 0.0 0 5.8 14 300 M M 1 20 340
19 73 43 58 -6 7 0 0.00 0.0 0 4.1 14 20 M M 0 20 350
20 79 50 65 1 0 0 0.00 0.0 0 3.9 15 320 M M 0 31 310
21 63 41 52 -12 13 0 0.00 0.0 0 9.7 20 350 M M 2 28 340
22 70 37 54 -10 11 0 0.00 0.0 0 2.2 12 20 M M 0 18 30
23 71 48 60 -5 5 0 0.58 0.0 0 5.2 16 150 M M 6 13 21 140
24 83 61 72 7 0 7 2.05 0.0 0 12.7 26 260 M M 7 138 38 220
25 79 52 66 1 0 1 0.00 0.0 0 7.3 17 30 M M 1 24 40
26 82 48 65 0 0 0 0.00 0.0 0 2.5 10 160 M M 0 14 140
27 84 53 69 3 0 4 0.00 0.0 0 5.6 17 200 M M 2 12 23 180
28 86 68 77 11 0 12 0.00 0.0 0 8.2 17 200 M M 2 25 150
29 85 68 77 11 0 12 0.01 0.0 0 5.8 16 170 M M 5 1 21 170
30 75 59 67 1 0 2 T 0.0 0 6.3 17 40 M M 6 1 23 30
================================================================================
SM 2289 1525 104 67 6.94 0.0 172.0 M 79
================================================================================
AV 76.3 50.8 5.7 FASTST M M 3 MAX(MPH)
MISC ----> 30 150 43 350
================================================================================
NOTES:
# LAST OF SEVERAL OCCURRENCES
COLUMN 17 PEAK WIND IN M.P.H.
PRELIMINARY LOCAL CLIMATOLOGICAL DATA (WS FORM: F-6) , PAGE 2
STATION: MERIDIAN
MONTH: APRIL
YEAR: 2021
LATITUDE: 32 19 N
LONGITUDE: 88 45 W
[TEMPERATURE DATA] [PRECIPITATION DATA] SYMBOLS USED IN COLUMN 16
AVERAGE MONTHLY: 63.6 TOTAL FOR MONTH: 6.94 1 = FOG OR MIST
DPTR FM NORMAL: 0.9 DPTR FM NORMAL: 2.16 2 = FOG REDUCING VISIBILITY
HIGHEST: 87 ON 12, 9 GRTST 24HR 3.66 ON 9-10 TO 1/4 MILE OR LESS
LOWEST: 35 ON 3, 2 3 = THUNDER
SNOW, ICE PELLETS, HAIL 4 = ICE PELLETS
TOTAL MONTH: 0.0 INCH 5 = HAIL
GRTST 24HR 0.0 6 = FREEZING RAIN OR DRIZZLE
GRTST DEPTH: 0 7 = DUSTSTORM OR SANDSTORM:
VSBY 1/2 MILE OR LESS
8 = SMOKE OR HAZE
[NO. OF DAYS WITH] [WEATHER - DAYS WITH] 9 = BLOWING SNOW
X = TORNADO
MAX 32 OR BELOW: 0 0.01 INCH OR MORE: 9
MAX 90 OR ABOVE: 0 0.10 INCH OR MORE: 6
MIN 32 OR BELOW: 0 0.50 INCH OR MORE: 4
MIN 0 OR BELOW: 0 1.00 INCH OR MORE: 3
[HDD (BASE 65) ]
TOTAL THIS MO. 104 CLEAR (SCALE 0-3) 17
DPTR FM NORMAL -26 PTCLDY (SCALE 4-7) 13
TOTAL FM JUL 1 2177 CLOUDY (SCALE 8-10) 0
DPTR FM NORMAL -357
[CDD (BASE 65) ]
TOTAL THIS MO. 67
DPTR FM NORMAL 8 [PRESSURE DATA]
TOTAL FM JAN 1 146 HIGHEST SLP 30.51 ON 2
DPTR FM NORMAL 63 LOWEST SLP 29.61 ON 10
[REMARKS]
#FINAL-04-21#