000
CXUS51 KCLE 010900
CF6MFD
PRELIMINARY LOCAL CLIMATOLOGICAL DATA (WS FORM: F-6)
STATION: MANSFIELD OH
MONTH: JANUARY
YEAR: 2024
LATITUDE: 40 49 N
LONGITUDE: 82 31 W
TEMPERATURE IN F: :PCPN: SNOW: WIND :SUNSHINE: SKY :PK WND
================================================================================
1 2 3 4 5 6A 6B 7 8 9 10 11 12 13 14 15 16 17 18
12Z AVG MX 2MIN
DY MAX MIN AVG DEP HDD CDD WTR SNW DPTH SPD SPD DIR MIN PSBL S-S WX SPD DR
================================================================================
1 32 30 31 3 34 0 0.03 0.1 T 8.4 17 350 M M 10 1 23 340
2 31 28 30 2 35 0 0.00 0.0 T 11.1 20 210 M M 9 27 210
3 37 29 33 5 32 0 0.00 0.0 0 8.2 14 220 M M 10 1 20 210
4 31 19 25 -3 40 0 T T T 8.0 21 320 M M 10 1 26 310
5 32 17 25 -2 40 0 0.00 0.0 0 4.1 9 90 M M 0 13 90
6 34 26 30 3 35 0 T T 0 5.9 13 100 M M 8 1 17 90
7 33 30 32 5 33 0 0.12 T T 8.7 17 260 M M 10 1 27 260
8 36 25 31 4 34 0 0.00 0.0 T 9.0 17 110 M M 3 23 150
9 47 32 40 13 25 0 1.14 0.5 1 18.4 38 200 M M 9 1 54 190
10 37 31 34 7 31 0 0.06 T T 16.2 30 210 M M 10 1 43 240
11 35 25 30 3 35 0 0.01 T T 11.3 22 220 M M 9 1 33 240
12 45 24 35 9 30 0 0.39 T 0 16.6 36 120 M M 6 1 47 110
13 43 20 32 6 33 0 0.16 T T 20.3 33 210 M M 10 1 49 210
14 20 1 11 -15 54 0 0.06 0.9 1 13.7 25 230 M M 5 18 40 240
15 11 -3 4 -22 61 0 0.00 0.0 T 5.4 12 220 M M 1 15 240
16 11 3 7 -19 58 0 0.05 0.9 T 10.3 18 210 M M 6 1 25 230
17 20 1 11 -15 54 0 0.00 0.0 1 15.9 30 200 M M 2 38 220
18 24 20 22 -4 43 0 T T 1 7.6 18 210 M M 10 24 190
19 22 11 17 -9 48 0 0.18 1.6 1 8.2 16 330 M M 10 1 22 290
20 15 6 11 -15 54 0 0.02 0.6 3 9.7 17 260 M M 9 1 26 270
21 21 12 17 -9 48 0 T T 2 7.7 13 170 M M 6 20 260
22 37 15 26 0 39 0 0.00 0.0 2 14.7 22 200 M M 6 30 190
23 39 32 36 10 29 0 0.17 0.0 1 8.1 18 230 M M 10 1 26 240
24 52 39 46 20 19 0 0.33 0.0 0 9.5 16 200 M M 10 1 22 170
25 54 48 51 25 14 0 0.17 0.0 0 3.6 13 90 M M 10 1 17 90
26 58 39 49 23 16 0 0.24 0.0 0 8.8 25 230 M M 10 1 39 240
27 41 37 39 13 26 0 0.18 0.0 0 5.5 15 20 M M 10 1 20 20
28 41 32 37 11 28 0 0.37 T 0 14.5 22 30 M M 10 1 33 20
29 32 30 31 5 34 0 0.02 T T 9.2 17 320 M M 10 1 22 320
30 37 30 34 8 31 0 0.10 0.4 0 10.4 23 170 M M 10 1 29 180
31 37 32 35 9 30 0 0.00 0.0 T 6.2 18 210 M M 10 1 25 210
================================================================================
SM 1045 721 1123 0 3.80 5.0 315.2 M 249
================================================================================
AV 33.7 23.3 10.2 FASTST M M 8 MAX(MPH)
MISC ----> 38 200 54 190
================================================================================
NOTES:
# LAST OF SEVERAL OCCURRENCES
COLUMN 17 PEAK WIND IN M.P.H.
PRELIMINARY LOCAL CLIMATOLOGICAL DATA (WS FORM: F-6) , PAGE 2
STATION: MANSFIELD OH
MONTH: JANUARY
YEAR: 2024
LATITUDE: 40 49 N
LONGITUDE: 82 31 W
[TEMPERATURE DATA] [PRECIPITATION DATA] SYMBOLS USED IN COLUMN 16
AVERAGE MONTHLY: 28.5 TOTAL FOR MONTH: 3.80 1 = FOG OR MIST
DPTR FM NORMAL: 2.0 DPTR FM NORMAL: 0.58 2 = FOG REDUCING VISIBILITY
HIGHEST: 58 ON 26 GRTST 24HR 1.15 ON 9-10 TO 1/4 MILE OR LESS
LOWEST: -3 ON 15 3 = THUNDER
SNOW, ICE PELLETS, HAIL 4 = ICE PELLETS
TOTAL MONTH: 5.0 INCHES 5 = HAIL
GRTST 24HR 1.6 ON 19-19 6 = FREEZING RAIN OR DRIZZLE
GRTST DEPTH: 3 ON 20 7 = DUSTSTORM OR SANDSTORM:
VSBY 1/2 MILE OR LESS
8 = SMOKE OR HAZE
[NO. OF DAYS WITH] [WEATHER - DAYS WITH] 9 = BLOWING SNOW
X = TORNADO
MAX 32 OR BELOW: 13 0.01 INCH OR MORE: 19
MAX 90 OR ABOVE: 0 0.10 INCH OR MORE: 12
MIN 32 OR BELOW: 27 0.50 INCH OR MORE: 1
MIN 0 OR BELOW: 1 1.00 INCH OR MORE: 1
[HDD (BASE 65) ]
TOTAL THIS MO. 1123 CLEAR (SCALE 0-3) 3
DPTR FM NORMAL -69 PTCLDY (SCALE 4-7) 6
TOTAL FM JUL 1 3014 CLOUDY (SCALE 8-10) 22
DPTR FM NORMAL -415
[CDD (BASE 65) ]
TOTAL THIS MO. 0
DPTR FM NORMAL 0 [PRESSURE DATA]
TOTAL FM JAN 1 0 HIGHEST SLP 30.67 ON 21
DPTR FM NORMAL 0 LOWEST SLP 28.94 ON 9
[REMARKS]
#FINAL-01-24#