000
CXUS51 KCLE 031456
CLMMFD
CLIMATE REPORT
NATIONAL WEATHER SERVICE CLEVELAND, OH
1056 AM EDT FRI NOV 03 2023
...................................
...THE MANSFIELD OH CLIMATE SUMMARY FOR THE MONTH OF OCTOBER 2023...
CLIMATE NORMAL PERIOD 1991 TO 2020
CLIMATE RECORD PERIOD 1916 TO 2023
WEATHER OBSERVED NORMAL DEPART LAST YEAR`S
VALUE DATE(S) VALUE FROM VALUE
NORMAL
..............................................................
TEMPERATURE (F)
RECORD
HIGH 90 10/01/2019
LOW 20 10/30/1988
10/28/1976
HIGHEST 83 10/03
10/04
LOWEST 24 10/31
AVG. MAXIMUM 62.8 62.8 0.0 62.6
AVG. MINIMUM 45.5 43.1 2.4 41.5
MEAN 54.2 53.0 1.2 52.0
DAYS MAX >= 90 0 0.0 0.0 0
DAYS MAX <= 32 0 0.0 0.0 0
DAYS MIN <= 32 3 3.5 -0.5 1
DAYS MIN <= 0 0 0.0 0.0 0
PRECIPITATION (INCHES)
RECORD
MAXIMUM 7.30 2012
MINIMUM 0.43 1963
TOTALS 3.30 3.16 0.14 1.45
DAYS >= .01 17 11.3 5.7 9
DAYS >= .10 9 6.6 2.4 3
DAYS >= .50 3 2.0 1.0 1
DAYS >= 1.00 0 0.6 -0.6 0
GREATEST
24 HR. TOTAL 0.74 10/19 TO 10/20 0.63
SNOWFALL (INCHES)
RECORDS
TOTAL 10.3 1993
TOTALS 0.3 0.5 -0.2 T
SINCE 7/1 0.3 0.5 -0.2 T
DAYS >= 1.0 0 0.1 -0.1 0
GREATEST
24 HR TOTAL 0.3R 10/31 TO 10/31
DEGREE DAYS
HEATING TOTAL 351 386 -35 395
SINCE 7/1 408 501 -93 499
COOLING TOTAL 22 12 10 0
SINCE 1/1 617 750 -133 808
..............................................................
WIND (MPH)
AVERAGE WIND SPEED 8.1
HIGHEST WIND SPEED/DIRECTION 24/200 DATE 10/05
HIGHEST GUST SPEED/DIRECTION 40/200 DATE 10/05
SKY COVER
AVERAGE SKY COVER 0.52
AVERAGE RH (PERCENT) 73
WEATHER CONDITIONS. NUMBER OF DAYS WITH
THUNDERSTORM 0 MIXED PRECIP 0
HEAVY RAIN 3 RAIN 8
LIGHT RAIN 15 FREEZING RAIN 0
LT FREEZING RAIN 0 HAIL 0
HEAVY SNOW 0 SNOW 0
LIGHT SNOW 1 SLEET 0
FOG 18 FOG W/VIS <= 1/4 MILE 1
HAZE 1
- INDICATES NEGATIVE NUMBERS.
R INDICATES RECORD WAS SET OR TIED.
MM INDICATES DATA IS MISSING.
T INDICATES TRACE AMOUNT.
$$