000
CXUS54 KBRO 010900
CF6MFE
PRELIMINARY LOCAL CLIMATOLOGICAL DATA (WS FORM: F-6)
STATION: MCALLEN
MONTH: DECEMBER
YEAR: 2023
LATITUDE: 26 10 N
LONGITUDE: 98 14 W
TEMPERATURE IN F: :PCPN: SNOW: WIND :SUNSHINE: SKY :PK WND
================================================================================
1 2 3 4 5 6A 6B 7 8 9 10 11 12 13 14 15 16 17 18
12Z AVG MX 2MIN
DY MAX MIN AVG DEP HDD CDD WTR SNW DPTH SPD SPD DIR MIN PSBL S-S WX SPD DR
================================================================================
1 69 64 67 1 0 2 T 0.0 0 4.7 13 310 M M 10 12 18 300
2 80 59 70 4 0 5 0.00 0.0 0 6.0 16 340 M M 3 1 23 320
3 77 54 66 0 0 1 0.00 0.0 0 1.1 6 130 M M 0 1 8 260
4 77 55 66 0 0 1 0.00 0.0 M 2.4 9 90 M M 2 1 11 80
5 74 60 67 1 0 2 0.00 0.0 0 6.1 10 50 M M 5 16 50
6 79 62 71 6 0 6 0.00 0.0 0 7.8 15 80 M M 5 20 80
7 76 63 70 5 0 5 T 0.0 0 10.5 22 130 M M 6 27 140
8 85 62 74 9 0 9 0.00 0.0 0 11.3 21 150 M M 1 32 180
9 85 70 78 13 0 13 0.00 0.0 0 11.4 29 350 M M 6 1 38 340
10 71 43 57 -8 8 0 0.00 0.0 0 12.3 31 350 M M 2 8 49 350
11 69 41 55 -9 10 0 0.00 0.0 0 6.3 16 140 M M 0 8 22 150
12 73 54 64 0 1 0 T 0.0 0 8.4 20 120 M M 7 26 120
13 72 64 68 4 0 3 0.46 0.0 0 7.1 20 130 M M 10 1 27 110
14 73 67 70 6 0 5 T 0.0 0 6.9 15 80 M M 8 22 80
15 80 63 72 8 0 7 0.08 0.0 0 5.7 13 360 M M 6 12 18 360
16 72 50 61 -3 4 0 T 0.0 0 11.1 23 310 M M 4 32 310
17 76 43 60 -4 5 0 0.00 0.0 0 3.2 12 110 M M 0 14 110
18 79 45 62 -2 3 0 0.00 0.0 0 2.8 10 90 M M 0 12 100
19 M 48 M M M M M 0.0 0 5.9 17 140 M M 0 27 140
20 78 54 66 3 0 1 0.00 0.0 0 8.0 18 140 M M 2 24 140
21 79 61 70 7 0 5 0.00 0.0 0 9.2 21 160 M M 4 31 130
22 76 65 71 8 0 6 0.00 0.0 0 4.1 9 120 M M 4 12 13 170
23 73 64 69 6 0 4 0.02 0.0 0 7.6 15 110 M M 8 12 21 160
24 82 59 71 8 0 6 0.00 0.0 0 7.6 17 330 M M 3 18 24 340
25 69 52 61 -2 4 0 0.00 0.0 0 7.5 16 40 M M 6 23 30
26 62 57 60 -3 5 0 0.00 0.0 0 5.5 12 340 M M 10 16 50
27 73 52 63 1 2 0 0.00 0.0 0 4.8 14 80 M M 5 17 100
28 71 46 59 -3 6 0 0.00 0.0 0 5.1 14 80 M M 0 19 80
29 69 45 57 -5 8 0 0.00 0.0 0 2.3 12 10 M M 1 14 360
30 74 42 58 -4 7 0 0.00 0.0 0 4.0 9 140 M M 0 13 170
31 80 50 65 3 0 0 0.00 0.0 0 11.0 24 170 M M 0 1 34 160
================================================================================
SM 2253 1714 63 81 0.56 0.0 207.7 M 118
================================================================================
AV 75.1 55.3 6.7 FASTST M M 4 MAX(MPH)
MISC ----> 31 350 49 350
================================================================================
NOTES:
# LAST OF SEVERAL OCCURRENCES
COLUMN 17 PEAK WIND IN M.P.H.
PRELIMINARY LOCAL CLIMATOLOGICAL DATA (WS FORM: F-6) , PAGE 2
STATION: MCALLEN
MONTH: DECEMBER
YEAR: 2023
LATITUDE: 26 10 N
LONGITUDE: 98 14 W
[TEMPERATURE DATA] [PRECIPITATION DATA] SYMBOLS USED IN COLUMN 16
AVERAGE MONTHLY: 65.2 TOTAL FOR MONTH: 0.56 1 = FOG OR MIST
DPTR FM NORMAL: 1.2 DPTR FM NORMAL: -0.50 2 = FOG REDUCING VISIBILITY
HIGHEST: 85 ON 9, 8 GRTST 24HR 0.46 ON 12-13 TO 1/4 MILE OR LESS
LOWEST: 41 ON 11 3 = THUNDER
SNOW, ICE PELLETS, HAIL 4 = ICE PELLETS
TOTAL MONTH: 0.0 INCH 5 = HAIL
GRTST 24HR 0.0 6 = FREEZING RAIN OR DRIZZLE
GRTST DEPTH: 0 7 = DUSTSTORM OR SANDSTORM:
VSBY 1/2 MILE OR LESS
8 = SMOKE OR HAZE
[NO. OF DAYS WITH] [WEATHER - DAYS WITH] 9 = BLOWING SNOW
X = TORNADO
MAX 32 OR BELOW: 0 0.01 INCH OR MORE: 3
MAX 90 OR ABOVE: 0 0.10 INCH OR MORE: 1
MIN 32 OR BELOW: 0 0.50 INCH OR MORE: 0
MIN 0 OR BELOW: 0 1.00 INCH OR MORE: 0
[HDD (BASE 65) ]
TOTAL THIS MO. 63 CLEAR (SCALE 0-3) 14
DPTR FM NORMAL -73 PTCLDY (SCALE 4-7) 14
TOTAL FM JUL 1 157 CLOUDY (SCALE 8-10) 3
DPTR FM NORMAL -33
[CDD (BASE 65) ]
TOTAL THIS MO. 81
DPTR FM NORMAL -23 [PRESSURE DATA]
TOTAL FM JAN 1 5116 HIGHEST SLP 30.44 ON 10
DPTR FM NORMAL 126 LOWEST SLP 29.75 ON 1
[REMARKS]
#FINAL-12-23#