000
CXUS53 KGRB 160528
CF6MFI
PRELIMINARY LOCAL CLIMATOLOGICAL DATA (WS FORM: F-6)
STATION: MARSHFIELD WI
MONTH: JUNE
YEAR: 2021
LATITUDE: 44 37 N
LONGITUDE: 90 11 W
TEMPERATURE IN F: :PCPN: SNOW: WIND :SUNSHINE: SKY :PK WND
================================================================================
1 2 3 4 5 6A 6B 7 8 9 10 11 12 13 14 15 16 17 18
12Z AVG MX 2MIN
DY MAX MIN AVG DEP HDD CDD WTR SNW DPTH SPD SPD DIR MIN PSBL S-S WX SPD DR
================================================================================
1 77 47 62 0 3 0 0.00 0.0 0 2.8 14 240 M M 2 1 18 240
2 80 52 66 4 0 1 0.00 0.0 0 5.8 16 220 M M 3 20 220
3 85 53 69 7 0 4 T 0.0 0 8.0 20 270 M M 4 30 280
4 90 62 76 14 0 11 0.00 0.0 0 11.0 21 250 M M 1 30 250
5 92 65 79 16 0 14 0.00 0.0 0 10.9 22 250 M M 0 29 260
6 86 66 76 13 0 11 0.00 0.0 0 11.8 23 180 M M 1 33 180
7 87 66 77 14 0 12 0.00 0.0 0 7.3 15 220 M M 1 20 180
8 92 66 79 15 0 14 T 0.0 0 5.3 24 80 M M 2 13 35 90
9 90 65 78 14 0 13 0.00 0.0 0 6.4 13 130 M M 0 17 130
10 91 65 78 14 0 13 0.36 0.0 0 6.1 25 360 M M 2 13 37 350
11 84 61 73 9 0 8 0.11 0.0 0 5.1 23 190 M M 1 123 30 180
12 81 59 70 5 0 5 0.00 0.0 0 10.6 21 310 M M 0 12 27 330
13 84 56 70 5 0 5 0.00 0.0 0 8.0 26 30 M M 1 39 20
14 82 53 68 3 0 3 0.00 0.0 0 9.2 21 320 M M 2 27 320
15 79 57 68 3 0 3 0.00 0.0 0 7.2 13 50 M M 2 20 340
16 79 50 65 -1 0 0 0.00 0.0 0 4.1 10 210 M M 0 16 220
17 88 57 73 7 0 8 1.26 0.0 0 8.5 20 210 M M 3 13 25 220
18 83 58 71 5 0 6 0.00 0.0 0 7.9 20 320 M M 1 12 31 280
19 77 56 67 1 0 2 T 0.0 0 6.2 17 330 M M 1 23 330
20 69 53 61 -5 4 0 0.10 0.0 0 7.2 25 350 M M 6 1 36 350
21 64 47 56 -11 9 0 T 0.0 0 13.8 28 340 M M 6 37 330
22 69 48 59 -8 6 0 0.00 0.0 0 6.0 15 280 M M 4 21 280
23 76 49 63 -4 2 0 0.00 0.0 0 8.3 16 170 M M 5 8 21 160
24 82 62 72 5 0 7 0.09 0.0 0 7.2 20 330 M M 6 138 26 340
25 78 64 71 4 0 6 0.00 0.0 0 4.7 9 150 M M 7 18 15 140
26 69 60 65 -3 0 0 0.86 0.0 0 9.7 22 70 M M 9 1 30 80
27 77 59 68 0 0 3 0.33 0.0 0 5.8 15 30 M M 5 1 22 20
28 81 61 71 3 0 6 1.48 0.0 0 6.7 18 320 M M 4 123 25 310
29 79 63 71 3 0 6 0.06 0.0 0 4.8 20 320 M M 5 1 27 310
30 84 62 73 5 0 8 0.00 0.0 0 5.8 14 340 M M 2 12 18 330
================================================================================
SM 2435 1742 24 169 4.65 0.0 222.2 M 86
================================================================================
AV 81.2 58.1 7.4 FASTST M M 3 MAX(MPH)
MISC ----> 28 340 39 20
================================================================================
NOTES:
# LAST OF SEVERAL OCCURRENCES
COLUMN 17 PEAK WIND IN M.P.H.
PRELIMINARY LOCAL CLIMATOLOGICAL DATA (WS FORM: F-6) , PAGE 2
STATION: MARSHFIELD WI
MONTH: JUNE
YEAR: 2021
LATITUDE: 44 37 N
LONGITUDE: 90 11 W
[TEMPERATURE DATA] [PRECIPITATION DATA] SYMBOLS USED IN COLUMN 16
AVERAGE MONTHLY: 69.6 TOTAL FOR MONTH: 4.65 1 = FOG OR MIST
DPTR FM NORMAL: 4.4 DPTR FM NORMAL: 0.82 2 = FOG REDUCING VISIBILITY
HIGHEST: 92 ON 8, 5 GRTST 24HR 1.54 ON 28-29 TO 1/4 MILE OR LESS
LOWEST: 47 ON 21, 1 3 = THUNDER
SNOW, ICE PELLETS, HAIL 4 = ICE PELLETS
TOTAL MONTH: 0.0 INCH 5 = HAIL
GRTST 24HR 0.0 6 = FREEZING RAIN OR DRIZZLE
GRTST DEPTH: 0 7 = DUSTSTORM OR SANDSTORM:
VSBY 1/2 MILE OR LESS
8 = SMOKE OR HAZE
[NO. OF DAYS WITH] [WEATHER - DAYS WITH] 9 = BLOWING SNOW
X = TORNADO
MAX 32 OR BELOW: 0 0.01 INCH OR MORE: 9
MAX 90 OR ABOVE: 5 0.10 INCH OR MORE: 7
MIN 32 OR BELOW: 0 0.50 INCH OR MORE: 3
MIN 0 OR BELOW: 0 1.00 INCH OR MORE: 2
[HDD (BASE 65) ]
TOTAL THIS MO. 24 CLEAR (SCALE 0-3) 18
DPTR FM NORMAL -49 PTCLDY (SCALE 4-7) 11
TOTAL FM JUL 1 7633 CLOUDY (SCALE 8-10) 1
DPTR FM NORMAL -485
[CDD (BASE 65) ]
TOTAL THIS MO. 169
DPTR FM NORMAL 90 [PRESSURE DATA]
TOTAL FM JAN 1 197 HIGHEST SLP 30.18 ON 16
DPTR FM NORMAL 99 LOWEST SLP 29.46 ON 20
[REMARKS]
#FINAL-06-21#