000
CXUS54 KBMX 011110
CF6MGM
PRELIMINARY LOCAL CLIMATOLOGICAL DATA (WS FORM: F-6)
STATION: MONTGOMERY
MONTH: MARCH
YEAR: 2020
LATITUDE: 32 17 N
LONGITUDE: 86 24 W
TEMPERATURE IN F: :PCPN: SNOW: WIND :SUNSHINE: SKY :PK WND
================================================================================
1 2 3 4 5 6A 6B 7 8 9 10 11 12 13 14 15 16 17 18
12Z AVG MX 2MIN
DY MAX MIN AVG DEP HDD CDD WTR SNW DPTH SPD SPD DIR MIN PSBL S-S WX SPD DR
================================================================================
1 72 36 54 0 11 0 0.00 0.0 0 5.4 15 180 M M 0 19 170
2 71 50 61 7 4 0 0.27 0.0 0 6.6 20 190 M M 7 18 26 180
3 74 62 68 14 0 3 0.45 0.0 0 6.9 24 210 M M 9 123 32 210
4 64 54 59 4 6 0 2.88 0.0 0 9.1 29 30 M M 10 123 42 30
5 60 51 56 1 9 0 0.47 0.0 0 9.4 21 80 M M 9 138 26 80
6 65 45 55 0 10 0 0.00 0.0 0 11.2 22 320 M M 0 12 28 340
7 64 38 51 -5 14 0 0.00 0.0 0 5.4 15 30 M M 0 19 10
8 71 40 56 0 9 0 0.00 0.0 0 7.1 20 110 M M 0 24 120
9 74 45 60 4 5 0 0.00 0.0 0 8.0 18 140 M M 2 26 140
10 73 56 65 9 0 0 0.02 0.0 0 5.0 14 230 M M 5 12 18 240
11 75 54 65 9 0 0 0.00 0.0 0 4.2 10 210 M M 7 12 14 240
12 85 57 71 14 0 6 0.00 0.0 0 6.8 17 220 M M 1 1 22 220
13 83 63 73 16 0 8 0.00 0.0 0 5.9 14 220 M M 4 19 350
14 85 59 72 15 0 7 0.00 0.0 0 4.0 12 180 M M 2 128 14 180
15 84 63 74 17 0 9 0.00 0.0 0 3.5 12 360 M M 1 14 10
16 84 63 74 16 0 9 0.00 0.0 0 4.7 12 80 M M 6 14 80
17 80 62 71 13 0 6 0.00 0.0 0 2.3 9 60 M M 2 1 11 60
18 84 61 73 15 0 8 0.00 0.0 0 5.1 15 180 M M 4 128 20 170
19 86 62 74 16 0 9 0.00 0.0 0 6.4 16 170 M M 4 1 20 160
20 88 62 75 17 0 10 0.01 0.0 0 6.3 21 330 M M 6 1 27 330
21 76 56 66 7 0 1 0.03 0.0 0 6.7 14 320 M M 7 1 17 310
22 70 53 62 3 3 0 0.47 0.0 0 7.0 21 130 M M 5 13 24 130
23 82 61 72 13 0 7 T 0.0 0 5.1 14 350 M M 8 17 350
24 87 68 78 19 0 13 0.00 0.0 0 10.8 20 210 M M 5 27 210
25 86 60 73 13 0 8 0.00 0.0 0 7.1 16 230 M M 3 22 230
26 89 56 73 13 0 8 0.00 0.0 0 3.8 12 180 M M 0 17 160
27 88 60 74 14 0 9 0.00 0.0 0 4.4 13 190 M M 2 1 19 180
28 89 68 79 19 0 14 0.00 0.0 0 7.4 16 220 M M 3 1 21 200
29 82 63 73 13 0 8 0.00 0.0 0 7.0 20 300 M M 4 23 290
30 82 57 70 10 0 5 0.00 0.0 0 3.4 15 30 M M 1 20 30
31 74 49 62 1 3 0 0.25 0.0 0 11.3 25 290 M M 6 1 35 300
================================================================================
SM 2427 1734 74 148 4.85 0.0 197.3 M 123
================================================================================
AV 78.3 55.9 6.4 FASTST M M 4 MAX(MPH)
MISC ----> # 29 30 # 42 30
================================================================================
NOTES:
# LAST OF SEVERAL OCCURRENCES
COLUMN 17 PEAK WIND IN M.P.H.
PRELIMINARY LOCAL CLIMATOLOGICAL DATA (WS FORM: F-6) , PAGE 2
STATION: MONTGOMERY
MONTH: MARCH
YEAR: 2020
LATITUDE: 32 17 N
LONGITUDE: 86 24 W
[TEMPERATURE DATA] [PRECIPITATION DATA] SYMBOLS USED IN COLUMN 16
AVERAGE MONTHLY: 67.1 TOTAL FOR MONTH: 4.85 1 = FOG OR MIST
DPTR FM NORMAL: 9.6 DPTR FM NORMAL: -1.10 2 = FOG REDUCING VISIBILITY
HIGHEST: 89 ON 28,26 GRTST 24HR 2.88 ON 4- 4 TO 1/4 MILE OR LESS
LOWEST: 36 ON 1 3 = THUNDER
SNOW, ICE PELLETS, HAIL 4 = ICE PELLETS
TOTAL MONTH: 0.0 INCH 5 = HAIL
GRTST 24HR 0.0 6 = FREEZING RAIN OR DRIZZLE
GRTST DEPTH: 0 7 = DUSTSTORM OR SANDSTORM:
VSBY 1/2 MILE OR LESS
8 = SMOKE OR HAZE
[NO. OF DAYS WITH] [WEATHER - DAYS WITH] 9 = BLOWING SNOW
X = TORNADO
MAX 32 OR BELOW: 0 0.01 INCH OR MORE: 9
MAX 90 OR ABOVE: 0 0.10 INCH OR MORE: 6
MIN 32 OR BELOW: 0 0.50 INCH OR MORE: 1
MIN 0 OR BELOW: 0 1.00 INCH OR MORE: 1
[HDD (BASE 65) ]
TOTAL THIS MO. 74 CLEAR (SCALE 0-3) 14
DPTR FM NORMAL -181 PTCLDY (SCALE 4-7) 13
TOTAL FM JUL 1 1454 CLOUDY (SCALE 8-10) 4
DPTR FM NORMAL -673
[CDD (BASE 65) ]
TOTAL THIS MO. 148
DPTR FM NORMAL 125 [PRESSURE DATA]
TOTAL FM JAN 1 176 HIGHEST SLP 30.56 ON 8
DPTR FM NORMAL 147 LOWEST SLP 29.64 ON 31
[REMARKS]
#FINAL-03-20#