000
CXUS51 KPBZ 010830
CF6MGW
PRELIMINARY LOCAL CLIMATOLOGICAL DATA (WS FORM: F-6)
STATION: MORGANTOWN WV
MONTH: NOVEMBER
YEAR: 2023
LATITUDE: 39 39 N
LONGITUDE: 79 55 W
TEMPERATURE IN F: :PCPN: SNOW: WIND :SUNSHINE: SKY :PK WND
================================================================================
1 2 3 4 5 6A 6B 7 8 9 10 11 12 13 14 15 16 17 18
12Z AVG MX 2MIN
DY MAX MIN AVG DEP HDD CDD WTR SNW DPTH SPD SPD DIR MIN PSBL S-S WX SPD DR
================================================================================
1 43 27 35 -15 30 0 T M M 4.8 13 290 M M 7 8 21 320
2 49 24 37 -12 28 0 0.00 M M 3.0 10 220 M M 0 17 210
3 63 28 46 -3 19 0 0.00 M M 4.0 12 220 M M 0 22 210
4 66 41 54 5 11 0 0.00 M M 5.4 14 220 M M 2 21 220
5 64 42 53 5 12 0 0.00 M M 2.5 10 350 M M 2 17 350
6 67 36 52 4 13 0 0.00 M M 4.7 15 210 M M 1 26 200
7 72 47 60 12 5 0 0.00 M M 7.5 15 270 M M 3 24 250
8 72 37 55 8 10 0 0.00 M M 2.6 12 150 M M 0 1 18 130
9 70 41 56 9 9 0 0.32 M M 6.9 14 210 M M 6 1 25 230
10 50 40 45 -2 20 0 0.00 M M 5.4 12 200 M M 5 20 240
11 53 37 45 -1 20 0 0.00 M M 3.2 9 20 M M 4 14 10
12 56 31 44 -2 21 0 0.00 M M 2.4 8 360 M M 1 12 14 10
13 61 30 46 0 19 0 0.00 M M 4.0 14 280 M M 0 23 270
14 58 32 45 0 20 0 0.00 M M 1.6 7 280 M M 0 11 270
15 67 29 48 3 17 0 0.00 M M 2.9 14 230 M M 0 22 220
16 70 34 52 7 13 0 0.00 M M 1.7 9 230 M M 0 14 230
17 69 54 62 18 3 0 0.53 M M 4.9 14 220 M M 7 1 26 200
18 55 31 43 -1 22 0 0.04 M M 5.1 15 360 M M 4 1 22 360
19 55 28 42 -2 23 0 0.00 M M 3.5 12 230 M M 0 18 200
20 52 30 41 -2 24 0 0.00 M M 5.7 14 110 M M 0 26 90
21 52 41 47 4 18 0 0.94 M M 7.6 21 140 M M 10 1 31 130
22 52 40 46 3 19 0 0.05 M M 6.0 13 290 M M 10 18 22 310
23 50 33 42 0 23 0 T M M 5.8 15 200 M M 4 1 25 210
24 43 30 37 -5 28 0 0.00 M M 3.4 14 350 M M 6 12 20 350
25 49 25 37 -5 28 0 0.00 M M 3.6 9 160 M M 0 14 130
26 55 30 43 1 22 0 0.03 M M 4.1 9 230 M M 3 1 16 220
27 47 31 39 -2 26 0 0.05 M M 9.6 18 290 M M 10 30 290
28 32 23 28 -13 37 0 0.02 M M 7.2 15 280 M M 10 1 29 280
29 37 18 28 -13 37 0 0.00 M M 6.1 14 200 M M 3 24 220
30 56 29 43 3 22 0 0.00 M M 5.7 15 200 M M 0 28 200
================================================================================
SM 1685 999 599 0 1.98 M 140.9 M 98
================================================================================
AV 56.2 33.3 4.7 FASTST M M 3 MAX(MPH)
MISC ----> 21 140 31 130
================================================================================
NOTES:
# LAST OF SEVERAL OCCURRENCES
COLUMN 17 PEAK WIND IN M.P.H.
PRELIMINARY LOCAL CLIMATOLOGICAL DATA (WS FORM: F-6) , PAGE 2
STATION: MORGANTOWN WV
MONTH: NOVEMBER
YEAR: 2023
LATITUDE: 39 39 N
LONGITUDE: 79 55 W
[TEMPERATURE DATA] [PRECIPITATION DATA] SYMBOLS USED IN COLUMN 16
AVERAGE MONTHLY: 44.7 TOTAL FOR MONTH: 1.98 1 = FOG OR MIST
DPTR FM NORMAL: -0.2 DPTR FM NORMAL: -1.04 2 = FOG REDUCING VISIBILITY
HIGHEST: 72 ON 8, 7 GRTST 24HR 0.95 ON 21-22 TO 1/4 MILE OR LESS
LOWEST: 18 ON 29 3 = THUNDER
SNOW, ICE PELLETS, HAIL 4 = ICE PELLETS
TOTAL MONTH: M 5 = HAIL
GRTST 24HR M ON M 6 = FREEZING RAIN OR DRIZZLE
GRTST DEPTH: M ON M 7 = DUSTSTORM OR SANDSTORM:
VSBY 1/2 MILE OR LESS
8 = SMOKE OR HAZE
[NO. OF DAYS WITH] [WEATHER - DAYS WITH] 9 = BLOWING SNOW
X = TORNADO
MAX 32 OR BELOW: 1 0.01 INCH OR MORE: 8
MAX 90 OR ABOVE: 0 0.10 INCH OR MORE: 3
MIN 32 OR BELOW: 17 0.50 INCH OR MORE: 2
MIN 0 OR BELOW: 0 1.00 INCH OR MORE: 0
[HDD (BASE 65) ]
TOTAL THIS MO. 599 CLEAR (SCALE 0-3) 15
DPTR FM NORMAL -4 PTCLDY (SCALE 4-7) 11
TOTAL FM JUL 1 908 CLOUDY (SCALE 8-10) 4
DPTR FM NORMAL -83
[CDD (BASE 65) ]
TOTAL THIS MO. 0
DPTR FM NORMAL -1 [PRESSURE DATA]
TOTAL FM JAN 1 884 HIGHEST SLP 30.54 ON 2
DPTR FM NORMAL -45 LOWEST SLP 29.74 ON 26
[REMARKS]
#FINAL-11-23#