000
CXUS53 KTOP 010910
CF6MHK
PRELIMINARY LOCAL CLIMATOLOGICAL DATA (WS FORM: F-6)
STATION: MANHATTAN KS
MONTH: JANUARY
YEAR: 2023
LATITUDE: 39 9 N
LONGITUDE: 96 40 W
TEMPERATURE IN F: :PCPN: SNOW: WIND :SUNSHINE: SKY :PK WND
================================================================================
1 2 3 4 5 6A 6B 7 8 9 10 11 12 13 14 15 16 17 18
12Z AVG MX 2MIN
DY MAX MIN AVG DEP HDD CDD WTR SNW DPTH SPD SPD DIR MIN PSBL S-S WX SPD DR
================================================================================
1 58 24 41 12 24 0 0.00 M M 5.2 14 60 M M 0 1 18 60
2 45 37 41 12 24 0 0.57 M M 8.4 17 60 M M 8 138 21 60
3 42 34 38 9 27 0 0.00 M M 10.5 18 260 M M 10 12 30 280
4 46 27 37 8 28 0 0.00 M M 9.2 17 260 M M 2 25 240
5 46 20 33 4 32 0 0.00 M M 7.0 16 280 M M 0 22 290
6 53 17 35 6 30 0 0.00 M M 6.6 18 120 M M 0 25 120
7 38 20 29 0 36 0 0.00 M M 6.5 17 50 M M 7 23 60
8 51 16 34 5 31 0 0.00 M M 1.3 12 230 M M 0 16 230
9 56 22 39 10 26 0 0.00 M M 3.7 14 220 M M 0 1 19 220
10 60 21 41 12 24 0 0.00 M M 2.0 12 130 M M 0 16 110
11 48 24 36 7 29 0 T M M 6.9 25 40 M M 2 1 34 50
12 34 21 28 -1 37 0 0.04 M M 8.0 20 10 M M 7 1 32 20
13 34 19 27 -2 38 0 0.00 M M 2.3 12 50 M M 5 1 16 50
14 55 19 37 8 28 0 0.00 M M 8.3 21 210 M M 0 28 210
15 59 37 48 19 17 0 0.00 M M 13.2 26 170 M M 1 40 160
16 59 29 44 15 21 0 0.00 M M 11.5 31 220 M M 2 40 220
17 44 22 33 4 32 0 0.00 M M 4.6 10 70 M M 3 1 15 60
18 39 34 37 8 28 0 0.74 M M 10.1 23 50 M M 8 123 29 50
19 37 22 30 1 35 0 0.01 M M 7.5 15 280 M M 8 1 27 280
20 46 18 32 3 33 0 0.00 M M 1.1 8 220 M M 0 11 190
21 35 24 30 1 35 0 0.19 M M 1.6 7 20 M M 8 1 9 20
22 35 17 26 -3 39 0 T M M 2.7 8 280 M M 6 128 12 300
23 42 15 29 -1 36 0 0.00 M M 4.4 15 230 M M 1 128 18 230
24 38 18 28 -2 37 0 0.00 M M 1.7 9 210 M M 5 18 11 230
25 36 17 27 -3 38 0 T M M 5.6 16 340 M M 6 18 29 340
26 36 16 26 -4 39 0 T M M 3.9 13 220 M M 6 18 220
27 51 30 41 11 24 0 0.00 M M 7.4 16 250 M M 3 24 260
28 50 16 33 3 32 0 0.00 M M 8.7 21 30 M M 4 31 20
29 18 10 14 -16 51 0 T M M 12.2 18 30 M M 9 28 10
30 20 11 16 -14 49 0 0.00 M M 9.7 16 20 M M 8 24 10
31 28 4 16 -14 49 0 0.00 M M 1.8 12 210 M M 1 15 220
================================================================================
SM 1339 661 1009 0 1.55 M 193.6 M 120
================================================================================
AV 43.2 21.3 6.2 FASTST M M 4 MAX(MPH)
MISC ----> 31 220 # 40 160
================================================================================
NOTES:
# LAST OF SEVERAL OCCURRENCES
COLUMN 17 PEAK WIND IN M.P.H.
PRELIMINARY LOCAL CLIMATOLOGICAL DATA (WS FORM: F-6) , PAGE 2
STATION: MANHATTAN KS
MONTH: JANUARY
YEAR: 2023
LATITUDE: 39 9 N
LONGITUDE: 96 40 W
[TEMPERATURE DATA] [PRECIPITATION DATA] SYMBOLS USED IN COLUMN 16
AVERAGE MONTHLY: 32.3 TOTAL FOR MONTH: 1.55 1 = FOG OR MIST
DPTR FM NORMAL: 2.9 DPTR FM NORMAL: 0.90 2 = FOG REDUCING VISIBILITY
HIGHEST: 60 ON 10 GRTST 24HR 0.74 ON 18-18 TO 1/4 MILE OR LESS
LOWEST: 4 ON 31 3 = THUNDER
SNOW, ICE PELLETS, HAIL 4 = ICE PELLETS
TOTAL MONTH: M 5 = HAIL
GRTST 24HR M ON M 6 = FREEZING RAIN OR DRIZZLE
GRTST DEPTH: M ON M 7 = DUSTSTORM OR SANDSTORM:
VSBY 1/2 MILE OR LESS
8 = SMOKE OR HAZE
[NO. OF DAYS WITH] [WEATHER - DAYS WITH] 9 = BLOWING SNOW
X = TORNADO
MAX 32 OR BELOW: 3 0.01 INCH OR MORE: 5
MAX 90 OR ABOVE: 0 0.10 INCH OR MORE: 3
MIN 32 OR BELOW: 27 0.50 INCH OR MORE: 2
MIN 0 OR BELOW: 0 1.00 INCH OR MORE: 0
[HDD (BASE 65) ]
TOTAL THIS MO. 1009 CLEAR (SCALE 0-3) 15
DPTR FM NORMAL -94 PTCLDY (SCALE 4-7) 12
TOTAL FM JUL 1 3089 CLOUDY (SCALE 8-10) 4
DPTR FM NORMAL -64
[CDD (BASE 65) ]
TOTAL THIS MO. 0
DPTR FM NORMAL 0 [PRESSURE DATA]
TOTAL FM JAN 1 0 HIGHEST SLP 30.60 ON 30
DPTR FM NORMAL 0 LOWEST SLP 29.29 ON 16
[REMARKS]
#FINAL-01-23#