000
CXUS53 KTOP 032355
CF6MHK
PRELIMINARY LOCAL CLIMATOLOGICAL DATA (WS FORM: F-6)
STATION: MANHATTAN KS
MONTH: DECEMBER
YEAR: 2023
LATITUDE: 39 9 N
LONGITUDE: 96 40 W
TEMPERATURE IN F: :PCPN: SNOW: WIND :SUNSHINE: SKY :PK WND
================================================================================
1 2 3 4 5 6A 6B 7 8 9 10 11 12 13 14 15 16 17 18
12Z AVG MX 2MIN
DY MAX MIN AVG DEP HDD CDD WTR SNW DPTH SPD SPD DIR MIN PSBL S-S WX SPD DR
================================================================================
1 38 21 30 -6 35 0 0.13 M M 4.5 16 30 M M 7 12 25 30
2 33 17 25 -11 40 0 0.00 M M 1.5 10 230 M M 6 1 15 250
3 47 25 36 0 29 0 0.01 M M 3.7 15 300 M M 5 1 27 290
4 57 24 41 5 24 0 T M M 7.0 18 230 M M 2 1 27 210
5 51 24 38 3 27 0 0.00 M M 4.6 13 270 M M 0 21 340
6 61 24 43 8 22 0 0.00 M M 7.3 23 210 M M 0 32 200
7 67 38 53 19 12 0 0.00 M M 11.5 29 210 M M 0 41 210
8 61 30 46 12 19 0 0.00 M M 4.7 20 40 M M 2 12 26 40
9 50 23 37 3 28 0 0.00 M M 7.5 17 330 M M 1 31 360
10 50 19 35 1 30 0 0.00 M M 6.6 14 220 M M 0 19 230
11 56 21 39 6 26 0 0.00 M M 3.4 10 260 M M 0 15 260
12 46 24 35 2 30 0 0.00 M M 8.7 16 60 M M 1 22 60
13 52 28 40 7 25 0 0.00 M M 3.3 9 30 M M 0 12 90
14 54 28 41 9 24 0 0.00 M M 2.0 12 210 M M 4 16 180
15 46 40 43 11 22 0 0.61 M M 3.3 8 70 M M 10 1 10 90
16 48 27 38 6 27 0 0.00 M M 4.9 14 290 M M 9 1 22 280
17 57 22 40 8 25 0 0.00 M M 2.8 10 350 M M 0 1 17 360
18 43 21 32 1 33 0 0.00 M M 2.7 10 310 M M 0 19 340
19 55 23 39 8 26 0 0.00 M M 10.9 30 210 M M 0 42 200
20 58 33 46 15 19 0 0.00 M M 5.7 16 210 M M 2 21 220
21 58 49 54 23 11 0 0.11 M M 4.6 15 210 M M 10 12 19 200
22 55 32 44 13 21 0 0.15 M M 2.3 12 260 M M 9 12 15 250
23 60 30 45 15 20 0 T M M 7.7 24 170 M M 9 12 34 170
24 60 36 48 18 17 0 1.08 M M 8.9 22 170 M M 10 13 31 170
25 36 29 33 3 32 0 0.10 M M 8.9 15 270 M M 10 18 25 280
26 33 29 31 1 34 0 0.09 M M 7.6 15 220 M M 10 1 20 220
27 35 29 32 2 33 0 0.01 M M 7.6 14 340 M M 10 1 25 280
28 41 25 33 3 32 0 0.00 M M 5.4 10 290 M M 7 19 350
29 48 27 38 8 27 0 0.00 M M 4.2 10 340 M M 3 19 330
30 54 24 39 9 26 0 0.00 M M 3.9 12 270 M M 0 16 290
31 34 28 31 1 34 0 0.00 M M 6.2 15 20 M M 9 24 20
================================================================================
SM 1544 850 810 0 2.29 M 173.9 M 136
================================================================================
AV 49.8 27.4 5.6 FASTST M M 4 MAX(MPH)
MISC ----> 30 210 42 200
================================================================================
NOTES:
# LAST OF SEVERAL OCCURRENCES
COLUMN 17 PEAK WIND IN M.P.H.
PRELIMINARY LOCAL CLIMATOLOGICAL DATA (WS FORM: F-6) , PAGE 2
STATION: MANHATTAN KS
MONTH: DECEMBER
YEAR: 2023
LATITUDE: 39 9 N
LONGITUDE: 96 40 W
[TEMPERATURE DATA] [PRECIPITATION DATA] SYMBOLS USED IN COLUMN 16
AVERAGE MONTHLY: 38.6 TOTAL FOR MONTH: 2.29 1 = FOG OR MIST
DPTR FM NORMAL: 6.3 DPTR FM NORMAL: 1.23 2 = FOG REDUCING VISIBILITY
HIGHEST: 67 ON 7 GRTST 24HR 1.09 ON 24-25 TO 1/4 MILE OR LESS
LOWEST: 17 ON 2 3 = THUNDER
SNOW, ICE PELLETS, HAIL 4 = ICE PELLETS
TOTAL MONTH: M 5 = HAIL
GRTST 24HR M ON M 6 = FREEZING RAIN OR DRIZZLE
GRTST DEPTH: M ON M 7 = DUSTSTORM OR SANDSTORM:
VSBY 1/2 MILE OR LESS
8 = SMOKE OR HAZE
[NO. OF DAYS WITH] [WEATHER - DAYS WITH] 9 = BLOWING SNOW
X = TORNADO
MAX 32 OR BELOW: 0 0.01 INCH OR MORE: 9
MAX 90 OR ABOVE: 0 0.10 INCH OR MORE: 6
MIN 32 OR BELOW: 26 0.50 INCH OR MORE: 2
MIN 0 OR BELOW: 0 1.00 INCH OR MORE: 1
[HDD (BASE 65) ]
TOTAL THIS MO. 810 CLEAR (SCALE 0-3) 16
DPTR FM NORMAL -204 PTCLDY (SCALE 4-7) 5
TOTAL FM JUL 1 1673 CLOUDY (SCALE 8-10) 10
DPTR FM NORMAL -373
[CDD (BASE 65) ]
TOTAL THIS MO. 0
DPTR FM NORMAL 0 [PRESSURE DATA]
TOTAL FM JAN 1 1833 HIGHEST SLP 30.64 ON 13
DPTR FM NORMAL 344 LOWEST SLP 29.51 ON 7
[REMARKS]
#FINAL-12-23#