000
CXUS51 KGYX 010900
CF6MHT
PRELIMINARY LOCAL CLIMATOLOGICAL DATA (WS FORM: F-6)
STATION: MANCHESTER
MONTH: MARCH
YEAR: 2022
LATITUDE: 42 55 N
LONGITUDE: 71 26 W
TEMPERATURE IN F: :PCPN: SNOW: WIND :SUNSHINE: SKY :PK WND
================================================================================
1 2 3 4 5 6A 6B 7 8 9 10 11 12 13 14 15 16 17 18
12Z AVG MX 2MIN
DY MAX MIN AVG DEP HDD CDD WTR SNW DPTH SPD SPD DIR MIN PSBL S-S WX SPD DR
================================================================================
1 37 7 22 -10 43 0 0.08 0.3 4 4.1 15 170 M M 8 1 21 180
2 39 29 34 2 31 0 T 0.0 4 5.8 18 330 M M 7 12 24 320
3 35 16 26 -6 39 0 T 0.3 4 12.2 25 290 M M 6 1 36 290
4 34 8 21 -12 44 0 0.00 0.0 4 4.2 14 290 M M 0 18 280
5 41 13 27 -6 38 0 0.00 0.0 3 4.2 14 300 M M 6 19 300
6 65 35 50 17 15 0 0.01 0.0 3 7.5 20 240 M M 7 1 30 230
7 61 44 53 19 12 0 0.37 0.0 0 5.9 24 280 M M 8 12 41 280
8 47 29 38 4 27 0 0.00 0.0 0 13.7 31 290 M M 5 44 300
9 37 27 32 -2 33 0 0.24 4.5 0 2.4 9 180 M M 10 12 12 180
10 51 20 36 2 29 0 0.00 0.0 5 2.5 14 290 M M 5 1 18 300
11 54 27 41 6 24 0 0.00 0.0 0 4.6 17 140 M M 6 20 140
12 41 22 32 -3 33 0 0.33 0.3 0 12.2 33 320 M M 10 128 48 330
13 34 21 28 -7 37 0 0.00 0.0 0 12.4 24 280 M M 4 37 280
14 51 28 40 4 25 0 0.00 0.0 0 6.7 17 300 M M 7 25 300
15 55 40 48 12 17 0 0.06 0.0 0 5.0 14 110 M M 10 17 110
16 58 37 48 12 17 0 T 0.0 0 5.3 14 140 M M 5 16 140
17 57 39 48 11 17 0 T 0.0 0 5.2 12 160 M M 8 16 190
18 74 48 61 24 4 0 0.00 0.0 0 3.6 14 280 M M 8 1 19 290
19 56 44 50 13 15 0 0.22 0.0 0 7.3 18 280 M M 10 18 29 290
20 62 38 50 12 15 0 0.00 0.0 0 8.9 21 330 M M 8 12 29 310
21 56 41 49 11 16 0 0.00 0.0 0 14.2 28 290 M M 4 8 41 300
22 49 34 42 4 23 0 0.00 0.0 0 16.0 31 330 M M 1 8 43 320
23 50 31 41 2 24 0 T 0.0 0 6.1 14 140 M M 5 20 320
24 43 38 41 2 24 0 0.58 0.0 0 6.8 15 360 M M 10 148 19 100
25 61 37 49 9 16 0 0.34 0.0 0 5.9 16 300 M M 9 1 21 300
26 54 41 48 8 17 0 T 0.0 0 6.0 14 260 M M 8 24 230
27 48 31 40 0 25 0 T T 0 9.6 22 290 M M 7 28 230
28 31 18 25 -16 40 0 T 0.1 0 15.9 24 320 M M 8 1 35 300
29 37 18 28 -13 37 0 0.00 0.0 0 16.4 29 320 M M 3 8 38 320
30 48 28 38 -3 27 0 0.00 0.0 0 9.3 23 300 M M 5 31 300
31 65 40 53 11 12 0 0.21 0.0 0 8.1 22 240 M M 10 18 32 240
================================================================================
SM 1531 929 776 0 2.44 5.5 248.0 M 208
================================================================================
AV 49.4 30.0 8.0 FASTST M M 7 MAX(MPH)
MISC ----> 33 320 48 330
================================================================================
NOTES:
# LAST OF SEVERAL OCCURRENCES
COLUMN 17 PEAK WIND IN M.P.H.
PRELIMINARY LOCAL CLIMATOLOGICAL DATA (WS FORM: F-6) , PAGE 2
STATION: MANCHESTER
MONTH: MARCH
YEAR: 2022
LATITUDE: 42 55 N
LONGITUDE: 71 26 W
[TEMPERATURE DATA] [PRECIPITATION DATA] SYMBOLS USED IN COLUMN 16
AVERAGE MONTHLY: 39.7 TOTAL FOR MONTH: 2.44 1 = FOG OR MIST
DPTR FM NORMAL: 3.2 DPTR FM NORMAL: -1.01 2 = FOG REDUCING VISIBILITY
HIGHEST: 74 ON 18 GRTST 24HR 0.80 ON 24-25 TO 1/4 MILE OR LESS
LOWEST: 7 ON 1 3 = THUNDER
SNOW, ICE PELLETS, HAIL 4 = ICE PELLETS
TOTAL MONTH: 5.5 INCHES 5 = HAIL
GRTST 24HR 4.5 ON 9- 9 6 = FREEZING RAIN OR DRIZZLE
GRTST DEPTH: 5 ON 10 7 = DUSTSTORM OR SANDSTORM:
VSBY 1/2 MILE OR LESS
8 = SMOKE OR HAZE
[NO. OF DAYS WITH] [WEATHER - DAYS WITH] 9 = BLOWING SNOW
X = TORNADO
MAX 32 OR BELOW: 1 0.01 INCH OR MORE: 10
MAX 90 OR ABOVE: 0 0.10 INCH OR MORE: 7
MIN 32 OR BELOW: 17 0.50 INCH OR MORE: 1
MIN 0 OR BELOW: 0 1.00 INCH OR MORE: 0
[HDD (BASE 65) ]
TOTAL THIS MO. 776 CLEAR (SCALE 0-3) 3
DPTR FM NORMAL -108 PTCLDY (SCALE 4-7) 17
TOTAL FM JUL 1 4859 CLOUDY (SCALE 8-10) 11
DPTR FM NORMAL -535
[CDD (BASE 65) ]
TOTAL THIS MO. 0
DPTR FM NORMAL 0 [PRESSURE DATA]
TOTAL FM JAN 1 0 HIGHEST SLP 30.56 ON 4
DPTR FM NORMAL 0 LOWEST SLP 29.10 ON 12
[REMARKS]
#FINAL-03-22#