000
CXUS51 KGYX 012225
CF6MHT
PRELIMINARY LOCAL CLIMATOLOGICAL DATA (WS FORM: F-6)
STATION: MANCHESTER
MONTH: MAY
YEAR: 2021
LATITUDE: 42 55 N
LONGITUDE: 71 26 W
TEMPERATURE IN F: :PCPN: SNOW: WIND :SUNSHINE: SKY :PK WND
================================================================================
1 2 3 4 5 6A 6B 7 8 9 10 11 12 13 14 15 16 17 18
12Z AVG MX 2MIN
DY MAX MIN AVG DEP HDD CDD WTR SNW DPTH SPD SPD DIR MIN PSBL S-S WX SPD DR
================================================================================
1 60 41 51 -3 14 0 0.03 0.0 0 12.5 26 290 M M 6 36 320
2 74 49 62 7 3 0 0.00 0.0 0 7.9 21 300 M M 8 31 290
3 70 48 59 4 6 0 0.08 0.0 0 5.1 16 90 M M 9 20 90
4 61 48 55 0 10 0 0.11 0.0 0 6.5 16 40 M M 10 1 19 30
5 52 46 49 -7 16 0 0.89 0.0 0 4.1 9 50 M M 10 18 13 30
6 65 49 57 1 8 0 T 0.0 0 10.6 24 310 M M 6 33 320
7 62 44 53 -3 12 0 0.00 0.0 0 7.5 18 130 M M 7 24 140
8 59 42 51 -6 14 0 0.00 0.0 0 4.9 13 250 M M 9 17 40
9 66 48 57 0 8 0 0.00 0.0 0 7.0 17 300 M M 6 23 300
10 65 49 57 0 8 0 0.16 0.0 0 5.4 13 340 M M 9 1 16 360
11 63 50 57 -1 8 0 0.00 0.0 0 10.3 21 320 M M 6 30 250
12 66 46 56 -2 9 0 T 0.0 0 9.2 25 350 M M 5 31 350
13 72 42 57 -1 8 0 0.00 0.0 0 4.7 18 10 M M 4 24 10
14 78 43 61 3 4 0 0.00 0.0 0 4.2 22 310 M M 4 29 310
15 80 48 64 5 1 0 0.00 0.0 0 5.9 23 150 M M 4 27 130
16 79 52 66 7 0 1 0.00 0.0 0 5.6 26 350 M M 7 30 350
17 79 53 66 7 0 1 0.00 0.0 0 4.0 13 240 M M 3 17 250
18 83 51 67 7 0 2 0.00 0.0 0 6.4 20 340 M M 7 26 340
19 85 58 72 12 0 7 0.00 0.0 0 6.3 18 150 M M 5 24 350
20 82 52 67 7 0 2 0.00 0.0 0 5.2 17 130 M M 3 21 130
21 88 56 72 12 0 7 T 0.0 0 5.7 14 180 M M 7 18 150
22 91 66 79 18 0 14 T 0.0 0 4.6 20 310 M M 9 29 310
23 88 58 73 12 0 8 T 0.0 0 10.0 31 350 M M 5 39 340
24 72 52 62 1 3 0 0.00 0.0 0 7.4 21 140 M M 6 23 140
25 82 51 67 5 0 2 0.00 0.0 0 10.4 20 190 M M 5 24 190
26 94 66 80 18 0 15 0.14 0.0 0 9.0 28 300 M M 7 3 37 280
27 79 56 68 6 0 3 T 0.0 0 11.2 23 340 M M 7 32 340
28 62 46 54 -8 11 0 0.42 0.0 0 6.8 22 340 M M 9 1 28 340
29 49 44 47 -16 18 0 0.51 0.0 0 9.7 17 30 M M 10 18 27 30
30 51 46 49 -14 16 0 0.66 0.0 0 9.2 17 60 M M 10 18 23 50
31 62 49 56 -7 9 0 0.43 0.0 0 7.9 17 340 M M 9 1 22 310
================================================================================
SM 2219 1549 186 62 3.43 0.0 225.2 M 212
================================================================================
AV 71.6 50.0 7.3 FASTST M M 7 MAX(MPH)
MISC ----> 31 350 39 340
================================================================================
NOTES:
# LAST OF SEVERAL OCCURRENCES
COLUMN 17 PEAK WIND IN M.P.H.
PRELIMINARY LOCAL CLIMATOLOGICAL DATA (WS FORM: F-6) , PAGE 2
STATION: MANCHESTER
MONTH: MAY
YEAR: 2021
LATITUDE: 42 55 N
LONGITUDE: 71 26 W
[TEMPERATURE DATA] [PRECIPITATION DATA] SYMBOLS USED IN COLUMN 16
AVERAGE MONTHLY: 60.8 TOTAL FOR MONTH: 3.43 1 = FOG OR MIST
DPTR FM NORMAL: 1.9 DPTR FM NORMAL: 0.05 2 = FOG REDUCING VISIBILITY
HIGHEST: 94 ON 26 GRTST 24HR 1.08 ON 30-31 TO 1/4 MILE OR LESS
LOWEST: 41 ON 1 3 = THUNDER
SNOW, ICE PELLETS, HAIL 4 = ICE PELLETS
TOTAL MONTH: 0.0 INCH 5 = HAIL
GRTST 24HR 0.0 6 = FREEZING RAIN OR DRIZZLE
GRTST DEPTH: 0 7 = DUSTSTORM OR SANDSTORM:
VSBY 1/2 MILE OR LESS
8 = SMOKE OR HAZE
[NO. OF DAYS WITH] [WEATHER - DAYS WITH] 9 = BLOWING SNOW
X = TORNADO
MAX 32 OR BELOW: 0 0.01 INCH OR MORE: 10
MAX 90 OR ABOVE: 2 0.10 INCH OR MORE: 8
MIN 32 OR BELOW: 0 0.50 INCH OR MORE: 3
MIN 0 OR BELOW: 0 1.00 INCH OR MORE: 0
[HDD (BASE 65) ]
TOTAL THIS MO. 186 CLEAR (SCALE 0-3) 0
DPTR FM NORMAL -36 PTCLDY (SCALE 4-7) 21
TOTAL FM JUL 1 5597 CLOUDY (SCALE 8-10) 10
DPTR FM NORMAL -527
[CDD (BASE 65) ]
TOTAL THIS MO. 62
DPTR FM NORMAL 29 [PRESSURE DATA]
TOTAL FM JAN 1 62 HIGHEST SLP 30.52 ON 21
DPTR FM NORMAL 24 LOWEST SLP 29.50 ON 1
[REMARKS]
#FINAL-05-21#