000
CXUS53 KIND 010600
CF6MIE
PRELIMINARY LOCAL CLIMATOLOGICAL DATA (WS FORM: F-6)
STATION: MUNCIE IN
MONTH: AUGUST
YEAR: 2021
LATITUDE: 40 13 N
LONGITUDE: 85 23 W
TEMPERATURE IN F: :PCPN: SNOW: WIND :SUNSHINE: SKY :PK WND
================================================================================
1 2 3 4 5 6A 6B 7 8 9 10 11 12 13 14 15 16 17 18
12Z AVG MX 2MIN
DY MAX MIN AVG DEP HDD CDD WTR SNW DPTH SPD SPD DIR MIN PSBL S-S WX SPD DR
================================================================================
1 80 59 70 -5 0 5 0.06 M M 8.1 20 360 M M 2 18 32 350
2 80 54 67 -8 0 2 0.00 M M 4.0 13 60 M M 1 18 17 80
3 82 54 68 -7 0 3 0.00 M M 3.3 10 50 M M 2 17 20
4 84 54 69 -6 0 4 0.00 M M 2.2 10 90 M M 1 15 70
5 85 56 71 -4 0 6 0.00 M M 2.6 12 60 M M 1 16 130
6 85 63 74 -1 0 9 0.00 M M 6.8 15 210 M M 1 25 260
7 89 67 78 3 0 13 0.00 M M 6.8 14 260 M M 3 20 260
8 89 71 80 6 0 15 0.00 M M 7.5 17 190 M M 1 29 200
9 83 75 79 5 0 14 0.03 M M 9.9 16 190 M M 3 25 240
10 92 76 84 10 0 19 0.00 M M 11.0 17 210 M M 3 3 26 220
11 92 76 84 10 0 19 0.18 M M 9.3 26 280 M M 1 38 39 280
12 92 74 83 9 0 18 T M M 8.1 18 280 M M 1 25 270
13 86 72 79 5 0 14 T M M 5.2 20 10 M M 2 1 30 360
14 82 62 72 -2 0 7 0.00 M M 6.4 13 50 M M 3 18 20
15 82 56 69 -5 0 4 0.00 M M 8.6 17 70 M M 2 24 100
16 80 64 72 -2 0 7 0.03 M M 5.4 10 50 M M 7 18 15 110
17 86 68 77 3 0 12 0.00 M M 4.3 10 90 M M 6 18 14 110
18 89 66 78 4 0 13 0.63 M M 2.7 18 70 M M 5 123 24 70
19 87 68 78 4 0 13 0.24 M M 1.4 18 120 M M 2 1238 22 120
20 88 66 77 3 0 12 0.03 M M 3.5 14 170 M M 3 128 21 180
21 90 67 79 6 0 14 0.00 M M 2.4 12 130 M M 1 18 16 130
22 91 68 80 7 0 15 0.00 M M 2.3 10 320 M M 0 18 14 350
23 90 69 80 7 0 15 0.00 M M 2.8 12 290 M M 2 128 18 300
24 94 71 83 10 0 18 0.00 M M 5.5 13 220 M M 2 19 210
25 87 74 81 8 0 16 T M M 5.9 15 240 M M 3 22 230
26 92 71 82 9 0 17 0.19 M M 3.9 16 300 M M 2 3 26 220
27 93 70 82 9 0 17 T M M 4.7 17 190 M M 1 13 28 180
28 92 74 83 11 0 18 0.00 M M 5.3 13 270 M M 2 18 220
29 92 70 81 9 0 16 1.30 M M 8.1 31 290 M M 2 13 48 250
30 84 72 78 6 0 13 M M M 5.3 21 10 M M 6 13 27 10
31 83 70 77 5 0 12 0.01 M M 7.3 14 90 M M 6 20 40
================================================================================
SM 2701 2077 0 380 2.70 M 170.6 M 77
================================================================================
AV 87.1 67.0 5.5 FASTST M M 2 MAX(MPH)
MISC ----> 31 290 48 250
================================================================================
NOTES:
# LAST OF SEVERAL OCCURRENCES
COLUMN 17 PEAK WIND IN M.P.H.
PRELIMINARY LOCAL CLIMATOLOGICAL DATA (WS FORM: F-6) , PAGE 2
STATION: MUNCIE IN
MONTH: AUGUST
YEAR: 2021
LATITUDE: 40 13 N
LONGITUDE: 85 23 W
[TEMPERATURE DATA] [PRECIPITATION DATA] SYMBOLS USED IN COLUMN 16
AVERAGE MONTHLY: 77.1 TOTAL FOR MONTH: 2.70 1 = FOG OR MIST
DPTR FM NORMAL: 3.4 DPTR FM NORMAL: -0.68 2 = FOG REDUCING VISIBILITY
HIGHEST: 94 ON 24 GRTST 24HR 2.52 ON 29-30 TO 1/4 MILE OR LESS
LOWEST: 54 ON 4, 3 3 = THUNDER
SNOW, ICE PELLETS, HAIL 4 = ICE PELLETS
TOTAL MONTH: M 5 = HAIL
GRTST 24HR M ON M 6 = FREEZING RAIN OR DRIZZLE
GRTST DEPTH: M ON M 7 = DUSTSTORM OR SANDSTORM:
VSBY 1/2 MILE OR LESS
8 = SMOKE OR HAZE
[NO. OF DAYS WITH] [WEATHER - DAYS WITH] 9 = BLOWING SNOW
X = TORNADO
MAX 32 OR BELOW: 0 0.01 INCH OR MORE: 10
MAX 90 OR ABOVE: 11 0.10 INCH OR MORE: 5
MIN 32 OR BELOW: 0 0.50 INCH OR MORE: 2
MIN 0 OR BELOW: 0 1.00 INCH OR MORE: 1
[HDD (BASE 65) ]
TOTAL THIS MO. 0 CLEAR (SCALE 0-3) 25
DPTR FM NORMAL -4 PTCLDY (SCALE 4-7) 6
TOTAL FM JUL 1 0 CLOUDY (SCALE 8-10) 0
DPTR FM NORMAL -1
[CDD (BASE 65) ]
TOTAL THIS MO. 380
DPTR FM NORMAL 105 [PRESSURE DATA]
TOTAL FM JAN 1 1173 HIGHEST SLP M ON M
DPTR FM NORMAL 164 LOWEST SLP 29.72 ON 31
[REMARKS]
#FINAL-08-21#