000
CXUS53 KEAX 010736
CF6MKC
PRELIMINARY LOCAL CLIMATOLOGICAL DATA (WS FORM: F-6)
STATION: DOWNTOWN KANSAS CITY MO
MONTH: SEPTEMBER
YEAR: 2022
LATITUDE: 39 7 N
LONGITUDE: 94 36 W
TEMPERATURE IN F: :PCPN: SNOW: WIND :SUNSHINE: SKY :PK WND
================================================================================
1 2 3 4 5 6A 6B 7 8 9 10 11 12 13 14 15 16 17 18
12Z AVG MX 2MIN
DY MAX MIN AVG DEP HDD CDD WTR SNW DPTH SPD SPD DIR MIN PSBL S-S WX SPD DR
================================================================================
1 91 69 80 4 0 15 0.00 M M 5.0 12 150 M M 0 17 160
2 89 69 79 4 0 14 0.00 M M 6.9 17 220 M M 0 23 200
3 85 67 76 1 0 11 0.00 M M 5.5 15 340 M M 4 19 330
4 84 66 75 0 0 10 0.00 M M 6.7 14 50 M M 6 1 20 80
5 79 65 72 -2 0 7 0.00 M M 4.4 9 10 M M 5 1 12 60
6 85 66 76 2 0 11 0.00 M M 4.3 10 30 M M 1 1 16 30
7 86 65 76 2 0 11 0.00 M M 4.3 12 70 M M 0 19 100
8 87 65 76 2 0 11 0.00 M M 5.1 13 150 M M 0 17 160
9 90 65 78 5 0 13 0.00 M M 6.2 14 140 M M 0 19 140
10 75 58 67 -6 0 2 0.69 M M 8.1 17 350 M M 7 1 23 330
11 76 56 66 -6 0 1 0.00 M M 6.8 18 330 M M 2 30 350
12 83 53 68 -4 0 3 0.00 M M 5.5 16 260 M M 0 23 340
13 90 59 75 3 0 10 0.00 M M 5.6 15 150 M M 0 23 150
14 89 65 77 6 0 12 0.00 M M 7.3 16 150 M M 0 23 200
15 85 65 75 4 0 10 0.00 M M 8.6 18 160 M M 0 28 160
16 82 65 74 3 0 9 T M M 9.2 18 160 M M 3 28 160
17 92 70 81 11 0 16 T M M 12.1 18 170 M M 1 29 160
18 97 74 86 16 0 21 T M M 10.6 23 210 M M 1 33 210
19 99 76 88 18 0 23 0.00 M M 10.1 18 220 M M 0 8 26 230
20 99 74 87 18 0 22 0.00 M M 12.7 25 220 M M 0 33 210
21 86 60 73 4 0 8 T M M 10.1 28 360 M M 2 35 10
22 67 59 63 -5 2 0 T M M 7.7 14 30 M M 1 19 60
23 68 56 62 -6 3 0 0.01 M M 6.8 13 120 M M 7 1 20 100
24 89 53 71 3 0 6 0.00 M M 3.5 15 280 M M 0 1 22 30
25 80 56 68 1 0 3 0.00 M M 7.9 24 320 M M 0 33 340
26 74 50 62 -5 3 0 0.00 M M 4.9 18 350 M M 0 32 330
27 82 51 67 1 0 2 0.00 M M 4.7 14 60 M M 1 20 60
28 72 52 62 -4 3 0 0.00 M M 8.0 15 60 M M 0 23 30
29 74 48 61 -5 4 0 0.00 M M 6.9 16 130 M M 0 23 130
30 77 51 64 -1 1 0 0.00 M M 5.9 13 120 M M 0 19 130
================================================================================
SM 2512 1848 16 251 0.70 M 211.4 M 41
================================================================================
AV 83.7 61.6 7.0 FASTST M M 1 MAX(MPH)
MISC ----> 28 360 35 10
================================================================================
NOTES:
# LAST OF SEVERAL OCCURRENCES
COLUMN 17 PEAK WIND IN M.P.H.
PRELIMINARY LOCAL CLIMATOLOGICAL DATA (WS FORM: F-6) , PAGE 2
STATION: DOWNTOWN KANSAS CITY MO
MONTH: SEPTEMBER
YEAR: 2022
LATITUDE: 39 7 N
LONGITUDE: 94 36 W
[TEMPERATURE DATA] [PRECIPITATION DATA] SYMBOLS USED IN COLUMN 16
AVERAGE MONTHLY: 72.7 TOTAL FOR MONTH: 0.70 1 = FOG OR MIST
DPTR FM NORMAL: 2.0 DPTR FM NORMAL: -3.08 2 = FOG REDUCING VISIBILITY
HIGHEST: 99 ON 20,19 GRTST 24HR 0.69 ON 10-10 TO 1/4 MILE OR LESS
LOWEST: 48 ON 29 3 = THUNDER
SNOW, ICE PELLETS, HAIL 4 = ICE PELLETS
TOTAL MONTH: M 5 = HAIL
GRTST 24HR M ON M 6 = FREEZING RAIN OR DRIZZLE
GRTST DEPTH: M ON M 7 = DUSTSTORM OR SANDSTORM:
VSBY 1/2 MILE OR LESS
8 = SMOKE OR HAZE
[NO. OF DAYS WITH] [WEATHER - DAYS WITH] 9 = BLOWING SNOW
X = TORNADO
MAX 32 OR BELOW: 0 0.01 INCH OR MORE: 2
MAX 90 OR ABOVE: 7 0.10 INCH OR MORE: 1
MIN 32 OR BELOW: 0 0.50 INCH OR MORE: 1
MIN 0 OR BELOW: 0 1.00 INCH OR MORE: 0
[HDD (BASE 65) ]
TOTAL THIS MO. 16 CLEAR (SCALE 0-3) 25
DPTR FM NORMAL -19 PTCLDY (SCALE 4-7) 5
TOTAL FM JUL 1 16 CLOUDY (SCALE 8-10) 0
DPTR FM NORMAL -18
[CDD (BASE 65) ]
TOTAL THIS MO. 251
DPTR FM NORMAL 45 [PRESSURE DATA]
TOTAL FM JAN 1 1813 HIGHEST SLP M ON M
DPTR FM NORMAL 151 LOWEST SLP 29.77 ON 9
[REMARKS]
#FINAL-09-22#