000
CXUS53 KGRR 010910
CF6MKG
PRELIMINARY LOCAL CLIMATOLOGICAL DATA (WS FORM: F-6)
STATION: MUSKEGON
MONTH: MARCH
YEAR: 2022
LATITUDE: 43 10 N
LONGITUDE: 86 14 W
TEMPERATURE IN F: :PCPN: SNOW: WIND :SUNSHINE: SKY :PK WND
================================================================================
1 2 3 4 5 6A 6B 7 8 9 10 11 12 13 14 15 16 17 18
12Z AVG MX 2MIN
DY MAX MIN AVG DEP HDD CDD WTR SNW DPTH SPD SPD DIR MIN PSBL S-S WX SPD DR
================================================================================
1 44 27 36 5 29 0 0.00 0.0 T 8.6 15 330 M M 4 21 270
2 39 22 31 0 34 0 T T 0 6.3 18 360 M M 6 18 28 10
3 32 16 24 -8 41 0 0.00 0.0 0 7.0 18 20 M M 4 27 30
4 41 15 28 -4 37 0 0.00 0.0 0 3.4 12 100 M M 5 16 100
5 68 35 52 20 13 0 0.04 0.0 0 15.6 31 190 M M 6 51 190
6 55 35 45 13 20 0 0.02 0.0 0 15.5 37 200 M M 9 59 200
7 37 32 35 2 30 0 0.20 2.4 1 9.5 22 320 M M 10 1 31 330
8 37 30 34 1 31 0 0.00 0.0 0 10.4 21 200 M M 7 28 220
9 38 30 34 1 31 0 0.00 0.0 0 10.3 20 290 M M 4 27 300
10 31 21 26 -8 39 0 T T 0 7.8 14 320 M M 8 8 21 320
11 34 20 27 -7 38 0 0.01 0.1 T 12.1 25 290 M M 8 18 38 290
12 24 15 20 -14 45 0 0.02 0.4 T 12.2 22 330 M M 9 18 33 290
13 41 24 33 -2 32 0 0.17 1.7 1 13.1 24 200 M M 6 128 34 210
14 50 29 40 5 25 0 0.00 0.0 T 6.6 20 180 M M 8 18 26 180
15 52 30 41 6 24 0 0.00 0.0 0 6.1 13 110 M M 6 20 90
16 66 28 47 11 18 0 0.00 0.0 0 8.6 22 190 M M 6 18 31 200
17 62 47 55 19 10 0 T 0.0 0 7.3 18 210 M M 7 26 220
18 50 41 46 10 19 0 0.09 0.0 0 12.8 24 70 M M 10 1 34 60
19 43 37 40 3 25 0 0.07 0.0 0 7.5 17 320 M M 10 1 25 320
20 52 27 40 3 25 0 0.00 0.0 0 4.2 14 210 M M 1 12 17 210
21 68 32 50 13 15 0 0.00 0.0 0 7.8 21 70 M M 6 29 90
22 48 41 45 7 20 0 0.04 0.0 0 17.3 26 90 M M 8 40 100
23 50 42 46 8 19 0 0.40 0.0 0 14.9 29 100 M M 10 1 43 90
24 47 34 41 3 24 0 0.36 0.8 0 10.8 24 190 M M 10 1 38 180
25 47 34 41 2 24 0 0.22 T 0 12.2 21 280 M M 10 1 30 270
26 35 26 31 -8 34 0 0.05 0.5 T 16.3 25 320 M M 10 18 37 330
27 28 23 26 -13 39 0 T T T 13.9 25 340 M M 9 8 35 290
28 32 14 23 -17 42 0 T T 0 7.7 18 280 M M 3 26 290
29 43 16 30 -10 35 0 T 0.0 0 11.9 24 110 M M 7 35 100
30 60 34 47 7 18 0 1.18 0.0 0 13.5 25 110 M M 10 13 41 110
31 57 33 45 4 20 0 0.67 0.7 0 10.9 23 290 M M 10 18 33 280
================================================================================
SM 1411 890 856 0 3.54 6.6 322.1 M 227
================================================================================
AV 45.5 28.7 10.4 FASTST M M 7 MAX(MPH)
MISC ----> 37 200 59 200
================================================================================
NOTES:
# LAST OF SEVERAL OCCURRENCES
COLUMN 17 PEAK WIND IN M.P.H.
PRELIMINARY LOCAL CLIMATOLOGICAL DATA (WS FORM: F-6) , PAGE 2
STATION: MUSKEGON
MONTH: MARCH
YEAR: 2022
LATITUDE: 43 10 N
LONGITUDE: 86 14 W
[TEMPERATURE DATA] [PRECIPITATION DATA] SYMBOLS USED IN COLUMN 16
AVERAGE MONTHLY: 37.1 TOTAL FOR MONTH: 3.54 1 = FOG OR MIST
DPTR FM NORMAL: 1.4 DPTR FM NORMAL: 1.14 2 = FOG REDUCING VISIBILITY
HIGHEST: 68 ON 21, 5 GRTST 24HR 1.71 ON 30-31 TO 1/4 MILE OR LESS
LOWEST: 14 ON 28 3 = THUNDER
SNOW, ICE PELLETS, HAIL 4 = ICE PELLETS
TOTAL MONTH: 6.6 INCHES 5 = HAIL
GRTST 24HR 2.4 ON 7- 7 6 = FREEZING RAIN OR DRIZZLE
GRTST DEPTH: 1 ON 13, 7 7 = DUSTSTORM OR SANDSTORM:
VSBY 1/2 MILE OR LESS
8 = SMOKE OR HAZE
[NO. OF DAYS WITH] [WEATHER - DAYS WITH] 9 = BLOWING SNOW
X = TORNADO
MAX 32 OR BELOW: 5 0.01 INCH OR MORE: 15
MAX 90 OR ABOVE: 0 0.10 INCH OR MORE: 7
MIN 32 OR BELOW: 20 0.50 INCH OR MORE: 2
MIN 0 OR BELOW: 0 1.00 INCH OR MORE: 1
[HDD (BASE 65) ]
TOTAL THIS MO. 856 CLEAR (SCALE 0-3) 1
DPTR FM NORMAL -53 PTCLDY (SCALE 4-7) 16
TOTAL FM JUL 1 5095 CLOUDY (SCALE 8-10) 14
DPTR FM NORMAL -351
[CDD (BASE 65) ]
TOTAL THIS MO. 0
DPTR FM NORMAL -1 [PRESSURE DATA]
TOTAL FM JAN 1 0 HIGHEST SLP 30.51 ON 4
DPTR FM NORMAL -1 LOWEST SLP 28.99 ON 31
[REMARKS]
#FINAL-03-22#