000
CXHW52 PHFO 011250
CF6MKK
PRELIMINARY LOCAL CLIMATOLOGICAL DATA (WS FORM: F-6)
STATION: MOLOKAI HI
MONTH: OCTOBER
YEAR: 2023
LATITUDE: 21 8 N
LONGITUDE: 157 6 W
TEMPERATURE IN F: :PCPN: SNOW: WIND :SUNSHINE: SKY :PK WND
================================================================================
1 2 3 4 5 6A 6B 7 8 9 10 11 12 13 14 15 16 17 18
12Z AVG MX 2MIN
DY MAX MIN AVG DEP HDD CDD WTR SNW DPTH SPD SPD DIR MIN PSBL S-S WX SPD DR
================================================================================
1 89 75 82 3 0 17 0.01 M M 12.6 23 50 M M 2 1 32 30
2 89 68 79 0 0 14 0.00 M M 5.3 15 40 M M 1 8 21 40
3 87 66 77 -2 0 12 0.29 M M 3.4 12 180 M M 3 1 20 230
4 87 69 78 -1 0 13 0.00 M M 4.6 14 360 M M 1 18 330
5 87 68 78 -1 0 13 0.00 M M 4.1 14 180 M M 2 20 140
6 90 66 78 -1 0 13 0.00 M M 7.0 20 50 M M 0 25 60
7 86 74 80 1 0 15 0.00 M M 9.2 21 50 M M 1 27 50
8 87 73 80 1 0 15 0.01 M M 10.3 22 30 M M 2 1 30 30
9 87 73 80 1 0 15 T M M 12.1 24 50 M M 2 34 50
10 88 74 81 2 0 16 0.00 M M 11.1 18 60 M M 2 26 40
11 85 70 78 -1 0 13 0.00 M M 10.9 18 20 M M 2 28 30
12 85 73 79 0 0 14 0.00 M M 9.2 18 20 M M 4 28 10
13 87 73 80 1 0 15 T M M 9.5 18 30 M M 3 18 25 10
14 87 72 80 1 0 15 T M M 6.2 15 350 M M 4 1 23 360
15 89 67 78 -1 0 13 0.00 M M 5.5 17 50 M M 2 23 30
16 86 71 79 1 0 14 0.00 M M 7.5 17 10 M M 2 26 40
17 88 68 78 0 0 13 0.00 M M 4.4 13 140 M M 2 15 130
18 87 69 78 0 0 13 T M M 8.4 18 50 M M 2 25 50
19 84 70 77 -1 0 12 0.00 M M 8.5 18 360 M M 1 25 360
20 85 67 76 -2 0 11 0.00 M M 6.6 15 10 M M 1 22 30
21 87 65 76 -2 0 11 T M M 6.7 17 170 M M 3 23 180
22 86 68 77 -1 0 12 0.00 M M 8.1 15 170 M M 4 19 160
23 85 75 80 2 0 15 0.26 M M 12.0 21 180 M M 6 1 27 160
24 84 72 78 0 0 13 0.22 M M 4.8 15 150 M M 6 1 18 180
25 85 68 77 -1 0 12 T M M 3.8 13 300 M M 3 17 130
26 88 65 77 -1 0 12 0.00 M M 3.5 13 340 M M 2 18 20
27 85 67 76 -2 0 11 0.00 M M 6.7 14 360 M M 4 18 360
28 85 69 77 -1 0 12 0.00 M M 7.9 15 30 M M 2 22 30
29 87 63 75 -3 0 10 0.00 M M 8.1 18 50 M M 0 25 50
30 87 65 76 -2 0 11 0.00 M M 6.8 15 10 M M 0 21 10
31 88 66 77 0 0 12 0.00 M M 2.9 12 350 M M 2 17 170
================================================================================
SM 2687 2149 0 407 0.79 M 227.7 M 71
================================================================================
AV 86.7 69.3 7.3 FASTST M M 2 MAX(MPH)
MISC ----> 24 50 34 50
================================================================================
NOTES:
# LAST OF SEVERAL OCCURRENCES
COLUMN 17 PEAK WIND IN M.P.H.
PRELIMINARY LOCAL CLIMATOLOGICAL DATA (WS FORM: F-6) , PAGE 2
STATION: MOLOKAI HI
MONTH: OCTOBER
YEAR: 2023
LATITUDE: 21 8 N
LONGITUDE: 157 6 W
[TEMPERATURE DATA] [PRECIPITATION DATA] SYMBOLS USED IN COLUMN 16
AVERAGE MONTHLY: 78.0 TOTAL FOR MONTH: 0.79 1 = FOG OR MIST
DPTR FM NORMAL: -0.5 DPTR FM NORMAL: -0.75 2 = FOG REDUCING VISIBILITY
HIGHEST: 90 ON 6 GRTST 24HR 0.48 ON 23-24 TO 1/4 MILE OR LESS
LOWEST: 63 ON 29 3 = THUNDER
SNOW, ICE PELLETS, HAIL 4 = ICE PELLETS
TOTAL MONTH: M 5 = HAIL
GRTST 24HR M ON M 6 = FREEZING RAIN OR DRIZZLE
GRTST DEPTH: M ON M 7 = DUSTSTORM OR SANDSTORM:
VSBY 1/2 MILE OR LESS
8 = SMOKE OR HAZE
[NO. OF DAYS WITH] [WEATHER - DAYS WITH] 9 = BLOWING SNOW
X = TORNADO
MAX 32 OR BELOW: 0 0.01 INCH OR MORE: 5
MAX 90 OR ABOVE: 1 0.10 INCH OR MORE: 3
MIN 32 OR BELOW: 0 0.50 INCH OR MORE: 0
MIN 0 OR BELOW: 0 1.00 INCH OR MORE: 0
[HDD (BASE 65) ]
TOTAL THIS MO. 0 CLEAR (SCALE 0-3) 22
DPTR FM NORMAL 0 PTCLDY (SCALE 4-7) 9
TOTAL FM JUL 1 0 CLOUDY (SCALE 8-10) 0
DPTR FM NORMAL 0
[CDD (BASE 65) ]
TOTAL THIS MO. 407
DPTR FM NORMAL -10 [PRESSURE DATA]
TOTAL FM JAN 1 3437 HIGHEST SLP 30.11 ON 29
DPTR FM NORMAL 57 LOWEST SLP 29.88 ON 31
[REMARKS]
#FINAL-10-23#