000
CXUS54 KFWD 010730
CF6MKN
PRELIMINARY LOCAL CLIMATOLOGICAL DATA (WS FORM: F-6)
STATION: COMANCHE
MONTH: MAY
YEAR: 2021
LATITUDE: 31 55 N
LONGITUDE: 98 36 W
TEMPERATURE IN F: :PCPN: SNOW: WIND :SUNSHINE: SKY :PK WND
================================================================================
1 2 3 4 5 6A 6B 7 8 9 10 11 12 13 14 15 16 17 18
12Z AVG MX 2MIN
DY MAX MIN AVG DEP HDD CDD WTR SNW DPTH SPD SPD DIR MIN PSBL S-S WX SPD DR
================================================================================
1 71 62 67 M 0 2 1.67 M M 4.6 9 200 M M 10 1 22 0
2 85 59 72 M 0 7 0.12 M M 7.2 14 190 M M 3 1 20 180
3 91 65 78 M 0 13 0.00 M M 10.5 15 190 M M 0 23 210
4 73 57 65 M 0 0 0.00 M M 11.9 23 340 M M 4 33 350
5 76 51 64 M 1 0 0.00 M M 3.7 8 50 M M 0 M M
6 82 52 67 M 0 2 0.00 M M 3.3 10 40 M M 0 M M
7 84 56 70 M 0 5 0.00 M M 10.1 17 180 M M 0 23 170
8 87 61 74 M 0 9 0.00 M M 15.6 27 200 M M 1 33 200
9 82 66 74 M 0 9 0.00 M M 10.2 21 190 M M 4 24 190
10 66 55 61 M 4 0 0.05 M M 7.7 10 20 M M 10 13 17 360
11 64 56 60 M 5 0 0.88 M M 6.8 13 340 M M 9 13 21 100
12 59 53 56 M 9 0 0.00 M M 7.8 13 350 M M 10 1 17 360
13 71 56 64 M 1 0 0.00 M M 2.9 6 90 M M 8 M M
14 80 55 68 M 0 3 0.00 M M 7.3 14 140 M M 3 20 140
15 77 63 70 M 0 5 0.00 M M 10.1 17 150 M M 7 23 150
16 86 66 76 M 0 11 0.00 M M 10.3 18 150 M M 6 24 150
17 83 59 71 M 0 6 1.37 M M 7.4 23 160 M M 5 3 35 160
18 67 59 63 M 2 0 0.93 M M 6.7 16 130 M M 7 13 23 80
19 75 61 68 M 0 3 0.00 M M 4.7 9 170 M M 5 12 M M
20 81 59 70 M 0 5 0.00 M M 5.6 13 120 M M 5 12 M M
21 83 63 73 M 0 8 0.00 M M 8.8 14 140 M M 5 1 18 130
22 75 68 72 M 0 7 0.39 M M 9.3 15 140 M M 10 1 23 100
23 76 65 71 M 0 6 0.03 M M 10.4 15 120 M M 10 1 22 130
24 83 66 75 M 0 10 0.00 M M 9.9 14 140 M M 8 20 150
25 87 63 75 M 0 10 0.82 M M 8.2 14 120 M M 7 3 17 350
26 87 67 77 M 0 12 0.00 M M 9.7 17 200 M M 2 29 200
27 88 71 80 M 0 15 0.00 M M 11.4 21 190 M M 5 26 190
28 77 62 70 M 0 5 4.46 M M 8.0 14 350 M M 5 13 21 150
29 82 61 72 M 0 7 0.00 M M 5.0 9 100 M M 7 1 M M
30 78 66 72 M 0 7 0.00 M M 8.8 13 120 M M 9 1 20 110
31 82 62 72 M 0 7 1.12 M M 6.8 16 350 M M 9 13 23 350
================================================================================
SM 2438 1885 22 174 11.84 M 250.5 M 174
================================================================================
AV 78.6 60.8 8.1 FASTST M M 6 MAX(MPH)
MISC ----> 27 200 35 160
================================================================================
NOTES:
# LAST OF SEVERAL OCCURRENCES
COLUMN 17 PEAK WIND IN M.P.H.
PRELIMINARY LOCAL CLIMATOLOGICAL DATA (WS FORM: F-6) , PAGE 2
STATION: COMANCHE
MONTH: MAY
YEAR: 2021
LATITUDE: 31 55 N
LONGITUDE: 98 36 W
[TEMPERATURE DATA] [PRECIPITATION DATA] SYMBOLS USED IN COLUMN 16
AVERAGE MONTHLY: 69.7 TOTAL FOR MONTH: 11.84 1 = FOG OR MIST
DPTR FM NORMAL: 0.0 DPTR FM NORMAL: 7.79 2 = FOG REDUCING VISIBILITY
HIGHEST: 91 ON 3 GRTST 24HR 4.46 ON 28-28 TO 1/4 MILE OR LESS
LOWEST: 51 ON 5 3 = THUNDER
SNOW, ICE PELLETS, HAIL 4 = ICE PELLETS
TOTAL MONTH: M 5 = HAIL
GRTST 24HR M ON M 6 = FREEZING RAIN OR DRIZZLE
GRTST DEPTH: M ON M 7 = DUSTSTORM OR SANDSTORM:
VSBY 1/2 MILE OR LESS
8 = SMOKE OR HAZE
[NO. OF DAYS WITH] [WEATHER - DAYS WITH] 9 = BLOWING SNOW
X = TORNADO
MAX 32 OR BELOW: 0 0.01 INCH OR MORE: 11
MAX 90 OR ABOVE: 1 0.10 INCH OR MORE: 9
MIN 32 OR BELOW: 0 0.50 INCH OR MORE: 7
MIN 0 OR BELOW: 0 1.00 INCH OR MORE: 4
[HDD (BASE 65) ]
TOTAL THIS MO. 22 CLEAR (SCALE 0-3) 7
DPTR FM NORMAL M PTCLDY (SCALE 4-7) 14
TOTAL FM JUL 1 2260 CLOUDY (SCALE 8-10) 10
DPTR FM NORMAL M
[CDD (BASE 65) ]
TOTAL THIS MO. 174
DPTR FM NORMAL M [PRESSURE DATA]
TOTAL FM JAN 1 269 HIGHEST SLP M ON M
DPTR FM NORMAL M LOWEST SLP M ON M
[REMARKS]
#FINAL-05-21#