000
CXUS53 KMPX 030219
CF6MKT
PRELIMINARY LOCAL CLIMATOLOGICAL DATA (WS FORM: F-6)
STATION: MANKATO MN
MONTH: MAY
YEAR: 2023
LATITUDE: 44 13 N
LONGITUDE: 93 55 W
TEMPERATURE IN F: :PCPN: SNOW: WIND :SUNSHINE: SKY :PK WND
================================================================================
1 2 3 4 5 6A 6B 7 8 9 10 11 12 13 14 15 16 17 18
12Z AVG MX 2MIN
DY MAX MIN AVG DEP HDD CDD WTR SNW DPTH SPD SPD DIR MIN PSBL S-S WX SPD DR
================================================================================
1 56 37 47 -6 18 0 0.00 M M 22.1 32 340 M M 2 45 330
2 62 37 50 -4 15 0 0.00 M M 18.1 30 350 M M 1 41 10
3 70 35 53 -1 12 0 0.00 M M 4.4 10 340 M M 0 8 M M
4 79 45 62 8 3 0 0.00 M M 8.8 14 60 M M 1 22 350
5 74 51 63 8 2 0 0.41 M M 8.7 21 120 M M 7 3 27 120
6 66 57 62 7 3 0 0.26 M M 10.8 18 110 M M 10 13 24 110
7 70 53 62 6 3 0 0.00 M M 4.1 10 210 M M 4 128 M M
8 76 51 64 8 1 0 T M M 6.3 16 350 M M 1 8 M M
9 67 52 60 4 5 0 0.01 M M 7.6 14 160 M M 4 1 M M
10 79 54 67 11 0 2 T M M 10.4 15 140 M M 1 1 21 140
11 72 59 66 9 0 1 0.80 M M 9.2 20 110 M M 5 13 23 170
12 68 61 65 8 0 0 0.32 M M 10.7 18 100 M M 8 1 28 100
13 66 56 61 3 4 0 1.23 M M 17.5 28 80 M M 9 13 38 90
14 56 51 54 -4 11 0 0.82 M M 13.9 23 70 M M 8 1 28 60
15 69 44 57 -1 8 0 0.00 M M 4.6 7 280 M M 0 M M
16 77 53 65 7 0 0 0.00 M M 9.0 14 290 M M 0 M M
17 70 53 62 3 3 0 0.00 M M 12.8 18 140 M M 0 M M
18 68 51 60 1 5 0 0.01 M M 10.4 18 320 M M 5 18 25 320
19 58 43 51 -9 14 0 0.00 M M 10.7 18 310 M M 4 24 320
20 72 41 57 -3 8 0 0.00 M M 4.3 12 240 M M 0 1 M M
21 79 50 65 5 0 0 0.00 M M 6.3 10 180 M M 0 8 M M
22 81 57 69 9 0 4 0.00 M M 9.5 15 210 M M 1 20 210
23 83 58 71 10 0 6 0.00 M M 8.9 14 160 M M 0 8 18 190
24 82 59 71 10 0 6 0.00 M M 11.6 23 80 M M 4 30 90
25 78 54 66 5 0 1 0.00 M M 15.7 21 140 M M 1 23 120
26 79 52 66 4 0 1 0.00 M M 11.5 15 140 M M 0 20 140
27 82 53 68 6 0 3 0.00 M M 10.8 16 150 M M 0 22 180
28 83 54 69 7 0 4 0.00 M M 9.5 14 130 M M 0 22 130
29 86 61 74 11 0 9 0.04 M M 11.0 18 210 M M 3 32 240
30 85 63 74 11 0 9 0.52 M M 12.4 24 190 M M 3 1 33 190
31 89 62 76 13 0 11 0.00 M M 11.0 18 170 M M 1 24 160
================================================================================
SM 2282 1607 115 57 4.42 M 322.6 M 83
================================================================================
AV 73.6 51.8 10.4 FASTST M M 3 MAX(MPH)
MISC ----> 32 340 45 330
================================================================================
NOTES:
# LAST OF SEVERAL OCCURRENCES
COLUMN 17 PEAK WIND IN M.P.H.
PRELIMINARY LOCAL CLIMATOLOGICAL DATA (WS FORM: F-6) , PAGE 2
STATION: MANKATO MN
MONTH: MAY
YEAR: 2023
LATITUDE: 44 13 N
LONGITUDE: 93 55 W
[TEMPERATURE DATA] [PRECIPITATION DATA] SYMBOLS USED IN COLUMN 16
AVERAGE MONTHLY: 62.7 TOTAL FOR MONTH: 4.42 1 = FOG OR MIST
DPTR FM NORMAL: 4.3 DPTR FM NORMAL: 0.97 2 = FOG REDUCING VISIBILITY
HIGHEST: 89 ON 31 GRTST 24HR 1.23 ON 13-13 TO 1/4 MILE OR LESS
LOWEST: 35 ON 3 3 = THUNDER
SNOW, ICE PELLETS, HAIL 4 = ICE PELLETS
TOTAL MONTH: M 5 = HAIL
GRTST 24HR M ON M 6 = FREEZING RAIN OR DRIZZLE
GRTST DEPTH: M ON M 7 = DUSTSTORM OR SANDSTORM:
VSBY 1/2 MILE OR LESS
8 = SMOKE OR HAZE
[NO. OF DAYS WITH] [WEATHER - DAYS WITH] 9 = BLOWING SNOW
X = TORNADO
MAX 32 OR BELOW: 0 0.01 INCH OR MORE: 10
MAX 90 OR ABOVE: 0 0.10 INCH OR MORE: 7
MIN 32 OR BELOW: 0 0.50 INCH OR MORE: 4
MIN 0 OR BELOW: 0 1.00 INCH OR MORE: 1
[HDD (BASE 65) ]
TOTAL THIS MO. 115 CLEAR (SCALE 0-3) 19
DPTR FM NORMAL -127 PTCLDY (SCALE 4-7) 10
TOTAL FM JUL 1 7635 CLOUDY (SCALE 8-10) 2
DPTR FM NORMAL -126
[CDD (BASE 65) ]
TOTAL THIS MO. 57
DPTR FM NORMAL 18 [PRESSURE DATA]
TOTAL FM JAN 1 73 HIGHEST SLP M ON M
DPTR FM NORMAL 29 LOWEST SLP M ON M
[REMARKS]
#FINAL-05-23#
THE PRECIPITATION VALUE ON MAY 30TH IS BASED ON DATA FROM
COCORAHS STATION MN-BU-23.