916
CXUS54 KTSA 011207
CF6MLC
PRELIMINARY LOCAL CLIMATOLOGICAL DATA (WS FORM: F-6)
STATION: MCALESTER OKLAHOMA
MONTH: FEBRUARY
YEAR: 2021
LATITUDE: 34 52 N
LONGITUDE: 95 47 W
TEMPERATURE IN F: :PCPN: SNOW: WIND :SUNSHINE: SKY :PK WND
================================================================================
1 2 3 4 5 6A 6B 7 8 9 10 11 12 13 14 15 16 17 18
12Z AVG MX 2MIN
DY MAX MIN AVG DEP HDD CDD WTR SNW DPTH SPD SPD DIR MIN PSBL S-S WX SPD DR
================================================================================
1 55 29 42 0 23 0 0.00 0.0 M 5.5 15 340 M M 4 20 10
2 61 31 46 4 19 0 0.00 0.0 M 3.4 10 210 M M 1 15 210
3 63 36 50 8 15 0 0.00 0.0 M 8.6 17 170 M M 1 32 170
4 61 29 45 3 20 0 T M M 13.5 26 350 M M 3 43 210
5 59 22 41 -1 24 0 0.00 0.0 M 3.8 13 220 M M 5 18 220
6 45 33 39 -3 26 0 0.55 M M 5.9 15 360 M M 9 1 22 350
7 41 32 37 -6 28 0 0.00 0.0 M 5.2 10 100 M M 10 19 110
8 44 26 35 -8 30 0 0.09 0.0 M 7.4 17 10 M M 10 16 22 120
9 26 22 24 -19 41 0 T 0.0 M 10.6 18 360 M M 10 16 22 10
10 26 22 24 -19 41 0 T 0.0 M 11.6 21 10 M M 10 16 30 360
11 22 20 21 -23 44 0 T M M 12.7 18 360 M M 10 1 26 20
12 20 18 19 -25 46 0 T M M 13.6 21 360 M M 10 18 27 350
13 20 13 17 -27 48 0 T M M 13.6 20 10 M M 10 168 26 350
14 17 5 11 -33 54 0 0.03 M M 15.6 23 360 M M 10 18 34 10
15 9 -2 4 -41 61 0 T M M 12.8 28 20 M M 8 8 37 20
16 20 -11 5 -40 60 0 0.16 M M 2.6 8 110 M M 6 1 13 20
17 24 16 20 -25 45 0 0.03 M M 5.5 14 10 M M 10 18 18 10
18 29 7 18 -28 47 0 0.00 0.0 M 10.7 20 360 M M 3 27 10
19 36 1 19 -27 46 0 0.00 0.0 M 3.5 12 230 M M 2 14 240
20 52 17 35 -11 30 0 0.00 0.0 M 7.2 15 190 M M 2 26 190
21 58 32 45 -1 20 0 0.00 0.0 M 8.9 20 170 M M 6 37 180
22 66 25 46 -1 19 0 0.00 0.0 M 5.8 21 220 M M 2 1 29 220
23 78 35 57 10 8 0 0.00 0.0 M 8.7 21 190 M M 2 39 170
24 66 46 56 9 9 0 0.00 0.0 M 12.6 21 20 M M 4 36 180
25 55 36 46 -2 19 0 0.22 0.0 M 8.4 17 30 M M 6 1 26 20
26 51 41 46 -2 19 0 0.01 0.0 M 2.9 9 220 M M 9 1 17 100
27 64 39 52 4 13 0 T 0.0 M 5.4 16 150 M M 9 12 28 140
28 70 49 60 12 5 0 0.06 0.0 M 10.1 21 350 M M 7 1 28 330
================================================================================
SM 1238 669 860 0 1.15 0.0 236.1 M 179
================================================================================
AV 44.2 23.9 8.4 FASTST M M 6 MAX(MPH)
MISC ----> 28 20 43 210
================================================================================
NOTES:
# LAST OF SEVERAL OCCURRENCES
COLUMN 17 PEAK WIND IN M.P.H.
PRELIMINARY LOCAL CLIMATOLOGICAL DATA (WS FORM: F-6) , PAGE 2
STATION: MCALESTER OKLAHOMA
MONTH: FEBRUARY
YEAR: 2021
LATITUDE: 34 52 N
LONGITUDE: 95 47 W
[TEMPERATURE DATA] [PRECIPITATION DATA] SYMBOLS USED IN COLUMN 16
AVERAGE MONTHLY: 34.1 TOTAL FOR MONTH: 1.15 1 = FOG OR MIST
DPTR FM NORMAL: -10.6 DPTR FM NORMAL: -1.47 2 = FOG REDUCING VISIBILITY
HIGHEST: 78 ON 23 GRTST 24HR 0.55 ON 6- 6 TO 1/4 MILE OR LESS
LOWEST: -11 ON 16 3 = THUNDER
SNOW, ICE PELLETS, HAIL 4 = ICE PELLETS
TOTAL MONTH: 0.0 INCH 5 = HAIL
GRTST 24HR 0.0 6 = FREEZING RAIN OR DRIZZLE
GRTST DEPTH: M ON M 7 = DUSTSTORM OR SANDSTORM:
VSBY 1/2 MILE OR LESS
8 = SMOKE OR HAZE
[NO. OF DAYS WITH] [WEATHER - DAYS WITH] 9 = BLOWING SNOW
X = TORNADO
MAX 32 OR BELOW: 10 0.01 INCH OR MORE: 8
MAX 90 OR ABOVE: 0 0.10 INCH OR MORE: 3
MIN 32 OR BELOW: 20 0.50 INCH OR MORE: 1
MIN 0 OR BELOW: 2 1.00 INCH OR MORE: 0
[HDD (BASE 65) ]
TOTAL THIS MO. 860 CLEAR (SCALE 0-3) 6
DPTR FM NORMAL 290 PTCLDY (SCALE 4-7) 9
TOTAL FM JUL 1 2703 CLOUDY (SCALE 8-10) 13
DPTR FM NORMAL 94
[CDD (BASE 65) ]
TOTAL THIS MO. 0
DPTR FM NORMAL -2 [PRESSURE DATA]
TOTAL FM JAN 1 0 HIGHEST SLP 30.55 ON 19
DPTR FM NORMAL -1 LOWEST SLP 29.54 ON 4
[REMARKS]
#FINAL-02-21#