000
CXUS51 KCAR 010600
CF6MLT
PRELIMINARY LOCAL CLIMATOLOGICAL DATA (WS FORM: F-6)
STATION: MILLINOCKET ME
MONTH: JULY
YEAR: 2021
LATITUDE: 45 39 N
LONGITUDE: 68 41 W
TEMPERATURE IN F: :PCPN: SNOW: WIND :SUNSHINE: SKY :PK WND
================================================================================
1 2 3 4 5 6A 6B 7 8 9 10 11 12 13 14 15 16 17 18
12Z AVG MX 2MIN
DY MAX MIN AVG DEP HDD CDD WTR SNW DPTH SPD SPD DIR MIN PSBL S-S WX SPD DR
================================================================================
1 75 57 66 -1 0 1 0.00 M M 9.0 16 300 M M 5 1 24 310
2 60 53 57 -10 8 0 0.00 M M 9.0 17 70 M M 10 23 60
3 61 51 56 -11 9 0 T M M 7.6 15 50 M M 9 1 21 90
4 58 50 54 -13 11 0 0.17 M M 6.0 16 60 M M 10 1 24 80
5 80 49 65 -3 0 0 0.00 M M 4.8 12 260 M M 0 20 190
6 78 55 67 -1 0 2 0.00 M M 3.5 13 300 M M 8 1 17 310
7 77 56 67 -1 0 2 T M M 8.5 21 300 M M 1 31 300
8 67 50 59 -9 6 0 0.16 M M 2.6 10 40 M M 6 1 13 40
9 68 57 63 -5 2 0 1.68 M M 5.8 23 340 M M 10 1 29 350
10 80 54 67 -1 0 2 0.00 M M 4.2 13 360 M M 1 1 17 10
11 82 52 67 -1 0 2 0.00 M M 1.7 8 360 M M 1 13 210
12 80 57 69 1 0 4 0.00 M M 2.6 12 60 M M 0 18 60
13 80 51 66 -2 0 1 0.00 M M 4.4 13 200 M M 2 12 19 190
14 68 57 63 -5 2 0 0.01 M M 3.1 9 180 M M 10 18 18 190
15 86 65 76 8 0 11 0.00 M M 3.1 10 150 M M 6 12 15 160
16 81 62 72 4 0 7 0.79 M M 5.2 15 300 M M 6 12 22 320
17 80 60 70 2 0 5 0.00 M M 1.9 8 270 M M 0 12 220
18 75 63 69 0 0 4 0.10 M M 1.7 7 120 M M 7 1 10 140
19 75 63 69 0 0 4 0.00 M M 2.3 9 90 M M 10 1 12 130
20 81 61 71 2 0 6 0.00 M M 3.4 12 340 M M 5 128 15 340
21 62 57 60 -9 5 0 0.81 M M 5.7 13 340 M M 9 1 17 30
22 75 56 66 -3 0 1 0.03 M M 5.1 15 340 M M 6 1 23 350
23 74 52 63 -6 2 0 0.42 M M 3.0 24 340 M M 2 1 36 360
24 81 50 66 -2 0 1 0.00 M M 1.5 7 170 M M 0 11 190
25 68 57 63 -5 2 0 0.05 M M 3.6 12 160 M M 6 1 20 130
26 83 65 74 6 0 9 0.00 M M 1.8 9 270 M M 6 18 16 260
27 78 61 70 2 0 5 0.00 M M 6.2 18 300 M M 1 18 27 310
28 75 51 63 -5 2 0 0.00 M M 4.6 14 330 M M 3 20 310
29 75 47 61 -7 4 0 0.27 M M 3.5 10 250 M M 3 1 16 150
30 73 56 65 -3 0 0 0.23 M M 6.8 20 300 M M 8 1 30 320
31 73 50 62 -6 3 0 0.00 M M 8.1 18 290 M M 3 31 290
================================================================================
SM 2309 1725 56 67 4.72 M 140.3 M 154
================================================================================
AV 74.5 55.6 4.5 FASTST M M 5 MAX(MPH)
MISC ----> 24 340 36 360
================================================================================
NOTES:
# LAST OF SEVERAL OCCURRENCES
COLUMN 17 PEAK WIND IN M.P.H.
PRELIMINARY LOCAL CLIMATOLOGICAL DATA (WS FORM: F-6) , PAGE 2
STATION: MILLINOCKET ME
MONTH: JULY
YEAR: 2021
LATITUDE: 45 39 N
LONGITUDE: 68 41 W
[TEMPERATURE DATA] [PRECIPITATION DATA] SYMBOLS USED IN COLUMN 16
AVERAGE MONTHLY: 65.1 TOTAL FOR MONTH: 4.72 1 = FOG OR MIST
DPTR FM NORMAL: -3.1 DPTR FM NORMAL: 0.56 2 = FOG REDUCING VISIBILITY
HIGHEST: 86 ON 15 GRTST 24HR 1.79 ON 8- 9 TO 1/4 MILE OR LESS
LOWEST: 47 ON 29 3 = THUNDER
SNOW, ICE PELLETS, HAIL 4 = ICE PELLETS
TOTAL MONTH: M 5 = HAIL
GRTST 24HR M ON M 6 = FREEZING RAIN OR DRIZZLE
GRTST DEPTH: M ON M 7 = DUSTSTORM OR SANDSTORM:
VSBY 1/2 MILE OR LESS
8 = SMOKE OR HAZE
[NO. OF DAYS WITH] [WEATHER - DAYS WITH] 9 = BLOWING SNOW
X = TORNADO
MAX 32 OR BELOW: 0 0.01 INCH OR MORE: 12
MAX 90 OR ABOVE: 0 0.10 INCH OR MORE: 9
MIN 32 OR BELOW: 0 0.50 INCH OR MORE: 3
MIN 0 OR BELOW: 0 1.00 INCH OR MORE: 1
[HDD (BASE 65) ]
TOTAL THIS MO. 56 CLEAR (SCALE 0-3) 12
DPTR FM NORMAL 30 PTCLDY (SCALE 4-7) 12
TOTAL FM JUL 1 56 CLOUDY (SCALE 8-10) 7
DPTR FM NORMAL 25
[CDD (BASE 65) ]
TOTAL THIS MO. 67
DPTR FM NORMAL -56 [PRESSURE DATA]
TOTAL FM JAN 1 213 HIGHEST SLP M ON M
DPTR FM NORMAL 35 LOWEST SLP 29.59 ON 30
[REMARKS]
#FINAL-07-21#