000
CXUS54 KSHV 011300
CF6MLU
PRELIMINARY LOCAL CLIMATOLOGICAL DATA (WS FORM: F-6)
STATION: MONROE
MONTH: OCTOBER
YEAR: 2022
LATITUDE: 32 30 N
LONGITUDE: 92 2 W
TEMPERATURE IN F: :PCPN: SNOW: WIND :SUNSHINE: SKY :PK WND
================================================================================
1 2 3 4 5 6A 6B 7 8 9 10 11 12 13 14 15 16 17 18
12Z AVG MX 2MIN
DY MAX MIN AVG DEP HDD CDD WTR SNW DPTH SPD SPD DIR MIN PSBL S-S WX SPD DR
================================================================================
1 83 52 68 -4 0 3 0.00 0.0 0 3.5 14 360 M M 0 17 10
2 85 52 69 -3 0 4 0.00 0.0 0 4.8 16 360 M M 0 21 50
3 84 53 69 -2 0 4 0.00 0.0 0 5.5 15 10 M M 0 23 10
4 85 52 69 -2 0 4 0.00 0.0 0 3.3 13 10 M M 0 18 60
5 84 53 69 -2 0 4 0.00 0.0 0 1.6 13 360 M M 0 1 16 340
6 89 50 70 0 0 5 0.00 0.0 0 2.4 14 300 M M 1 1 16 300
7 90 58 74 4 0 9 0.00 0.0 0 5.7 14 340 M M 0 18 19 20
8 81 57 69 0 0 4 0.00 0.0 0 8.3 16 360 M M 0 23 50
9 82 50 66 -3 0 1 0.00 0.0 0 1.1 10 340 M M 0 15 20
10 85 52 69 0 0 4 0.00 0.0 0 0.9 8 150 M M 0 12 80
11 85 53 69 1 0 4 T 0.0 0 2.9 12 140 M M 0 17 130
12 90 57 74 6 0 9 0.07 0.0 0 6.7 23 340 M M 4 13 33 340
13 81 55 68 1 0 3 0.00 0.0 0 3.7 13 350 M M 1 3 16 360
14 85 48 67 0 0 2 0.00 0.0 0 2.5 12 220 M M 0 1 18 230
15 90 52 71 4 0 6 0.00 0.0 0 5.4 14 210 M M 0 19 210
16 78 60 69 3 0 4 T 0.0 0 2.9 14 330 M M 5 128 18 330
17 75 50 63 -3 2 0 0.00 0.0 0 9.3 17 360 M M 4 28 10
18 60 38 49 -16 16 0 0.00 0.0 0 9.8 22 330 M M 0 30 330
19 62 32 47 -18 18 0 0.00 0.0 0 1.8 9 300 M M 0 14 290
20 77 32 55 -10 10 0 0.00 0.0 0 3.9 15 200 M M 0 21 220
21 87 51 69 5 0 4 0.00 0.0 0 9.9 22 210 M M 0 27 220
22 85 59 72 8 0 7 0.00 0.0 0 10.4 28 210 M M 2 8 36 200
23 86 61 74 10 0 9 0.00 0.0 0 8.8 21 210 M M 1 27 190
24 85 65 75 12 0 10 T 0.0 0 9.1 20 180 M M 5 8 33 180
25 76 48 62 -1 3 0 0.07 0.0 0 11.7 30 280 M M 6 1 38 260
26 74 42 58 -4 7 0 0.00 0.0 0 5.0 15 350 M M 0 12 22 10
27 76 44 60 -2 5 0 0.00 0.0 0 4.7 12 10 M M 0 16 70
28 79 47 63 1 2 0 T 0.0 0 5.5 13 100 M M 0 22 100
29 79 58 69 8 0 4 1.26 0.0 0 8.8 21 280 M M 7 13 25 280
30 67 58 63 2 2 0 T 0.0 0 5.7 15 220 M M 9 1 18 210
31 79 55 67 7 0 2 0.00 0.0 0 2.4 13 240 M M 2 1 21 250
================================================================================
SM 2504 1594 65 106 1.40 0.0 168.0 M 47
================================================================================
AV 80.8 51.4 5.4 FASTST M M 2 MAX(MPH)
MISC ----> 30 280 38 260
================================================================================
NOTES:
# LAST OF SEVERAL OCCURRENCES
COLUMN 17 PEAK WIND IN M.P.H.
PRELIMINARY LOCAL CLIMATOLOGICAL DATA (WS FORM: F-6) , PAGE 2
STATION: MONROE
MONTH: OCTOBER
YEAR: 2022
LATITUDE: 32 30 N
LONGITUDE: 92 2 W
[TEMPERATURE DATA] [PRECIPITATION DATA] SYMBOLS USED IN COLUMN 16
AVERAGE MONTHLY: 66.1 TOTAL FOR MONTH: 1.40 1 = FOG OR MIST
DPTR FM NORMAL: -0.2 DPTR FM NORMAL: -3.55 2 = FOG REDUCING VISIBILITY
HIGHEST: 90 ON 15,12 GRTST 24HR 1.26 ON 28-29 TO 1/4 MILE OR LESS
LOWEST: 32 ON 20,19 3 = THUNDER
SNOW, ICE PELLETS, HAIL 4 = ICE PELLETS
TOTAL MONTH: 0.0 INCH 5 = HAIL
GRTST 24HR 0.0 6 = FREEZING RAIN OR DRIZZLE
GRTST DEPTH: 0 7 = DUSTSTORM OR SANDSTORM:
VSBY 1/2 MILE OR LESS
8 = SMOKE OR HAZE
[NO. OF DAYS WITH] [WEATHER - DAYS WITH] 9 = BLOWING SNOW
X = TORNADO
MAX 32 OR BELOW: 0 0.01 INCH OR MORE: 3
MAX 90 OR ABOVE: 3 0.10 INCH OR MORE: 1
MIN 32 OR BELOW: 2 0.50 INCH OR MORE: 1
MIN 0 OR BELOW: 0 1.00 INCH OR MORE: 1
[HDD (BASE 65) ]
TOTAL THIS MO. 65 CLEAR (SCALE 0-3) 24
DPTR FM NORMAL -19 PTCLDY (SCALE 4-7) 6
TOTAL FM JUL 1 66 CLOUDY (SCALE 8-10) 1
DPTR FM NORMAL -21
[CDD (BASE 65) ]
TOTAL THIS MO. 106
DPTR FM NORMAL -17 [PRESSURE DATA]
TOTAL FM JAN 1 2776 HIGHEST SLP 30.37 ON 19
DPTR FM NORMAL 309 LOWEST SLP 29.69 ON 25
[REMARKS]
#FINAL-10-22#