000
CXUS56 KPQR 011544
CLMMMV
CLIMATE REPORT
NATIONAL WEATHER SERVICE PORTLAND OREGON
844 AM PDT SAT APR 01 2023
...................................
...THE MCMINNVILLE OR CLIMATE SUMMARY FOR THE MONTH OF MARCH 2023...
CLIMATE NORMAL PERIOD 1991 TO 2020
CLIMATE RECORD PERIOD 1894 TO 2023
WEATHER OBSERVED NORMAL DEPART LAST YEAR`S
VALUE DATE(S) VALUE FROM VALUE DATE(S)
NORMAL
................................................................
TEMPERATURE (F)
HIGHEST 64 67 03/22
03/27
LOWEST 24 27 03/10
AVG. MAXIMUM 51.3 55.7 -4.4 56.3
AVG. MINIMUM 34.0 37.1 -3.1 38.2
MEAN 42.7 46.4 -3.7 47.2
DAYS MAX >= 90 0 0.0 0.0 0
DAYS MAX <= 32 0 0.0 0.0 0
DAYS MIN <= 32 10 6.2 3.8 7
DAYS MIN <= 0 0 0.0 0.0 0
PRECIPITATION (INCHES)
RECORD
MAXIMUM 11.93 1916
MINIMUM 0.57 1926
TOTALS 4.53 4.17 0.36 2.91
DAYS >= .01 19 19.4 -0.4 15
DAYS >= .10 15 11.4 3.6 9
DAYS >= .50 2 2.7 -0.7 1
DAYS >= 1.00 0 0.4 -0.4 0
GREATEST
24 HR. TOTAL 0.74 03/23 TO 03/24
DEGREE DAYS
HEATING TOTAL 684 577 107 543
SINCE 7/1 3851 3817 34 MM
COOLING TOTAL 0 0 0 0
SINCE 1/1 0 0 0 MM
................................................................
WIND (MPH)
AVERAGE WIND SPEED 6.4
RESULTANT WIND SPEED/DIRECTION 2/210
HIGHEST WIND SPEED/DIRECTION 30/190 DATE 03/04
HIGHEST GUST SPEED/DIRECTION 39/220 DATE 03/23
SKY COVER
POSSIBLE SUNSHINE (PERCENT) MM
AVERAGE SKY COVER 0.65
AVERAGE RH (PERCENT) 79
WEATHER CONDITIONS. NUMBER OF DAYS WITH
THUNDERSTORM 1 MIXED PRECIP 0
HEAVY RAIN 1 RAIN 14
LIGHT RAIN 21 FREEZING RAIN 0
LT FREEZING RAIN 0 HAIL 0
HEAVY SNOW 1 SNOW 1
LIGHT SNOW 3 SLEET 0
FOG 24 FOG W/VIS <= 1/4 MILE 7
HAZE 2
- INDICATES NEGATIVE NUMBERS.
R INDICATES RECORD WAS SET OR TIED.
MM INDICATES DATA IS MISSING.
T INDICATES TRACE AMOUNT.
$$