000
CXUS55 KBOU 011000
CF6MNH
PRELIMINARY LOCAL CLIMATOLOGICAL DATA (WS FORM: F-6)
STATION: ELBERT 6W CO
MONTH: DECEMBER
YEAR: 2023
LATITUDE: 39 13 N
LONGITUDE: 104 38 W
TEMPERATURE IN F: :PCPN: SNOW: WIND :SUNSHINE: SKY :PK WND
================================================================================
1 2 3 4 5 6A 6B 7 8 9 10 11 12 13 14 15 16 17 18
12Z AVG MX 2MIN
DY MAX MIN AVG DEP HDD CDD WTR SNW DPTH SPD SPD DIR MIN PSBL S-S WX SPD DR
================================================================================
1 36 18 27 M 38 0 M M M 7.0 16 190 M M 5 21 190
2 36 19 28 M 37 0 M M M 10.4 25 290 M M 2 31 290
3 32 19 26 M 39 0 M M M 10.0 26 260 M M 4 1 35 260
4 52 21 37 M 28 0 M M M 7.9 14 180 M M 0 22 360
5 59 28 44 M 21 0 M M M 8.2 13 210 M M 0 16 200
6 61 28 45 M 20 0 M M M 7.4 13 180 M M 0 M M
7 45 39 42 M 23 0 M M M 12.4 23 250 M M 0 30 250
8 39 21 30 M 35 0 M M M 7.6 15 20 M M 9 25 30
9 28 10 19 M 46 0 M M M 9.1 15 340 M M 4 22 340
10 45 12 29 M 36 0 M M M 8.2 24 290 M M 2 32 290
11 45 23 34 M 31 0 M M M 6.0 10 160 M M 5 M M
12 32 21 27 M 38 0 M M M 4.0 9 280 M M 7 8 M M
13 32 25 29 M 36 0 M M M 3.6 14 150 M M 9 8 17 150
14 36 23 30 M 35 0 M M M 11.7 21 170 M M 5 8 27 180
15 43 23 33 M 32 0 M M M 7.9 14 360 M M 0 20 320
16 55 23 39 M 26 0 M M M 7.3 12 300 M M 0 M M
17 52 27 40 M 25 0 M M M 6.6 10 30 M M 0 M M
18 54 27 41 M 24 0 M M M 9.2 16 180 M M 0 21 180
19 43 36 40 M 25 0 M M M 8.2 13 290 M M 1 22 290
20 52 32 42 M 23 0 M M M 5.5 12 160 M M 4 M M
21 52 28 40 M 25 0 M M M 5.1 9 360 M M 5 M M
22 50 27 39 M 26 0 M M M 8.6 15 190 M M 0 M M
23 M 32 M M M M M M M 6.5 14 340 M M 5 21 350
24 28 14 21 M 44 0 M M M 13.8 22 350 M M 10 28 350
25 21 1 11 M 54 0 M M M 6.6 15 340 M M 4 21 320
26 30 14 22 M 43 0 M M M 15.9 22 300 M M 10 31 320
27 34 16 25 M 40 0 M M M 9.9 17 330 M M 5 22 330
28 32 9 21 M 44 0 M M M 6.1 10 300 M M 0 M M
29 41 19 30 M 35 0 M M M 7.6 12 210 M M 0 M M
30 46 21 34 M 31 0 M M M 7.1 12 180 M M 0 M M
31 36 19 28 M 37 0 M M M 6.5 10 190 M M 1 M M
================================================================================
SM 1247 675 997 0 M M 251.8 M 97
================================================================================
AV 41.6 21.8 8.1 FASTST M M 3 MAX(MPH)
MISC ----> 26 260 35 260
================================================================================
NOTES:
# LAST OF SEVERAL OCCURRENCES
COLUMN 17 PEAK WIND IN M.P.H.
PRELIMINARY LOCAL CLIMATOLOGICAL DATA (WS FORM: F-6) , PAGE 2
STATION: ELBERT 6W CO
MONTH: DECEMBER
YEAR: 2023
LATITUDE: 39 13 N
LONGITUDE: 104 38 W
[TEMPERATURE DATA] [PRECIPITATION DATA] SYMBOLS USED IN COLUMN 16
AVERAGE MONTHLY: 31.7 TOTAL FOR MONTH: M 1 = FOG OR MIST
DPTR FM NORMAL: 0.0 DPTR FM NORMAL: M 2 = FOG REDUCING VISIBILITY
HIGHEST: 61 ON 6 GRTST 24HR M ON M TO 1/4 MILE OR LESS
LOWEST: 1 ON 25 3 = THUNDER
SNOW, ICE PELLETS, HAIL 4 = ICE PELLETS
TOTAL MONTH: M 5 = HAIL
GRTST 24HR M ON M 6 = FREEZING RAIN OR DRIZZLE
GRTST DEPTH: M ON M 7 = DUSTSTORM OR SANDSTORM:
VSBY 1/2 MILE OR LESS
8 = SMOKE OR HAZE
[NO. OF DAYS WITH] [WEATHER - DAYS WITH] 9 = BLOWING SNOW
X = TORNADO
MAX 32 OR BELOW: 8 0.01 INCH OR MORE: 0
MAX 90 OR ABOVE: 0 0.10 INCH OR MORE: 0
MIN 32 OR BELOW: 29 0.50 INCH OR MORE: 0
MIN 0 OR BELOW: 0 1.00 INCH OR MORE: 0
[HDD (BASE 65) ]
TOTAL THIS MO. 997 CLEAR (SCALE 0-3) 16
DPTR FM NORMAL M PTCLDY (SCALE 4-7) 11
TOTAL FM JUL 1 2651 CLOUDY (SCALE 8-10) 4
DPTR FM NORMAL M
[CDD (BASE 65) ]
TOTAL THIS MO. 0
DPTR FM NORMAL M [PRESSURE DATA]
TOTAL FM JAN 1 196 HIGHEST SLP M ON M
DPTR FM NORMAL M LOWEST SLP M ON M
[REMARKS]
#FINAL-12-23#