000
CXUS54 KMOB 010635
CF6MOB
PRELIMINARY LOCAL CLIMATOLOGICAL DATA (WS FORM: F-6)
STATION: MOBILE
MONTH: APRIL
YEAR: 2021
LATITUDE: 30 40 N
LONGITUDE: 88 15 W
TEMPERATURE IN F: :PCPN: SNOW: WIND :SUNSHINE: SKY :PK WND
================================================================================
1 2 3 4 5 6A 6B 7 8 9 10 11 12 13 14 15 16 17 18
12Z AVG MX 2MIN
DY MAX MIN AVG DEP HDD CDD WTR SNW DPTH SPD SPD DIR MIN PSBL S-S WX SPD DR
================================================================================
1 62 44 53 -10 12 0 0.00 0.0 0 16.8 29 360 M M 1 41 10
2 63 37 50 -13 15 0 0.00 0.0 0 8.6 20 50 M M 1 25 10
3 69 37 53 -11 12 0 0.00 0.0 0 3.9 13 160 M M 3 17 80
4 72 41 57 -7 8 0 0.00 0.0 0 2.8 13 180 M M 1 18 140
5 76 47 62 -2 3 0 0.00 0.0 0 5.3 15 190 M M 1 1 21 130
6 79 54 67 3 0 2 0.00 0.0 0 5.8 15 180 M M 3 1 23 190
7 78 59 69 5 0 4 0.00 0.0 0 8.6 18 140 M M 7 128 24 140
8 80 65 73 8 0 8 0.51 0.0 0 9.0 26 140 M M 5 13 34 140
9 72 64 68 3 0 3 0.18 0.0 0 10.2 20 130 M M 8 13 26 190
10 73 59 66 1 0 1 3.48 0.0 0 8.8 32 360 M M 7 13 46 360
11 80 53 67 2 0 2 0.00 0.0 0 4.4 13 10 M M 4 18 310
12 83 47 65 -1 0 0 0.00 0.0 0 3.7 16 200 M M 2 23 190
13 78 52 65 -1 0 0 0.07 0.0 0 5.8 29 170 M M 6 138 41 170
14 73 54 64 -2 1 0 0.74 0.0 0 5.9 31 130 M M 8 13 42 130
15 68 56 62 -4 3 0 2.90 0.0 0 5.2 22 10 M M 8 138 28 350
16 70 55 63 -3 2 0 0.71 0.0 0 7.0 17 60 M M 7 13 21 60
17 65 59 62 -5 3 0 0.86 0.0 0 5.1 12 140 M M 9 1 15 160
18 74 54 64 -3 1 0 0.01 0.0 0 5.8 13 330 M M 5 19 330
19 73 50 62 -5 3 0 0.00 0.0 0 6.0 16 340 M M 2 25 10
20 78 56 67 0 0 2 0.00 0.0 0 4.4 15 180 M M 4 20 190
21 69 47 58 -10 7 0 0.00 0.0 0 11.0 23 340 M M 0 29 340
22 70 43 57 -11 8 0 0.00 0.0 0 4.3 16 80 M M 2 23 70
23 74 49 62 -6 3 0 T 0.0 0 10.7 23 140 M M 7 34 130
24 79 61 70 2 0 5 2.88 0.0 0 15.6 36 200 M M 8 13 53 250
25 79 54 67 -2 0 2 0.00 0.0 0 7.6 18 10 M M 0 25 20
26 80 51 66 -3 0 1 0.00 0.0 0 4.7 14 140 M M 5 19 130
27 82 59 71 2 0 6 0.00 0.0 0 9.2 16 160 M M 6 128 22 170
28 81 70 76 6 0 11 0.00 0.0 0 10.1 18 140 M M 7 1 25 150
29 84 69 77 7 0 12 0.00 0.0 0 8.6 16 220 M M 5 1 20 210
30 81 64 73 3 0 8 0.37 0.0 0 4.2 17 20 M M 9 13 21 10
================================================================================
SM 2245 1610 81 67 12.71 0.0 219.1 M 141
================================================================================
AV 74.8 53.7 7.3 FASTST M M 5 MAX(MPH)
MISC ----> 36 200 53 250
================================================================================
NOTES:
# LAST OF SEVERAL OCCURRENCES
COLUMN 17 PEAK WIND IN M.P.H.
PRELIMINARY LOCAL CLIMATOLOGICAL DATA (WS FORM: F-6) , PAGE 2
STATION: MOBILE
MONTH: APRIL
YEAR: 2021
LATITUDE: 30 40 N
LONGITUDE: 88 15 W
[TEMPERATURE DATA] [PRECIPITATION DATA] SYMBOLS USED IN COLUMN 16
AVERAGE MONTHLY: 64.3 TOTAL FOR MONTH: 12.71 1 = FOG OR MIST
DPTR FM NORMAL: -2.2 DPTR FM NORMAL: 7.92 2 = FOG REDUCING VISIBILITY
HIGHEST: 84 ON 29 GRTST 24HR 3.64 ON 14-15 TO 1/4 MILE OR LESS
LOWEST: 37 ON 3, 2 3 = THUNDER
SNOW, ICE PELLETS, HAIL 4 = ICE PELLETS
TOTAL MONTH: 0.0 INCH 5 = HAIL
GRTST 24HR 0.0 6 = FREEZING RAIN OR DRIZZLE
GRTST DEPTH: 0 7 = DUSTSTORM OR SANDSTORM:
VSBY 1/2 MILE OR LESS
8 = SMOKE OR HAZE
[NO. OF DAYS WITH] [WEATHER - DAYS WITH] 9 = BLOWING SNOW
X = TORNADO
MAX 32 OR BELOW: 0 0.01 INCH OR MORE: 11
MAX 90 OR ABOVE: 0 0.10 INCH OR MORE: 9
MIN 32 OR BELOW: 0 0.50 INCH OR MORE: 7
MIN 0 OR BELOW: 0 1.00 INCH OR MORE: 3
[HDD (BASE 65) ]
TOTAL THIS MO. 81 CLEAR (SCALE 0-3) 11
DPTR FM NORMAL 21 PTCLDY (SCALE 4-7) 15
TOTAL FM JUL 1 1630 CLOUDY (SCALE 8-10) 4
DPTR FM NORMAL -63
[CDD (BASE 65) ]
TOTAL THIS MO. 67
DPTR FM NORMAL -37 [PRESSURE DATA]
TOTAL FM JAN 1 170 HIGHEST SLP 30.46 ON 2
DPTR FM NORMAL 11 LOWEST SLP 29.67 ON 10
[REMARKS]
#FINAL-04-21#