000
CXUS54 KMOB 010637
CF6MOB
PRELIMINARY LOCAL CLIMATOLOGICAL DATA (WS FORM: F-6)
STATION: MOBILE
MONTH: AUGUST
YEAR: 2020
LATITUDE: 30 40 N
LONGITUDE: 88 15 W
TEMPERATURE IN F: :PCPN: SNOW: WIND :SUNSHINE: SKY :PK WND
================================================================================
1 2 3 4 5 6A 6B 7 8 9 10 11 12 13 14 15 16 17 18
12Z AVG MX 2MIN
DY MAX MIN AVG DEP HDD CDD WTR SNW DPTH SPD SPD DIR MIN PSBL S-S WX SPD DR
================================================================================
1 92 75 84 2 0 19 0.00 0.0 0 4.8 15 300 M M 4 20 300
2 92 73 83 1 0 18 T 0.0 0 3.8 21 60 M M 3 13 35 70
3 92 72 82 0 0 17 0.00 0.0 0 3.3 16 340 M M 5 3 22 330
4 92 71 82 0 0 17 0.00 0.0 0 3.3 15 320 M M 3 1 21 320
5 93 71 82 0 0 17 0.00 0.0 0 3.9 16 320 M M 4 22 320
6 92 70 81 -1 0 16 0.00 0.0 0 3.0 15 330 M M 4 21 340
7 94 69 82 0 0 17 0.00 0.0 0 2.2 14 330 M M 3 17 330
8 90 72 81 -1 0 16 0.60 0.0 0 1.9 25 210 M M 4 13 42 220
9 92 73 83 1 0 18 0.00 0.0 0 3.6 15 180 M M 3 19 190
10 93 74 84 2 0 19 0.00 0.0 0 3.5 15 170 M M 4 3 19 180
11 94 72 83 1 0 18 0.05 0.0 0 6.0 31 70 M M 5 13 46 90
12 93 71 82 0 0 17 T 0.0 0 5.0 17 330 M M 5 3 22 340
13 91 72 82 0 0 17 0.00 0.0 0 2.3 14 300 M M 6 3 25 310
14 92 73 83 1 0 18 0.24 0.0 0 4.6 16 320 M M 4 13 21 200
15 90 70 80 -2 0 15 0.86 0.0 0 4.8 18 340 M M 5 13 31 300
16 93 73 83 1 0 18 0.00 0.0 0 6.1 18 340 M M 3 30 330
17 91 71 81 -1 0 16 0.00 0.0 0 3.5 14 350 M M 5 3 17 350
18 94 71 83 1 0 18 0.00 0.0 0 2.7 15 140 M M 3 3 21 130
19 90 72 81 -1 0 16 0.00 0.0 0 2.5 14 180 M M 6 3 18 180
20 84 72 78 -4 0 13 0.00 0.0 0 5.2 13 100 M M 6 3 17 90
21 89 69 79 -3 0 14 T 0.0 0 6.2 22 160 M M 5 3 33 130
22 90 70 80 -2 0 15 T 0.0 0 5.6 16 330 M M 4 21 130
23 87 73 80 -2 0 15 0.71 0.0 0 7.1 30 70 M M 5 18 40 70
24 86 73 80 -1 0 15 0.40 0.0 0 11.9 25 60 M M 9 1 41 70
25 88 75 82 1 0 17 0.23 0.0 0 10.0 21 120 M M 7 138 35 130
26 89 76 83 2 0 18 T 0.0 0 12.0 21 90 M M 7 3 36 90
27 89 76 83 2 0 18 0.99 0.0 0 12.6 22 170 M M 8 13 36 150
28 89 75 82 1 0 17 0.06 0.0 0 7.7 18 170 M M 6 1 28 180
29 88 74 81 0 0 16 0.17 0.0 0 4.7 16 310 M M 5 13 21 130
30 86 75 81 0 0 16 0.06 0.0 0 5.7 18 200 M M 5 1 25 200
31 89 75 82 1 0 17 T 0.0 0 5.3 18 330 M M 5 3 26 320
================================================================================
SM 2804 2248 0 518 4.37 0.0 164.8 M 151
================================================================================
AV 90.5 72.5 5.3 FASTST M M 5 MAX(MPH)
MISC ----> # 31 70 # 46 90
================================================================================
NOTES:
# LAST OF SEVERAL OCCURRENCES
COLUMN 17 PEAK WIND IN M.P.H.
PRELIMINARY LOCAL CLIMATOLOGICAL DATA (WS FORM: F-6) , PAGE 2
STATION: MOBILE
MONTH: AUGUST
YEAR: 2020
LATITUDE: 30 40 N
LONGITUDE: 88 15 W
[TEMPERATURE DATA] [PRECIPITATION DATA] SYMBOLS USED IN COLUMN 16
AVERAGE MONTHLY: 81.5 TOTAL FOR MONTH: 4.37 1 = FOG OR MIST
DPTR FM NORMAL: -0.1 DPTR FM NORMAL: -2.59 2 = FOG REDUCING VISIBILITY
HIGHEST: 94 ON 18,11 GRTST 24HR 0.99 ON 27-27 TO 1/4 MILE OR LESS
LOWEST: 69 ON 21, 7 3 = THUNDER
SNOW, ICE PELLETS, HAIL 4 = ICE PELLETS
TOTAL MONTH: 0.0 INCH 5 = HAIL
GRTST 24HR 0.0 6 = FREEZING RAIN OR DRIZZLE
GRTST DEPTH: 0 7 = DUSTSTORM OR SANDSTORM:
VSBY 1/2 MILE OR LESS
8 = SMOKE OR HAZE
[NO. OF DAYS WITH] [WEATHER - DAYS WITH] 9 = BLOWING SNOW
X = TORNADO
MAX 32 OR BELOW: 0 0.01 INCH OR MORE: 11
MAX 90 OR ABOVE: 20 0.10 INCH OR MORE: 8
MIN 32 OR BELOW: 0 0.50 INCH OR MORE: 4
MIN 0 OR BELOW: 0 1.00 INCH OR MORE: 0
[HDD (BASE 65) ]
TOTAL THIS MO. 0 CLEAR (SCALE 0-3) 3
DPTR FM NORMAL 0 PTCLDY (SCALE 4-7) 27
TOTAL FM JUL 1 0 CLOUDY (SCALE 8-10) 1
DPTR FM NORMAL 0
[CDD (BASE 65) ]
TOTAL THIS MO. 518
DPTR FM NORMAL 2 [PRESSURE DATA]
TOTAL FM JAN 1 2006 HIGHEST SLP 30.17 ON 9
DPTR FM NORMAL 79 LOWEST SLP 29.79 ON 30
[REMARKS]
#FINAL-08-20#