000
CXUS54 KMOB 280629
CF6MOB
PRELIMINARY LOCAL CLIMATOLOGICAL DATA (WS FORM: F-6)
STATION: MOBILE
MONTH: MARCH
YEAR: 2024
LATITUDE: 30 40 N
LONGITUDE: 88 15 W
TEMPERATURE IN F: :PCPN: SNOW: WIND :SUNSHINE: SKY :PK WND
================================================================================
1 2 3 4 5 6A 6B 7 8 9 10 11 12 13 14 15 16 17 18
12Z AVG MX 2MIN
DY MAX MIN AVG DEP HDD CDD WTR SNW DPTH SPD SPD DIR MIN PSBL S-S WX SPD DR
================================================================================
1 67 53 60 2 5 0 1.05 0.0 0 9.0 24 130 M M 10 13 34 130
2 71 57 64 6 1 0 0.00 0.0 0 4.6 13 340 M M 10 12 16 330
3 80 61 71 13 0 6 0.00 0.0 0 6.4 15 130 M M 7 12 24 120
4 72 63 68 9 0 3 0.48 0.0 0 10.1 17 90 M M 10 128 23 100
5 72 59 66 7 0 1 0.25 0.0 0 7.1 23 120 M M 10 1 31 130
6 82 57 70 11 0 5 0.00 0.0 0 5.2 16 330 M M 6 1 21 330
7 79 54 67 8 0 2 0.00 0.0 0 5.2 13 120 M M 5 17 130
8 75 57 66 7 0 1 1.96 0.0 0 13.1 26 130 M M 7 138 36 120
9 72 56 64 4 1 0 0.07 0.0 0 10.3 23 330 M M 10 13 32 310
10 69 46 58 -2 7 0 0.00 0.0 0 9.6 20 330 M M 6 27 340
11 68 43 56 -4 9 0 0.00 0.0 0 3.1 9 40 M M 4 14 60
12 75 41 58 -2 7 0 0.00 0.0 0 3.5 17 180 M M 4 23 180
13 78 49 64 4 1 0 0.00 0.0 0 5.4 15 120 M M 4 20 150
14 75 59 67 6 0 2 0.00 0.0 0 9.6 17 130 M M 7 18 23 130
15 84 61 73 12 0 8 0.17 0.0 0 7.2 20 340 M M 8 1238 27 350
16 80 60 70 9 0 5 0.02 0.0 0 4.1 15 340 M M 8 1 18 330
17 67 59 63 2 2 0 0.49 0.0 0 4.0 12 360 M M 8 123 17 280
18 69 46 58 -3 7 0 0.00 0.0 0 12.0 25 330 M M 6 34 330
19 64 33 49 -13 16 0 0.00 0.0 0 5.6 15 350 M M 2 22 20
20 73 37 55 -7 10 0 0.00 0.0 0 3.3 20 170 M M 5 24 170
21 72 44 58 -4 7 0 T 0.0 0 4.1 12 140 M M 7 14 140
22 76 55 66 4 0 1 0.21 0.0 0 7.7 24 90 M M 6 18 36 90
23 75 53 64 2 1 0 0.01 0.0 0 11.8 26 340 M M 5 1 35 340
24 70 47 59 -3 6 0 0.00 0.0 0 9.3 20 130 M M 5 28 120
25 72 62 67 4 0 2 T 0.0 0 20.0 31 120 M M 10 8 42 110
26 73 51 62 -1 3 0 0.78 0.0 0 9.2 26 350 M M 7 13 42 350
27 78 50 64 1 1 0 0.00 0.0 0 9.5 21 330 M M 2 28 20
================================================================================
SM 1988 1413 84 36 5.49 0.0 210.0 M 179
================================================================================
AV 73.6 52.3 7.8 FASTST M M 7 MAX(MPH)
MISC ----> 31 120 # 42 110
================================================================================
NOTES:
# LAST OF SEVERAL OCCURRENCES
COLUMN 17 PEAK WIND IN M.P.H.
PRELIMINARY LOCAL CLIMATOLOGICAL DATA (WS FORM: F-6) , PAGE 2
STATION: MOBILE
MONTH: MARCH
YEAR: 2024
LATITUDE: 30 40 N
LONGITUDE: 88 15 W
[TEMPERATURE DATA] [PRECIPITATION DATA] SYMBOLS USED IN COLUMN 16
AVERAGE MONTHLY: 63.0 TOTAL FOR MONTH: 5.49 1 = FOG OR MIST
DPTR FM NORMAL: 2.4 DPTR FM NORMAL: 0.74 2 = FOG REDUCING VISIBILITY
HIGHEST: 84 ON 15 GRTST 24HR 2.03 ON 8- 9 TO 1/4 MILE OR LESS
LOWEST: 33 ON 19 3 = THUNDER
SNOW, ICE PELLETS, HAIL 4 = ICE PELLETS
TOTAL MONTH: 0.0 INCH 5 = HAIL
GRTST 24HR 0.0 6 = FREEZING RAIN OR DRIZZLE
GRTST DEPTH: 0 7 = DUSTSTORM OR SANDSTORM:
VSBY 1/2 MILE OR LESS
8 = SMOKE OR HAZE
[NO. OF DAYS WITH] [WEATHER - DAYS WITH] 9 = BLOWING SNOW
X = TORNADO
MAX 32 OR BELOW: 0 0.01 INCH OR MORE: 11
MAX 90 OR ABOVE: 0 0.10 INCH OR MORE: 8
MIN 32 OR BELOW: 0 0.50 INCH OR MORE: 3
MIN 0 OR BELOW: 0 1.00 INCH OR MORE: 2
[HDD (BASE 65) ]
TOTAL THIS MO. 84 CLEAR (SCALE 0-3) 2
DPTR FM NORMAL -75 PTCLDY (SCALE 4-7) 19
TOTAL FM JUL 1 1266 CLOUDY (SCALE 8-10) 6
DPTR FM NORMAL -276
[CDD (BASE 65) ]
TOTAL THIS MO. 36
DPTR FM NORMAL -4 [PRESSURE DATA]
TOTAL FM JAN 1 65 HIGHEST SLP M ON M
DPTR FM NORMAL 1 LOWEST SLP 29.68 ON 8
[REMARKS]