000
CXUS56 KSTO 011300
CF6MOD
PRELIMINARY LOCAL CLIMATOLOGICAL DATA (WS FORM: F-6)
STATION: MODESTO CA
MONTH: JUNE
YEAR: 2023
LATITUDE: 37 37 N
LONGITUDE: 120 57 W
TEMPERATURE IN F: :PCPN: SNOW: WIND :SUNSHINE: SKY :PK WND
================================================================================
1 2 3 4 5 6A 6B 7 8 9 10 11 12 13 14 15 16 17 18
12Z AVG MX 2MIN
DY MAX MIN AVG DEP HDD CDD WTR SNW DPTH SPD SPD DIR MIN PSBL S-S WX SPD DR
================================================================================
1 82 52 67 -4 0 2 0.00 M M 7.7 15 320 M M 0 18 290
2 84 53 69 -3 0 4 0.00 M M 8.2 17 320 M M 0 22 320
3 91 57 74 2 0 9 0.00 M M 6.2 16 310 M M 0 21 300
4 93 59 76 4 0 11 0.00 M M 6.9 17 300 M M 0 22 300
5 87 62 75 3 0 10 0.00 M M 10.5 21 310 M M 0 26 310
6 78 58 68 -4 0 3 T M M 8.1 22 330 M M 2 26 330
7 77 56 67 -6 0 2 0.00 M M 6.1 17 330 M M 6 1 21 330
8 82 58 70 -3 0 5 0.00 M M 8.5 17 320 M M 4 8 21 330
9 82 56 69 -4 0 4 0.00 M M 10.0 16 350 M M 0 24 330
10 80 54 67 -6 0 2 0.00 M M 8.1 16 310 M M 2 20 310
11 83 55 69 -5 0 4 0.00 M M 7.3 16 340 M M 0 21 330
12 81 58 70 -4 0 5 0.00 M M 7.5 15 330 M M 2 20 340
13 83 57 70 -4 0 5 0.00 M M 8.4 16 330 M M 0 19 320
14 88 59 74 0 0 9 0.00 M M 7.9 15 330 M M 0 19 330
15 89 60 75 1 0 10 0.00 M M 10.6 18 320 M M 0 24 320
16 89 60 75 0 0 10 0.00 M M 7.7 17 300 M M 0 8 20 310
17 94 59 77 2 0 12 0.00 M M 7.0 17 320 M M 0 21 330
18 85 58 72 -3 0 7 0.00 M M 9.4 22 300 M M 0 26 310
19 75 48 62 -13 3 0 0.00 M M 10.2 21 300 M M 0 8 28 300
20 79 52 66 -10 0 1 0.00 M M 11.2 21 310 M M 0 8 26 310
21 83 53 68 -8 0 3 0.00 M M 7.8 18 300 M M 0 22 300
22 79 55 67 -9 0 2 0.00 M M 10.0 21 300 M M 0 32 350
23 79 55 67 -9 0 2 0.00 M M 6.8 17 330 M M 0 21 330
24 83 55 69 -7 0 4 0.00 M M 10.1 20 320 M M 0 24 320
25 80 56 68 -9 0 3 0.00 M M 11.5 17 320 M M 0 22 320
26 85 54 70 -7 0 5 0.00 M M 9.2 16 310 M M 0 22 310
27 85 56 71 -6 0 6 0.00 M M 9.0 17 300 M M 0 20 300
28 88 57 73 -4 0 8 0.00 M M 9.6 17 320 M M 0 21 320
29 95 59 77 0 0 12 0.00 0.0 M 6.9 15 330 M M 0 18 340
30 101 64 83 5 0 18 0.00 M M 5.0 15 320 M M 0 19 320
================================================================================
SM 2540 1695 3 178 T 0.0 253.4 M 16
================================================================================
AV 84.7 56.5 8.4 FASTST M M 1 MAX(MPH)
MISC ----> # 22 330 32 350
================================================================================
NOTES:
# LAST OF SEVERAL OCCURRENCES
COLUMN 17 PEAK WIND IN M.P.H.
PRELIMINARY LOCAL CLIMATOLOGICAL DATA (WS FORM: F-6) , PAGE 2
STATION: MODESTO CA
MONTH: JUNE
YEAR: 2023
LATITUDE: 37 37 N
LONGITUDE: 120 57 W
[TEMPERATURE DATA] [PRECIPITATION DATA] SYMBOLS USED IN COLUMN 16
AVERAGE MONTHLY: 70.6 TOTAL FOR MONTH: T 1 = FOG OR MIST
DPTR FM NORMAL: -3.9 DPTR FM NORMAL: -0.15 2 = FOG REDUCING VISIBILITY
HIGHEST: 101 ON 30 GRTST 24HR T ON 6- 6 TO 1/4 MILE OR LESS
LOWEST: 48 ON 19 3 = THUNDER
SNOW, ICE PELLETS, HAIL 4 = ICE PELLETS
TOTAL MONTH: 0.0 INCH 5 = HAIL
GRTST 24HR 0.0 6 = FREEZING RAIN OR DRIZZLE
GRTST DEPTH: M ON M 7 = DUSTSTORM OR SANDSTORM:
VSBY 1/2 MILE OR LESS
8 = SMOKE OR HAZE
[NO. OF DAYS WITH] [WEATHER - DAYS WITH] 9 = BLOWING SNOW
X = TORNADO
MAX 32 OR BELOW: 0 0.01 INCH OR MORE: 0
MAX 90 OR ABOVE: 5 0.10 INCH OR MORE: 0
MIN 32 OR BELOW: 0 0.50 INCH OR MORE: 0
MIN 0 OR BELOW: 0 1.00 INCH OR MORE: 0
[HDD (BASE 65) ]
TOTAL THIS MO. 3 CLEAR (SCALE 0-3) 28
DPTR FM NORMAL -2 PTCLDY (SCALE 4-7) 2
TOTAL FM JUL 1 2869 CLOUDY (SCALE 8-10) 0
DPTR FM NORMAL 573
[CDD (BASE 65) ]
TOTAL THIS MO. 178
DPTR FM NORMAL -110 [PRESSURE DATA]
TOTAL FM JAN 1 322 HIGHEST SLP 30.10 ON 20
DPTR FM NORMAL -131 LOWEST SLP 29.66 ON 5
[REMARKS]
#FINAL-06-23#