000
CXUS53 KBIS 010830
CF6MOT
PRELIMINARY LOCAL CLIMATOLOGICAL DATA (WS FORM: F-6)
STATION: MINOT ND
MONTH: AUGUST
YEAR: 2020
LATITUDE: 48 15 N
LONGITUDE: 101 16 W
TEMPERATURE IN F: :PCPN: SNOW: WIND :SUNSHINE: SKY :PK WND
================================================================================
1 2 3 4 5 6A 6B 7 8 9 10 11 12 13 14 15 16 17 18
12Z AVG MX 2MIN
DY MAX MIN AVG DEP HDD CDD WTR SNW DPTH SPD SPD DIR MIN PSBL S-S WX SPD DR
================================================================================
1 81 55 68 -3 0 3 0.00 M M 7.1 15 350 M M 1 22 10
2 79 51 65 -6 0 0 0.00 M M 4.9 13 50 M M 1 18 50
3 81 51 66 -5 0 1 0.00 M M 9.8 18 100 M M 0 28 100
4 83 53 68 -3 0 3 1.04 M M 9.9 23 10 M M 2 13 33 20
5 80 59 70 0 0 5 0.00 M M 5.2 13 120 M M 5 17 120
6 86 60 73 3 0 8 0.00 M M 7.4 17 130 M M 1 25 120
7 94 64 79 9 0 14 0.00 M M 9.2 24 300 M M 1 33 290
8 86 53 70 0 0 5 0.00 M M 6.9 16 220 M M 0 25 230
9 77 55 66 -4 0 1 0.04 M M 14.1 30 280 M M 2 3 39 300
10 83 54 69 -1 0 4 0.00 M M 13.2 23 250 M M 0 34 230
11 84 51 68 -2 0 3 0.00 M M 6.9 15 90 M M 0 20 70
12 91 55 73 3 0 8 0.00 M M 11.7 25 130 M M 0 35 120
13 88 63 76 6 0 11 0.21 M M 8.6 18 310 M M 4 13 24 320
14 75 59 67 -2 0 2 0.44 M M 6.4 17 10 M M 5 13 26 260
15 80 58 69 0 0 4 0.00 M M 8.3 20 310 M M 1 26 310
16 82 54 68 -1 0 3 0.00 M M 9.5 21 300 M M 0 34 320
17 89 57 73 4 0 8 0.00 M M 7.7 13 120 M M 0 19 150
18 95 57 76 8 0 11 0.00 M M 4.5 13 160 M M 0 16 160
19 99 63 81 13 0 16 0.00 M M 4.9 13 130 M M 0 17 150
20 96 66 81 13 0 16 0.00 M M 6.0 14 230 M M 0 20 160
21 92 65 79 11 0 14 T M M 7.8 17 270 M M 2 1 27 220
22 90 58 74 6 0 9 0.00 M M 5.5 10 120 M M 0 13 80
23 78 58 68 1 0 3 T M M 9.6 23 320 M M 1 3 32 310
24 89 51 70 3 0 5 0.00 M M 7.1 17 120 M M 1 12 24 120
25 91 61 76 10 0 11 0.00 M M 7.8 18 320 M M 1 29 310
26 83 60 72 6 0 7 T M M 6.2 21 330 M M 1 28 320
27 83 54 69 3 0 4 0.18 M M 7.9 20 170 M M 3 13 27 170
28 76 54 65 -1 0 0 T M M 14.9 25 290 M M 2 35 300
29 83 47 65 0 0 0 0.00 M M 8.9 17 160 M M 0 25 150
30 67 48 58 -7 7 0 0.11 M M 11.7 25 320 M M 2 13 33 320
31 73 45 59 -5 6 0 0.00 M M 11.5 25 270 M M 0 38 280
================================================================================
SM 2614 1739 13 179 2.02 M 261.1 M 36
================================================================================
AV 84.3 56.1 8.4 FASTST M M 1 MAX(MPH)
MISC ----> # 30 280 # 39 300
================================================================================
NOTES:
# LAST OF SEVERAL OCCURRENCES
COLUMN 17 PEAK WIND IN M.P.H.
PRELIMINARY LOCAL CLIMATOLOGICAL DATA (WS FORM: F-6) , PAGE 2
STATION: MINOT ND
MONTH: AUGUST
YEAR: 2020
LATITUDE: 48 15 N
LONGITUDE: 101 16 W
[TEMPERATURE DATA] [PRECIPITATION DATA] SYMBOLS USED IN COLUMN 16
AVERAGE MONTHLY: 70.2 TOTAL FOR MONTH: 2.02 1 = FOG OR MIST
DPTR FM NORMAL: 1.7 DPTR FM NORMAL: -0.02 2 = FOG REDUCING VISIBILITY
HIGHEST: 99 ON 19 GRTST 24HR 1.04 ON 4- 4 TO 1/4 MILE OR LESS
LOWEST: 45 ON 31 3 = THUNDER
SNOW, ICE PELLETS, HAIL 4 = ICE PELLETS
TOTAL MONTH: M 5 = HAIL
GRTST 24HR M ON M 6 = FREEZING RAIN OR DRIZZLE
GRTST DEPTH: M ON M 7 = DUSTSTORM OR SANDSTORM:
VSBY 1/2 MILE OR LESS
8 = SMOKE OR HAZE
[NO. OF DAYS WITH] [WEATHER - DAYS WITH] 9 = BLOWING SNOW
X = TORNADO
MAX 32 OR BELOW: 0 0.01 INCH OR MORE: 6
MAX 90 OR ABOVE: 8 0.10 INCH OR MORE: 5
MIN 32 OR BELOW: 0 0.50 INCH OR MORE: 1
MIN 0 OR BELOW: 0 1.00 INCH OR MORE: 1
[HDD (BASE 65) ]
TOTAL THIS MO. 13 CLEAR (SCALE 0-3) 28
DPTR FM NORMAL -34 PTCLDY (SCALE 4-7) 3
TOTAL FM JUL 1 15 CLOUDY (SCALE 8-10) 0
DPTR FM NORMAL -56
[CDD (BASE 65) ]
TOTAL THIS MO. 179
DPTR FM NORMAL 26 [PRESSURE DATA]
TOTAL FM JAN 1 503 HIGHEST SLP 30.25 ON 2
DPTR FM NORMAL 92 LOWEST SLP 29.50 ON 30
[REMARKS]
#FINAL-08-20#