000
CXUS53 KMQT 010900
CF6MQT
PRELIMINARY LOCAL CLIMATOLOGICAL DATA (WS FORM: F-6)
STATION: MARQUETTE MI
MONTH: MARCH
YEAR: 2024
LATITUDE: 46 31 N
LONGITUDE: 87 33 W
TEMPERATURE IN F: :PCPN: SNOW: WIND :SUNSHINE: SKY :PK WND
================================================================================
1 2 3 4 5 6A 6B 7 8 9 10 11 12 13 14 15 16 17 18
12Z AVG MX 2MIN
DY MAX MIN AVG DEP HDD CDD WTR SNW DPTH SPD SPD DIR MIN PSBL S-S WX SPD DR
================================================================================
1 49 15 32 12 33 0 0.00 0.0 8 M M M M M M 35 180
2 55 30 43 23 22 0 0.00 0.0 7 M M M M M M 18 180
3 48 33 41 21 24 0 0.14 0.0 6 M M M M M M 13 32 135
4 49 34 42 21 23 0 0.24 0.0 5 M M M M M M 23 270
5 36 24 30 9 35 0 0.00 0.0 4 M M M M M M 18 360
6 41 21 31 9 34 0 0.00 0.0 4 M M M M M M 13 90
7 49 24 37 15 28 0 0.00 0.0 4 M M M M M M 21 180
8 35 27 31 9 34 0 0.00 0.0 3 M M M M M M 18 45
9 28 22 25 2 40 0 0.04 0.4 3 M M M M M M 9 29 360
10 37 22 30 7 35 0 T T 3 M M M M M M 29 315
11 55 21 38 15 27 0 0.00 0.0 3 M M M M M M 16 225
12 61 28 45 21 20 0 0.00 0.0 1 M M M M M M 22 315
13 54 32 43 19 22 0 0.00 0.0 T M M M M M M 14 90
14 36 29 33 9 32 0 0.00 0.0 0 M M M M M M 20 315
15 49 26 38 13 27 0 0.00 0.0 0 M M M M M M 18 180
16 42 26 34 9 31 0 0.02 0.1 0 M M M M M M 34 270
17 26 18 22 -3 43 0 0.17 5.5 1 M M M M M M 6 27 315
18 25 19 22 -4 43 0 0.05 0.9 2 M M M M M M 6 22 315
19 34 20 27 1 38 0 0.02 0.6 3 M M M M M M 31 315
20 21 11 16 -10 49 0 0.09 2.0 2 M M M M M M 9 27 315
21 27 7 17 -10 48 0 T T 2 M M M M M M 14 270
22 26 9 18 -9 47 0 0.03 0.7 2 M M M M M M 15 360
23 24 7 16 -11 49 0 T T 2 M M M M M M 15 315
24 32 7 20 -8 45 0 0.25 2.9 2 M M M M M M 22 180
25 34 27 31 3 34 0 0.86 4.3 9 M M M M M M 6 17 180
26 48 26 37 9 28 0 0.64 0.1 5 M M M M M M 12 29 180
27 27 20 24 -5 41 0 T T 1 M M M M M M 27 225
28 29 18 24 -5 41 0 T T 1 M M M M M M 25 270
29 37 25 31 1 34 0 0.00 0.0 1 M M M M M M 17 315
30 35 27 31 1 34 0 0.16 2.8 T M M M M M M 4 9 45
31 41 23 32 2 33 0 T T 1 M M M M M M 13 225
================================================================================
SM 1190 678 1074 0 2.71 20.3 M M M
================================================================================
AV 38.4 21.9 M FASTST M M M MAX(MPH)
MISC ----> M M 35 180
================================================================================
NOTES:
# LAST OF SEVERAL OCCURRENCES
COLUMN 17 PEAK WIND IN M.P.H.
PRELIMINARY LOCAL CLIMATOLOGICAL DATA (WS FORM: F-6) , PAGE 2
STATION: MARQUETTE MI
MONTH: MARCH
YEAR: 2024
LATITUDE: 46 31 N
LONGITUDE: 87 33 W
[TEMPERATURE DATA] [PRECIPITATION DATA] SYMBOLS USED IN COLUMN 16
AVERAGE MONTHLY: 30.1 TOTAL FOR MONTH: 2.71 1 = FOG OR MIST
DPTR FM NORMAL: 5.1 DPTR FM NORMAL: 0.04 2 = FOG REDUCING VISIBILITY
HIGHEST: 61 ON 12 GRTST 24HR 0.86 ON 25-25 TO 1/4 MILE OR LESS
LOWEST: 7 ON 24,23 3 = THUNDER
SNOW, ICE PELLETS, HAIL 4 = ICE PELLETS
TOTAL MONTH: 20.3 INCHES 5 = HAIL
GRTST 24HR 5.5 ON 17-17 6 = FREEZING RAIN OR DRIZZLE
GRTST DEPTH: 9 ON 25 7 = DUSTSTORM OR SANDSTORM:
VSBY 1/2 MILE OR LESS
8 = SMOKE OR HAZE
[NO. OF DAYS WITH] [WEATHER - DAYS WITH] 9 = BLOWING SNOW
X = TORNADO
MAX 32 OR BELOW: 10 0.01 INCH OR MORE: 13
MAX 90 OR ABOVE: 0 0.10 INCH OR MORE: 7
MIN 32 OR BELOW: 29 0.50 INCH OR MORE: 2
MIN 0 OR BELOW: 0 1.00 INCH OR MORE: 0
[HDD (BASE 65) ]
TOTAL THIS MO. 1074 CLEAR (SCALE 0-3) 0
DPTR FM NORMAL -166 PTCLDY (SCALE 4-7) 0
TOTAL FM JUL 1 6635 CLOUDY (SCALE 8-10) 31
DPTR FM NORMAL -1106
[CDD (BASE 65) ]
TOTAL THIS MO. 0
DPTR FM NORMAL 0 [PRESSURE DATA]
TOTAL FM JAN 1 0 HIGHEST SLP M ON M
DPTR FM NORMAL 0 LOWEST SLP M ON M
[REMARKS]
#FINAL-03-24#