000
CXUS51 KBTV 010700
CF6MSS
PRELIMINARY LOCAL CLIMATOLOGICAL DATA (WS FORM: F-6)
STATION: MASSENA NY
MONTH: JULY
YEAR: 2021
LATITUDE: 44 55 N
LONGITUDE: 74 51 W
TEMPERATURE IN F: :PCPN: SNOW: WIND :SUNSHINE: SKY :PK WND
================================================================================
1 2 3 4 5 6A 6B 7 8 9 10 11 12 13 14 15 16 17 18
12Z AVG MX 2MIN
DY MAX MIN AVG DEP HDD CDD WTR SNW DPTH SPD SPD DIR MIN PSBL S-S WX SPD DR
================================================================================
1 75 57 66 -2 0 1 0.00 M M 3.0 9 20 M M 2 1 12 70
2 65 59 62 -7 3 0 0.03 M M 8.9 16 40 M M 10 1 24 40
3 67 57 62 -7 3 0 0.00 M M 8.1 17 60 M M 9 20 40
4 74 53 64 -5 1 0 0.00 M M 4.7 14 40 M M 2 1 19 20
5 82 50 66 -3 0 1 0.08 M M 5.4 23 220 M M 2 1 30 220
6 85 67 76 7 0 11 0.10 M M 9.8 17 230 M M 6 18 25 240
7 70 51 61 -8 4 0 T M M 4.7 12 350 M M 7 17 350
8 66 52 59 -10 6 0 1.14 M M 10.1 18 60 M M 8 13 24 60
9 69 55 62 -8 3 0 0.00 M M 3.2 12 270 M M 9 12 16 260
10 79 49 64 -6 1 0 0.00 M M 1.3 9 110 M M 2 12 12 100
11 79 50 65 -5 0 0 0.00 M M 1.6 8 250 M M 0 1 10 260
12 82 61 72 2 0 7 0.00 M M 6.7 18 40 M M 0 23 50
13 83 64 74 4 0 9 1.36 M M 4.8 17 210 M M 8 138 25 200
14 82 67 75 5 0 10 0.11 M M 9.9 18 210 M M 4 18 24 210
15 85 63 74 4 0 9 0.46 M M 8.1 28 220 M M 1 13 38 230
16 75 61 68 -2 0 3 0.02 M M 6.6 16 220 M M 5 1 23 220
17 76 61 69 -1 0 4 0.00 M M 0.3 5 10 M M 3 1 8 30
18 76 63 70 0 0 5 0.18 M M 4.2 13 90 M M 2 1 16 100
19 84 59 72 2 0 7 0.00 M M 5.1 13 270 M M 1 128 16 280
20 80 62 71 1 0 6 1.00 M M 5.8 29 280 M M 6 138 37 270
21 77 60 69 -1 0 4 0.06 M M 5.3 16 40 M M 7 1 M M
22 78 54 66 -4 0 1 0.09 M M 5.4 17 330 M M 4 13 24 340
23 79 53 66 -4 0 1 0.00 M M 3.6 12 270 M M 1 1 15 270
24 81 53 67 -3 0 2 0.04 M M 4.0 13 170 M M 1 1 18 140
25 80 66 73 3 0 8 0.16 M M 10.7 22 210 M M 5 138 28 200
26 83 61 72 2 0 7 0.22 M M 7.2 24 270 M M 2 138 31 280
27 68 55 62 -8 3 0 0.22 M M 1.5 10 310 M M 7 12 14 320
28 75 54 65 -5 0 0 0.00 M M 2.0 8 330 M M 6 12 11 330
29 69 51 60 -10 5 0 0.01 M M 2.5 9 60 M M 6 1 11 60
30 67 48 58 -12 7 0 0.06 M M 9.9 21 310 M M 7 1 26 320
31 73 47 60 -9 5 0 0.00 M M 8.3 16 290 M M 2 21 280
================================================================================
SM 2364 1763 41 96 5.34 M 172.7 M 135
================================================================================
AV 76.3 56.9 5.6 FASTST M M 4 MAX(MPH)
MISC ----> 29 280 38 230
================================================================================
NOTES:
# LAST OF SEVERAL OCCURRENCES
COLUMN 17 PEAK WIND IN M.P.H.
PRELIMINARY LOCAL CLIMATOLOGICAL DATA (WS FORM: F-6) , PAGE 2
STATION: MASSENA NY
MONTH: JULY
YEAR: 2021
LATITUDE: 44 55 N
LONGITUDE: 74 51 W
[TEMPERATURE DATA] [PRECIPITATION DATA] SYMBOLS USED IN COLUMN 16
AVERAGE MONTHLY: 66.6 TOTAL FOR MONTH: 5.34 1 = FOG OR MIST
DPTR FM NORMAL: -2.9 DPTR FM NORMAL: 1.88 2 = FOG REDUCING VISIBILITY
HIGHEST: 85 ON 15, 6 GRTST 24HR 1.47 ON 13-14 TO 1/4 MILE OR LESS
LOWEST: 47 ON 31 3 = THUNDER
SNOW, ICE PELLETS, HAIL 4 = ICE PELLETS
TOTAL MONTH: M 5 = HAIL
GRTST 24HR M ON M 6 = FREEZING RAIN OR DRIZZLE
GRTST DEPTH: M ON M 7 = DUSTSTORM OR SANDSTORM:
VSBY 1/2 MILE OR LESS
8 = SMOKE OR HAZE
[NO. OF DAYS WITH] [WEATHER - DAYS WITH] 9 = BLOWING SNOW
X = TORNADO
MAX 32 OR BELOW: 0 0.01 INCH OR MORE: 18
MAX 90 OR ABOVE: 0 0.10 INCH OR MORE: 10
MIN 32 OR BELOW: 0 0.50 INCH OR MORE: 3
MIN 0 OR BELOW: 0 1.00 INCH OR MORE: 3
[HDD (BASE 65) ]
TOTAL THIS MO. 41 CLEAR (SCALE 0-3) 14
DPTR FM NORMAL 24 PTCLDY (SCALE 4-7) 13
TOTAL FM JUL 1 41 CLOUDY (SCALE 8-10) 4
DPTR FM NORMAL 33
[CDD (BASE 65) ]
TOTAL THIS MO. 96
DPTR FM NORMAL -61 [PRESSURE DATA]
TOTAL FM JAN 1 264 HIGHEST SLP M ON M
DPTR FM NORMAL 11 LOWEST SLP 29.68 ON 25
[REMARKS]
#FINAL-07-21#