000
CXUS53 KILX 012300
CF6MTO
PRELIMINARY LOCAL CLIMATOLOGICAL DATA (WS FORM: F-6)
STATION: MATTOON IL AIRPORT
MONTH: MARCH
YEAR: 2020
LATITUDE: 39 28 N
LONGITUDE: 88 17 W
TEMPERATURE IN F: :PCPN: SNOW: WIND :SUNSHINE: SKY :PK WND
================================================================================
1 2 3 4 5 6A 6B 7 8 9 10 11 12 13 14 15 16 17 18
12Z AVG MX 2MIN
DY MAX MIN AVG DEP HDD CDD WTR SNW DPTH SPD SPD DIR MIN PSBL S-S WX SPD DR
================================================================================
1 62 33 48 11 17 0 0.05 M M 14.2 25 200 M M 3 13 41 210
2 51 43 47 10 18 0 0.09 M M 6.8 22 190 M M 10 13 34 190
3 56 35 46 8 19 0 T M M 9.7 29 290 M M 4 1 38 290
4 53 33 43 5 22 0 0.00 M M 9.1 24 320 M M 1 31 300
5 58 29 44 6 21 0 0.00 M M 13.7 30 300 M M 2 40 300
6 44 29 37 -2 28 0 0.00 M M 17.6 32 300 M M 6 42 320
7 51 24 38 -1 27 0 0.00 M M 8.8 16 160 M M 0 22 140
8 64 39 52 12 13 0 0.00 M M 14.1 24 170 M M 1 36 160
9 61 50 56 16 9 0 0.36 M M 15.8 28 190 M M 5 1 41 190
10 57 39 48 8 17 0 0.02 M M 11.4 24 300 M M 9 1 32 320
11 45 40 43 2 22 0 0.00 M M 4.0 13 190 M M 10 18 19 190
12 55 43 49 8 16 0 0.10 M M 10.7 32 330 M M 10 123 43 320
13 49 33 41 -1 24 0 0.00 M M 10.5 26 320 M M 2 36 310
14 42 34 38 -4 27 0 0.28 M M 13.2 21 70 M M 10 1 27 30
15 45 32 39 -3 26 0 0.00 M M 10.1 18 40 M M 9 1 25 40
16 43 37 40 -3 25 0 T M M 5.1 12 200 M M 10 18 16 200
17 53 38 46 3 19 0 0.00 M M 6.4 16 350 M M 5 1 20 340
18 54 39 47 4 18 0 0.39 M M 6.8 16 120 M M 8 1 21 130
19 68 48 58 14 7 0 0.97 M M 13.8 25 190 M M 8 13 40 200
20 68 33 51 7 14 0 0.01 M M 18.3 30 310 M M 9 1 41 320
21 34 29 32 -12 33 0 0.00 M M 10.3 17 30 M M 8 22 20
22 36 27 32 -13 33 0 0.02 M M 6.7 16 50 M M 7 1 23 50
23 40 33 37 -8 28 0 0.00 M M 5.5 12 350 M M 10 18 16 330
24 48 36 42 -3 23 0 T M M 8.1 17 70 M M 8 28 23 70
25 57 33 45 -1 20 0 0.00 M M 7.2 16 160 M M 5 128 23 160
26 64 47 56 10 9 0 T M M 9.2 22 160 M M 4 1 30 160
27 69 51 60 14 5 0 0.13 M M 8.3 20 120 M M 8 13 26 130
28 73 65 69 22 0 4 0.02 M M 10.5 24 190 M M 6 13 39 200
29 66 45 56 9 9 0 T M M 16.4 26 250 M M 3 48 230
30 62 41 52 4 13 0 0.00 M M 10.4 20 310 M M 0 27 300
31 47 37 42 -6 23 0 0.00 M M 9.9 18 350 M M 6 24 360
================================================================================
SM 1675 1175 585 4 2.44 M 322.6 M 187
================================================================================
AV 54.0 37.9 10.4 FASTST M M 6 MAX(MPH)
MISC ----> # 32 300 # 48 230
================================================================================
NOTES:
# LAST OF SEVERAL OCCURRENCES
COLUMN 17 PEAK WIND IN M.P.H.
PRELIMINARY LOCAL CLIMATOLOGICAL DATA (WS FORM: F-6) , PAGE 2
STATION: MATTOON IL AIRPORT
MONTH: MARCH
YEAR: 2020
LATITUDE: 39 28 N
LONGITUDE: 88 17 W
[TEMPERATURE DATA] [PRECIPITATION DATA] SYMBOLS USED IN COLUMN 16
AVERAGE MONTHLY: 46.0 TOTAL FOR MONTH: 2.44 1 = FOG OR MIST
DPTR FM NORMAL: 3.5 DPTR FM NORMAL: -0.13 2 = FOG REDUCING VISIBILITY
HIGHEST: 73 ON 28 GRTST 24HR 0.97 ON 19-19 TO 1/4 MILE OR LESS
LOWEST: 24 ON 7 3 = THUNDER
SNOW, ICE PELLETS, HAIL 4 = ICE PELLETS
TOTAL MONTH: M 5 = HAIL
GRTST 24HR M ON M 6 = FREEZING RAIN OR DRIZZLE
GRTST DEPTH: M ON M 7 = DUSTSTORM OR SANDSTORM:
VSBY 1/2 MILE OR LESS
8 = SMOKE OR HAZE
[NO. OF DAYS WITH] [WEATHER - DAYS WITH] 9 = BLOWING SNOW
X = TORNADO
MAX 32 OR BELOW: 0 0.01 INCH OR MORE: 12
MAX 90 OR ABOVE: 0 0.10 INCH OR MORE: 6
MIN 32 OR BELOW: 6 0.50 INCH OR MORE: 1
MIN 0 OR BELOW: 0 1.00 INCH OR MORE: 0
[HDD (BASE 65) ]
TOTAL THIS MO. 585 CLEAR (SCALE 0-3) 7
DPTR FM NORMAL -114 PTCLDY (SCALE 4-7) 13
TOTAL FM JUL 1 4472 CLOUDY (SCALE 8-10) 11
DPTR FM NORMAL -431
[CDD (BASE 65) ]
TOTAL THIS MO. 4
DPTR FM NORMAL 3 [PRESSURE DATA]
TOTAL FM JAN 1 4 HIGHEST SLP 30.61 ON 15
DPTR FM NORMAL 3 LOWEST SLP 29.55 ON 29
[REMARKS]
#FINAL-03-20#