000
CXUS55 KBOI 111517
CF6MUO
PRELIMINARY LOCAL CLIMATOLOGICAL DATA (WS FORM: F-6)
STATION: MOUNTAIN HOME AFB
MONTH: DECEMBER
YEAR: 2023
LATITUDE: 43 2 N
LONGITUDE: 115 52 W
TEMPERATURE IN F: :PCPN: SNOW: WIND :SUNSHINE: SKY :PK WND
================================================================================
1 2 3 4 5 6A 6B 7 8 9 10 11 12 13 14 15 16 17 18
12Z AVG MX 2MIN
DY MAX MIN AVG DEP HDD CDD WTR SNW DPTH SPD SPD DIR MIN PSBL S-S WX SPD DR
================================================================================
1 37 26 32 0 33 0 0.08 M 1 5.5 17 290 M M 8 12 30 290
2 42 27 35 3 30 0 0.24 M M 8.0 16 250 M M 10 1 18 240
3 39 34 37 5 28 0 0.34 M M 7.0 15 90 M M 8 M M
4 56 36 46 14 19 0 0.09 M M 7.5 15 80 M M 5 M M
5 53 37 45 14 20 0 0.00 M M 17.6 27 100 M M 0 30 100
6 55 39 47 16 18 0 T M M 18.2 27 100 M M 5 33 110
7 51 35 43 12 22 0 0.06 M M 7.6 22 280 M M 8 33 290
8 43 29 36 5 29 0 T M M 11.3 20 290 M M 3 29 300
9 38 19 29 -1 36 0 T M M 11.6 20 80 M M 4 M M
10 43 31 37 7 28 0 0.03 M M 9.3 14 100 M M 9 M M
11 40 34 37 7 28 0 0.02 M M 7.1 13 100 M M 9 M M
12 44 33 39 9 26 0 T M M 8.7 15 300 M M 8 1 M M
13 44 27 36 6 29 0 0.00 M M 3.8 8 360 M M 6 M M
14 38 23 31 2 34 0 0.00 M M 7.3 17 90 M M 6 1 M M
15 38 24 31 2 34 0 0.00 M M 6.8 15 110 M M 4 1 M M
16 32 19 26 -3 39 0 T M M 2.5 7 220 M M 5 126 M M
17 30 26 28 -1 37 0 0.00 M M 3.0 8 120 M M 10 12 M M
18 36 28 32 3 33 0 T M M 3.3 9 180 M M 9 12 M M
19 49 28 39 10 26 0 T M M 8.0 18 110 M M 8 12 M M
20 51 28 40 11 25 0 T M M 1.9 8 330 M M 5 12 M M
21 34 26 30 1 35 0 T M M 1.7 5 270 M M 8 12 M M
22 40 29 35 6 30 0 0.06 M M 5.9 15 300 M M 9 12 M M
23 38 22 30 1 35 0 0.00 M M 16.3 28 290 M M 1 35 290
24 37 15 26 -3 39 0 0.00 M M 6.3 16 90 M M 1 M M
25 36 16 26 -3 39 0 0.00 M M 5.8 15 100 M M 1 M M
26 30 24 27 -2 38 0 0.01 M M 10.3 16 100 M M 9 M M
27 39 28 34 5 31 0 T M M 16.2 27 110 M M 6 33 110
28 44 27 36 7 29 0 0.00 M M 9.2 18 100 M M 1 M M
29 48 24 36 7 29 0 0.00 M M 10.0 21 130 M M 2 25 130
30 48 27 38 9 27 0 0.00 M M 5.6 13 150 M M 2 M M
31 44 22 33 4 32 0 0.00 M M 1.9 5 210 M M 1 M M
================================================================================
SM 1297 843 938 0 0.93 M 245.2 M 171
================================================================================
AV 41.8 27.2 7.9 FASTST M M 6 MAX(MPH)
MISC ----> 28 290 35 290
================================================================================
NOTES:
# LAST OF SEVERAL OCCURRENCES
COLUMN 17 PEAK WIND IN M.P.H.
PRELIMINARY LOCAL CLIMATOLOGICAL DATA (WS FORM: F-6) , PAGE 2
STATION: MOUNTAIN HOME AFB
MONTH: DECEMBER
YEAR: 2023
LATITUDE: 43 2 N
LONGITUDE: 115 52 W
[TEMPERATURE DATA] [PRECIPITATION DATA] SYMBOLS USED IN COLUMN 16
AVERAGE MONTHLY: 34.5 TOTAL FOR MONTH: 0.93 1 = FOG OR MIST
DPTR FM NORMAL: 4.8 DPTR FM NORMAL: -0.63 2 = FOG REDUCING VISIBILITY
HIGHEST: 56 ON 4 GRTST 24HR 0.34 ON 3- 3 TO 1/4 MILE OR LESS
LOWEST: 15 ON 24 3 = THUNDER
SNOW, ICE PELLETS, HAIL 4 = ICE PELLETS
TOTAL MONTH: M 5 = HAIL
GRTST 24HR M ON M 6 = FREEZING RAIN OR DRIZZLE
GRTST DEPTH: 1 ON 1 7 = DUSTSTORM OR SANDSTORM:
VSBY 1/2 MILE OR LESS
8 = SMOKE OR HAZE
[NO. OF DAYS WITH] [WEATHER - DAYS WITH] 9 = BLOWING SNOW
X = TORNADO
MAX 32 OR BELOW: 3 0.01 INCH OR MORE: 9
MAX 90 OR ABOVE: 0 0.10 INCH OR MORE: 2
MIN 32 OR BELOW: 24 0.50 INCH OR MORE: 0
MIN 0 OR BELOW: 0 1.00 INCH OR MORE: 0
[HDD (BASE 65) ]
TOTAL THIS MO. 938 CLEAR (SCALE 0-3) 8
DPTR FM NORMAL -151 PTCLDY (SCALE 4-7) 12
TOTAL FM JUL 1 2148 CLOUDY (SCALE 8-10) 11
DPTR FM NORMAL -276
[CDD (BASE 65) ]
TOTAL THIS MO. 0
DPTR FM NORMAL 0 [PRESSURE DATA]
TOTAL FM JAN 1 933 HIGHEST SLP M ON M
DPTR FM NORMAL 20 LOWEST SLP M ON M
[REMARKS]
#FINAL-12-23#