000
CXUS51 KBTV 010700
CF6MVL
PRELIMINARY LOCAL CLIMATOLOGICAL DATA (WS FORM: F-6)
STATION: MORRISVILLE VT
MONTH: JULY
YEAR: 2021
LATITUDE: 44 31 N
LONGITUDE: 72 37 W
TEMPERATURE IN F: :PCPN: SNOW: WIND :SUNSHINE: SKY :PK WND
================================================================================
1 2 3 4 5 6A 6B 7 8 9 10 11 12 13 14 15 16 17 18
12Z AVG MX 2MIN
DY MAX MIN AVG DEP HDD CDD WTR SNW DPTH SPD SPD DIR MIN PSBL S-S WX SPD DR
================================================================================
1 76 62 69 3 0 4 T M M 4.6 13 360 M M 5 16 330
2 66 58 62 -4 3 0 0.29 M M 3.9 10 30 M M 10 1 14 30
3 62 56 59 -7 6 0 0.14 M M 1.0 9 200 M M 10 1 12 200
4 69 56 63 -3 2 0 0.00 M M 3.0 13 340 M M 10 16 330
5 79 53 66 0 0 1 T M M 3.4 12 210 M M 5 12 18 200
6 86 64 75 8 0 10 0.02 M M 5.1 18 340 M M 7 1 27 340
7 68 53 61 -6 4 0 T M M 4.9 13 10 M M 7 1 17 40
8 66 52 59 -8 6 0 0.46 M M 3.8 18 180 M M 8 1 24 190
9 78 54 66 -1 0 1 0.20 M M 4.7 16 320 M M 8 1 23 330
10 79 51 65 -2 0 0 0.00 M M 3.2 14 10 M M 2 12 17 20
11 79 47 63 -4 2 0 0.00 M M 1.0 9 360 M M 4 12 13 330
12 82 60 71 4 0 6 0.00 M M 3.2 9 190 M M 2 1 12 230
13 70 64 67 0 0 2 0.44 M M 4.9 16 180 M M 10 1 24 180
14 84 64 74 7 0 9 0.11 M M 5.4 15 200 M M 6 12 21 220
15 86 63 75 8 0 10 0.00 M M 3.1 13 180 M M 4 12 16 160
16 80 62 71 4 0 6 T M M 5.0 18 10 M M 3 24 340
17 77 60 69 2 0 4 0.17 M M 1.6 8 210 M M 3 1 10 220
18 69 62 66 -1 0 1 1.27 M M 5.2 13 10 M M 10 1 18 20
19 72 62 67 0 0 2 0.17 M M 1.4 10 10 M M 7 1 12 10
20 80 61 71 4 0 6 1.09 M M 3.6 23 210 M M 7 1238 33 230
21 66 53 60 -7 5 0 0.01 M M 3.8 12 10 M M 9 12 M M
22 76 53 65 -2 0 0 0.00 M M 3.4 14 330 M M 6 12 20 350
23 78 52 65 -2 0 0 0.00 M M 4.2 15 360 M M 3 1 20 320
24 81 49 65 -2 0 0 0.00 M M 1.3 13 150 M M 3 12 16 150
25 82 59 71 4 0 6 0.47 M M 3.9 13 340 M M 6 12 18 340
26 82 62 72 5 0 7 0.00 M M 2.3 9 220 M M 7 128 14 240
27 77 56 67 0 0 2 0.21 M M 1.7 13 10 M M 5 1 16 10
28 73 47 60 -7 5 0 0.00 M M 2.9 15 20 M M 5 12 19 20
29 73 44 59 -8 6 0 0.01 M M 1.1 10 210 M M 6 12 14 190
30 66 56 61 -6 4 0 0.26 M M 6.0 17 310 M M 9 12 24 320
31 72 54 63 -4 2 0 0.00 M M 4.3 15 360 M M 4 23 340
================================================================================
SM 2334 1749 45 77 5.32 M 106.9 M 191
================================================================================
AV 75.3 56.4 3.4 FASTST M M 6 MAX(MPH)
MISC ----> 23 210 33 230
================================================================================
NOTES:
# LAST OF SEVERAL OCCURRENCES
COLUMN 17 PEAK WIND IN M.P.H.
PRELIMINARY LOCAL CLIMATOLOGICAL DATA (WS FORM: F-6) , PAGE 2
STATION: MORRISVILLE VT
MONTH: JULY
YEAR: 2021
LATITUDE: 44 31 N
LONGITUDE: 72 37 W
[TEMPERATURE DATA] [PRECIPITATION DATA] SYMBOLS USED IN COLUMN 16
AVERAGE MONTHLY: 65.9 TOTAL FOR MONTH: 5.32 1 = FOG OR MIST
DPTR FM NORMAL: -1.0 DPTR FM NORMAL: 1.11 2 = FOG REDUCING VISIBILITY
HIGHEST: 86 ON 15, 6 GRTST 24HR 1.43 ON 17-18 TO 1/4 MILE OR LESS
LOWEST: 44 ON 29 3 = THUNDER
SNOW, ICE PELLETS, HAIL 4 = ICE PELLETS
TOTAL MONTH: M 5 = HAIL
GRTST 24HR M ON M 6 = FREEZING RAIN OR DRIZZLE
GRTST DEPTH: M ON M 7 = DUSTSTORM OR SANDSTORM:
VSBY 1/2 MILE OR LESS
8 = SMOKE OR HAZE
[NO. OF DAYS WITH] [WEATHER - DAYS WITH] 9 = BLOWING SNOW
X = TORNADO
MAX 32 OR BELOW: 0 0.01 INCH OR MORE: 16
MAX 90 OR ABOVE: 0 0.10 INCH OR MORE: 13
MIN 32 OR BELOW: 0 0.50 INCH OR MORE: 2
MIN 0 OR BELOW: 0 1.00 INCH OR MORE: 2
[HDD (BASE 65) ]
TOTAL THIS MO. 45 CLEAR (SCALE 0-3) 5
DPTR FM NORMAL 7 PTCLDY (SCALE 4-7) 18
TOTAL FM JUL 1 45 CLOUDY (SCALE 8-10) 8
DPTR FM NORMAL 9
[CDD (BASE 65) ]
TOTAL THIS MO. 77
DPTR FM NORMAL -21 [PRESSURE DATA]
TOTAL FM JAN 1 224 HIGHEST SLP M ON M
DPTR FM NORMAL 73 LOWEST SLP 29.70 ON 30
[REMARKS]
#FINAL-07-21#