000
CXUS54 KLZK 011330
CF6MWT
PRELIMINARY LOCAL CLIMATOLOGICAL DATA (WS FORM: F-6)
STATION: MOUNT IDA
MONTH: JANUARY
YEAR: 2023
LATITUDE: 34 32 N
LONGITUDE: 93 35 W
TEMPERATURE IN F: :PCPN: SNOW: WIND :SUNSHINE: SKY :PK WND
================================================================================
1 2 3 4 5 6A 6B 7 8 9 10 11 12 13 14 15 16 17 18
12Z AVG MX 2MIN
DY MAX MIN AVG DEP HDD CDD WTR SNW DPTH SPD SPD DIR MIN PSBL S-S WX SPD DR
================================================================================
1 73 44 59 17 6 0 0.00 0.0 M 3.7 10 170 M M 2 1 18 180
2 73 65 69 27 0 4 2.10 0.0 0 5.0 16 120 M M 10 13 31 240
3 70 48 59 17 6 0 0.20 0.0 0 1.6 12 250 M M 4 1 20 250
4 57 33 45 3 20 0 0.00 0.0 0 3.3 12 290 M M 0 16 300
5 60 31 46 4 19 0 0.00 0.0 M 2.4 15 300 M M 0 23 330
6 62 28 45 3 20 0 0.00 0.0 M 2.5 12 110 M M 2 16 110
7 69 48 59 17 6 0 0.00 0.0 M 2.9 10 200 M M 4 19 210
8 60 32 46 4 19 0 0.00 0.0 0 2.2 9 320 M M 0 12 290
9 60 27 44 2 21 0 0.00 0.0 M 1.5 10 110 M M 0 15 170
10 69 33 51 9 14 0 0.00 0.0 M 1.3 9 170 M M 0 15 170
11 75 50 63 21 2 0 0.03 M M 3.3 13 150 M M 1 12 27 200
12 66 34 50 8 15 0 0.00 0.0 M 8.1 21 280 M M 6 29 270
13 50 28 39 -3 26 0 0.00 0.0 M 3.6 10 310 M M 0 17 290
14 50 21 36 -6 29 0 0.00 0.0 M 1.8 10 110 M M 0 13 110
15 60 36 48 6 17 0 0.00 0.0 M 5.6 15 130 M M 7 21 110
16 69 50 60 18 5 0 0.01 M M 3.7 12 190 M M 5 1 20 190
17 69 42 56 14 9 0 0.01 M M 0.4 6 60 M M 3 12 9 90
18 67 42 55 13 10 0 0.14 M M 1.8 14 290 M M 6 1 25 270
19 54 32 43 1 22 0 0.00 0.0 0 3.4 15 290 M M 0 24 300
20 58 29 44 2 21 0 0.00 0.0 0 0.8 8 110 M M 0 10 330
21 54 30 42 0 23 0 0.04 M M 2.0 14 110 M M 8 17 120
22 45 39 42 0 23 0 0.00 0.0 0 3.4 12 300 M M 9 1 19 260
23 53 27 40 -2 25 0 0.00 0.0 0 1.2 7 120 M M 0 10 90
24 37 28 33 -9 32 0 1.53 M M 0.9 7 290 M M 7 1 13 50
25 38 33 36 -6 29 0 0.07 M M 4.0 12 280 M M 9 1 19 280
26 48 27 38 -4 27 0 0.00 0.0 M 3.7 12 310 M M 0 19 310
27 60 24 42 0 23 0 0.00 0.0 M 2.7 13 250 M M 0 26 210
28 52 44 48 6 17 0 0.57 0.0 0 2.0 13 130 M M 8 1 19 100
29 63 36 50 7 15 0 0.18 0.0 0 2.2 9 320 M M 8 12 14 330
30 37 32 35 -8 30 0 0.59 T 0 3.1 7 360 M M 10 14 11 300
31 33 28 31 -12 34 0 0.05 M M 2.9 7 310 M M 10 146 13 330
================================================================================
SM 1791 1101 565 4 5.52 T 87.0 M 119
================================================================================
AV 57.8 35.5 2.8 FASTST M M 4 MAX(MPH)
MISC ----> 21 280 31 240
================================================================================
NOTES:
# LAST OF SEVERAL OCCURRENCES
COLUMN 17 PEAK WIND IN M.P.H.
PRELIMINARY LOCAL CLIMATOLOGICAL DATA (WS FORM: F-6) , PAGE 2
STATION: MOUNT IDA
MONTH: JANUARY
YEAR: 2023
LATITUDE: 34 32 N
LONGITUDE: 93 35 W
[TEMPERATURE DATA] [PRECIPITATION DATA] SYMBOLS USED IN COLUMN 16
AVERAGE MONTHLY: 46.6 TOTAL FOR MONTH: 5.52 1 = FOG OR MIST
DPTR FM NORMAL: 4.8 DPTR FM NORMAL: 1.71 2 = FOG REDUCING VISIBILITY
HIGHEST: 75 ON 11 GRTST 24HR 4.26 ON 2- 3 TO 1/4 MILE OR LESS
LOWEST: 21 ON 14 3 = THUNDER
SNOW, ICE PELLETS, HAIL 4 = ICE PELLETS
TOTAL MONTH: T 5 = HAIL
GRTST 24HR T ON 30-30 6 = FREEZING RAIN OR DRIZZLE
GRTST DEPTH: 0 7 = DUSTSTORM OR SANDSTORM:
VSBY 1/2 MILE OR LESS
8 = SMOKE OR HAZE
[NO. OF DAYS WITH] [WEATHER - DAYS WITH] 9 = BLOWING SNOW
X = TORNADO
MAX 32 OR BELOW: 0 0.01 INCH OR MORE: 13
MAX 90 OR ABOVE: 0 0.10 INCH OR MORE: 7
MIN 32 OR BELOW: 15 0.50 INCH OR MORE: 4
MIN 0 OR BELOW: 0 1.00 INCH OR MORE: 2
[HDD (BASE 65) ]
TOTAL THIS MO. 565 CLEAR (SCALE 0-3) 16
DPTR FM NORMAL -154 PTCLDY (SCALE 4-7) 9
TOTAL FM JUL 1 1773 CLOUDY (SCALE 8-10) 6
DPTR FM NORMAL -195
[CDD (BASE 65) ]
TOTAL THIS MO. 4
DPTR FM NORMAL 3 [PRESSURE DATA]
TOTAL FM JAN 1 4 HIGHEST SLP 30.39 ON 31
DPTR FM NORMAL 3 LOWEST SLP 29.59 ON 18
[REMARKS]
#FINAL-01-23#