000
CXUS56 KSTO 070031
CF6MYV
PRELIMINARY LOCAL CLIMATOLOGICAL DATA (WS FORM: F-6)
STATION: MARYSVILLE
MONTH: DECEMBER
YEAR: 2021
LATITUDE: 39 6 N
LONGITUDE: 121-34 E
TEMPERATURE IN F: :PCPN: SNOW: WIND :SUNSHINE: SKY :PK WND
================================================================================
1 2 3 4 5 6A 6B 7 8 9 10 11 12 13 14 15 16 17 18
12Z AVG MX 2MIN
DY MAX MIN AVG DEP HDD CDD WTR SNW DPTH SPD SPD DIR MIN PSBL S-S WX SPD DR
================================================================================
1 69 38 54 6 11 0 0.00 M M 0.6 5 70 M M 0 128 6 160
2 69 39 54 6 11 0 0.00 M M 1.7 6 170 M M 2 128 7 290
3 64 37 51 3 14 0 0.00 M M 2.0 8 150 M M 4 128 9 160
4 52 47 50 2 15 0 0.00 0.0 M 2.3 8 330 M M 10 128 10 130
5 54 39 47 0 18 0 0.00 M M 3.3 10 130 M M 7 1 12 120
6 49 40 45 -2 20 0 0.05 0.0 M 1.7 8 260 M M 10 18 10 330
7 52 47 50 3 15 0 0.00 0.0 M 6.0 14 170 M M 10 18 17 140
8 52 46 49 2 16 0 0.00 0.0 M 4.6 9 150 M M 10 128 11 140
9 59 36 48 1 17 0 0.15 0.0 M 5.6 15 340 M M 5 1 20 340
10 57 35 46 -1 19 0 0.00 M M 4.6 13 340 M M 0 15 350
11 52 33 43 -4 22 0 0.00 M M 4.3 14 140 M M 1 16 140
12 52 47 50 4 15 0 0.33 M M 15.6 29 160 M M 10 18 36 150
13 52 45 49 3 16 0 2.04 M M 23.7 39 160 M M 10 1 49 180
14 51 37 44 -2 21 0 0.17 M M 6.0 16 140 M M 5 1 21 140
15 50 37 44 -2 21 0 0.25 M M 19.7 39 160 M M 8 1 49 160
16 51 41 46 0 19 0 0.08 M M 10.2 32 160 M M 7 1 42 160
17 51 34 43 -3 22 0 0.00 M M 3.7 10 330 M M 3 12 14 330
18 42 34 38 -8 27 0 0.00 M M 2.7 7 180 M M 10 128 9 360
19 45 34 40 -6 25 0 0.00 M M 2.7 7 280 M M 8 18 10 270
20 47 33 40 -6 25 0 0.00 M M 2.5 7 320 M M 5 12 9 240
21 45 34 40 -6 25 0 0.32 M M 4.4 14 300 M M 10 128 17 300
22 51 42 47 1 18 0 0.21 M M 3.4 14 160 M M 10 18 17 160
23 57 50 54 8 11 0 0.74 0.0 M 11.2 18 160 M M 9 1 22 150
24 57 48 53 7 12 0 0.04 0.0 M 13.0 22 160 M M 7 1 28 170
25 50 43 47 1 18 0 0.42 0.0 M 17.2 29 160 M M 8 1 36 160
26 45 37 41 -5 24 0 0.02 0.0 M 14.3 23 150 M M 6 32 150
27 52 41 47 1 18 0 0.01 M M 11.5 22 160 M M 7 27 170
28 46 37 42 -4 23 0 0.05 M M 4.6 12 170 M M 9 15 180
29 44 40 42 -4 23 0 0.75 M M 6.8 14 130 M M 10 1 17 130
30 51 39 45 -1 20 0 0.00 0.0 M 3.3 10 340 M M 6 1 14 340
31 53 36 45 -1 20 0 0.00 0.0 M 5.8 17 330 M M 2 22 320
================================================================================
SM 1621 1226 581 0 5.63 0.0 219.0 M 209
================================================================================
AV 52.3 39.5 7.1 FASTST M M 7 MAX(MPH)
MISC ----> # 39 160 # 49 180
================================================================================
NOTES:
# LAST OF SEVERAL OCCURRENCES
COLUMN 17 PEAK WIND IN M.P.H.
PRELIMINARY LOCAL CLIMATOLOGICAL DATA (WS FORM: F-6) , PAGE 2
STATION: MARYSVILLE
MONTH: DECEMBER
YEAR: 2021
LATITUDE: 39 6 N
LONGITUDE: 121-34 E
[TEMPERATURE DATA] [PRECIPITATION DATA] SYMBOLS USED IN COLUMN 16
AVERAGE MONTHLY: 45.9 TOTAL FOR MONTH: 5.63 1 = FOG OR MIST
DPTR FM NORMAL: -0.7 DPTR FM NORMAL: 1.95 2 = FOG REDUCING VISIBILITY
HIGHEST: 69 ON 2, 1 GRTST 24HR 2.04 ON 13-13 TO 1/4 MILE OR LESS
LOWEST: 33 ON 11,20 3 = THUNDER
SNOW, ICE PELLETS, HAIL 4 = ICE PELLETS
TOTAL MONTH: 0.0 INCH 5 = HAIL
GRTST 24HR 0.0 6 = FREEZING RAIN OR DRIZZLE
GRTST DEPTH: M ON M 7 = DUSTSTORM OR SANDSTORM:
VSBY 1/2 MILE OR LESS
8 = SMOKE OR HAZE
[NO. OF DAYS WITH] [WEATHER - DAYS WITH] 9 = BLOWING SNOW
X = TORNADO
MAX 32 OR BELOW: 0 0.01 INCH OR MORE: 16
MAX 90 OR ABOVE: 0 0.10 INCH OR MORE: 10
MIN 32 OR BELOW: 0 0.50 INCH OR MORE: 3
MIN 0 OR BELOW: 0 1.00 INCH OR MORE: 1
[HDD (BASE 65) ]
TOTAL THIS MO. 581 CLEAR (SCALE 0-3) 6
DPTR FM NORMAL 9 PTCLDY (SCALE 4-7) 12
TOTAL FM JUL 1 970 CLOUDY (SCALE 8-10) 13
DPTR FM NORMAL -64
[CDD (BASE 65) ]
TOTAL THIS MO. 0
DPTR FM NORMAL 0 [PRESSURE DATA]
TOTAL FM JAN 1 1861 HIGHEST SLP 30.37 ON 18
DPTR FM NORMAL 362 LOWEST SLP 29.63 ON 13
[REMARKS]
#FINAL-12-21#