000
CXUS53 KBIS 010830
CF6N60
PRELIMINARY LOCAL CLIMATOLOGICAL DATA (WS FORM: F-6)
STATION: GARRISON (AMOS) ND
MONTH: OCTOBER
YEAR: 2022
LATITUDE: 47 39 N
LONGITUDE: 101 23 W
TEMPERATURE IN F: :PCPN: SNOW: WIND :SUNSHINE: SKY :PK WND
================================================================================
1 2 3 4 5 6A 6B 7 8 9 10 11 12 13 14 15 16 17 18
12Z AVG MX 2MIN
DY MAX MIN AVG DEP HDD CDD WTR SNW DPTH SPD SPD DIR MIN PSBL S-S WX SPD DR
================================================================================
1 60 51 56 5 9 0 0.10 M M 9.4 18 70 M M 0 26 80
2 68 48 58 8 7 0 0.00 M M 4.2 12 70 M M 0 18 40
3 70 48 59 9 6 0 0.00 M M 7.8 16 290 M M 0 21 300
4 71 48 60 10 5 0 0.00 M M 4.8 10 310 M M 0 17 310
5 74 42 58 9 7 0 0.00 M M 10.2 23 20 M M 0 36 20
6 46 26 36 -12 29 0 0.00 M M 7.4 15 70 M M 0 26 20
7 56 20 38 -10 27 0 0.00 M M 6.1 17 230 M M 0 24 230
8 68 39 54 7 11 0 0.00 M M 8.9 20 300 M M 0 27 300
9 65 37 51 4 14 0 0.00 M M 5.9 12 110 M M 0 17 130
10 75 35 55 9 10 0 0.00 M M 4.7 14 160 M M 0 20 170
11 59 42 51 5 14 0 0.00 M M 13.5 35 300 M M 0 52 300
12 54 37 46 1 19 0 0.01 M M 21.4 41 310 M M 0 57 300
13 54 32 43 -2 22 0 0.00 M M 24.6 45 310 M M 0 64 310
14 52 34 43 -1 22 0 0.00 M M 12.9 22 320 M M 0 31 340
15 55 28 42 -2 23 0 0.00 M M 16.1 28 320 M M 0 38 320
16 45 22 34 -9 31 0 0.00 M M 9.5 21 330 M M 0 27 340
17 43 31 37 -6 28 0 0.00 M M 7.5 13 110 M M 0 20 110
18 53 24 39 -3 26 0 0.00 M M 8.6 15 170 M M 0 20 170
19 74 29 52 10 13 0 0.00 M M 8.1 23 340 M M 0 32 330
20 76 34 55 14 10 0 0.00 M M 9.1 26 310 M M 0 34 310
21 53 37 45 4 20 0 0.02 M M 8.6 22 320 M M 0 29 330
22 50 41 46 6 19 0 0.01 M M 7.5 16 40 M M 0 28 50
23 52 42 47 7 18 0 0.04 M M 15.1 23 20 M M 0 39 20
24 42 32 37 -2 28 0 0.54 M M 22.9 35 310 M M 0 50 340
25 40 25 33 -6 32 0 0.00 M M 6.3 22 300 M M 0 27 300
26 53 30 42 4 23 0 0.00 M M 4.2 10 170 M M 0 13 170
27 57 32 45 7 20 0 0.00 M M 8.9 20 230 M M 0 27 230
28 61 35 48 11 17 0 0.00 M M 8.8 16 230 M M 0 23 230
29 61 34 48 11 17 0 0.00 M M 7.9 21 310 M M 0 26 300
30 64 25 45 9 20 0 0.00 M M 6.1 17 200 M M 0 23 220
31 62 38 50 14 15 0 0.00 M M 5.5 14 250 M M 0 18 220
================================================================================
SM 1813 1078 562 0 0.72 M 302.5 M 0
================================================================================
AV 58.5 34.8 9.8 FASTST M M 0 MAX(MPH)
MISC ----> 45 310 64 310
================================================================================
NOTES:
# LAST OF SEVERAL OCCURRENCES
COLUMN 17 PEAK WIND IN M.P.H.
PRELIMINARY LOCAL CLIMATOLOGICAL DATA (WS FORM: F-6) , PAGE 2
STATION: GARRISON (AMOS) ND
MONTH: OCTOBER
YEAR: 2022
LATITUDE: 47 39 N
LONGITUDE: 101 23 W
[TEMPERATURE DATA] [PRECIPITATION DATA] SYMBOLS USED IN COLUMN 16
AVERAGE MONTHLY: 46.6 TOTAL FOR MONTH: 0.72 1 = FOG OR MIST
DPTR FM NORMAL: 3.3 DPTR FM NORMAL: -0.52 2 = FOG REDUCING VISIBILITY
HIGHEST: 76 ON 20 GRTST 24HR 0.58 ON 23-24 TO 1/4 MILE OR LESS
LOWEST: 20 ON 7 3 = THUNDER
SNOW, ICE PELLETS, HAIL 4 = ICE PELLETS
TOTAL MONTH: M 5 = HAIL
GRTST 24HR M ON M 6 = FREEZING RAIN OR DRIZZLE
GRTST DEPTH: M ON M 7 = DUSTSTORM OR SANDSTORM:
VSBY 1/2 MILE OR LESS
8 = SMOKE OR HAZE
[NO. OF DAYS WITH] [WEATHER - DAYS WITH] 9 = BLOWING SNOW
X = TORNADO
MAX 32 OR BELOW: 0 0.01 INCH OR MORE: 6
MAX 90 OR ABOVE: 0 0.10 INCH OR MORE: 2
MIN 32 OR BELOW: 13 0.50 INCH OR MORE: 1
MIN 0 OR BELOW: 0 1.00 INCH OR MORE: 0
[HDD (BASE 65) ]
TOTAL THIS MO. 562 CLEAR (SCALE 0-3) 31
DPTR FM NORMAL -112 PTCLDY (SCALE 4-7) 0
TOTAL FM JUL 1 710 CLOUDY (SCALE 8-10) 0
DPTR FM NORMAL -283
[CDD (BASE 65) ]
TOTAL THIS MO. 0
DPTR FM NORMAL -1 [PRESSURE DATA]
TOTAL FM JAN 1 526 HIGHEST SLP 30.67 ON 7
DPTR FM NORMAL 190 LOWEST SLP 29.28 ON 24
[REMARKS]
#FINAL-10-22#