000
CXUS51 KOKX 022148
CF6NYC
PRELIMINARY LOCAL CLIMATOLOGICAL DATA (WS FORM: F-6)
STATION: CENTRAL PARK NY
MONTH: MAY
YEAR: 2020
LATITUDE: 40 46 N
LONGITUDE: 73 58 W
TEMPERATURE IN F: :PCPN: SNOW: WIND :SUNSHINE: SKY :PK WND
================================================================================
1 2 3 4 5 6A 6B 7 8 9 10 11 12 13 14 15 16 17 18
12Z AVG MX 2MIN
DY MAX MIN AVG DEP HDD CDD WTR SNW DPTH SPD SPD DIR MIN PSBL S-S WX SPD DR
================================================================================
1 66 53 60 2 5 0 0.21 0.0 0 3.9 14 300 M M 9 1 23 300
2 73 51 62 4 3 0 T 0.0 0 6.1 15 250 M M 1 23 280
3 80 54 67 8 0 2 0.04 0.0 0 5.5 14 220 M M 3 1 21 220
4 75 50 63 4 2 0 T 0.0 0 5.9 18 290 M M 5 37 310
5 63 46 55 -4 10 0 0.00 0.0 0 6.8 14 280 M M 0 22 250
6 52 45 49 -11 16 0 0.06 0.0 0 5.5 14 60 M M 9 1 20 60
7 67 46 57 -3 8 0 0.00 0.0 0 6.0 14 290 M M 5 23 250
8 57 36 47 -13 18 0 0.45 0.0 0 4.3 15 300 M M 9 1 26 310
9 48 34 41 -19 24 0 0.03 T 0 9.0 21 280 M M 4 1 36 280
10 64 39 52 -9 13 0 0.00 0.0 0 7.4 18 250 M M 0 28 230
11 61 44 53 -8 12 0 0.05 0.0 0 5.7 20 270 M M 5 1 36 240
12 59 43 51 -10 14 0 0.00 0.0 0 7.8 17 280 M M 4 29 260
13 64 41 53 -9 12 0 0.00 0.0 0 5.3 13 280 M M 0 23 280
14 67 47 57 -5 8 0 T 0.0 0 2.3 10 160 M M 2 19 130
15 84 60 72 10 0 7 0.07 0.0 0 4.8 14 260 M M 5 18 23 220
16 77 59 68 6 0 3 0.01 0.0 0 3.9 12 150 M M 3 20 250
17 69 55 62 -1 3 0 T 0.0 0 3.2 10 130 M M 5 16 120
18 70 54 62 -1 3 0 0.00 0.0 0 M M M M M 5 M M
19 68 53 61 -2 4 0 0.00 0.0 0 M M M M M 0 M M
20 66 49 58 -6 7 0 0.00 0.0 0 M M M M M 0 M M
21 68 46 57 -7 8 0 0.00 0.0 0 M M M M M 0 M M
22 77 54 66 2 0 1 0.03 0.0 0 M M M M M 5 1 M M
23 67 55 61 -3 4 0 0.65 0.0 0 M M M M M 10 123 M M
24 67 52 60 -5 5 0 0.00 0.0 0 M M M M M 7 M M
25 71 55 63 -2 2 0 0.00 0.0 0 M M M M M 6 1 M M
26 78 58 68 3 0 3 0.00 0.0 0 M M M M M 4 18 M M
27 79 60 70 4 0 5 0.00 0.0 0 M M M M M 3 8 M M
28 76 64 70 4 0 5 T 0.0 0 M M M M M 10 1 M M
29 81 67 74 8 0 9 0.03 0.0 0 M M M M M 7 13 M M
30 81 67 74 8 0 9 0.02 0.0 0 M M M M M 3 M M
31 70 56 63 -4 2 0 0.00 0.0 0 M M M M M 1 M M
================================================================================
SM 2145 1593 183 44 1.65 T 93.4 M 130
================================================================================
AV 69.2 51.4 5.5 FASTST M M 4 MAX(MPH)
MISC ----> # 21 280 # 37 310
================================================================================
NOTES:
# LAST OF SEVERAL OCCURRENCES
COLUMN 17 PEAK WIND IN M.P.H.
PRELIMINARY LOCAL CLIMATOLOGICAL DATA (WS FORM: F-6) , PAGE 2
STATION: CENTRAL PARK NY
MONTH: MAY
YEAR: 2020
LATITUDE: 40 46 N
LONGITUDE: 73 58 W
[TEMPERATURE DATA] [PRECIPITATION DATA] SYMBOLS USED IN COLUMN 16
AVERAGE MONTHLY: 60.3 TOTAL FOR MONTH: 1.65 1 = FOG OR MIST
DPTR FM NORMAL: -2.1 DPTR FM NORMAL: -2.54 2 = FOG REDUCING VISIBILITY
HIGHEST: 84 ON 15 GRTST 24HR 0.71 ON 30- 1 TO 1/4 MILE OR LESS
LOWEST: 34 ON 9 3 = THUNDER
SNOW, ICE PELLETS, HAIL 4 = ICE PELLETS
TOTAL MONTH: T 5 = HAIL
GRTST 24HR T ON 9- 9 6 = FREEZING RAIN OR DRIZZLE
GRTST DEPTH: 0 7 = DUSTSTORM OR SANDSTORM:
VSBY 1/2 MILE OR LESS
8 = SMOKE OR HAZE
[NO. OF DAYS WITH] [WEATHER - DAYS WITH] 9 = BLOWING SNOW
X = TORNADO
MAX 32 OR BELOW: 0 0.01 INCH OR MORE: 12
MAX 90 OR ABOVE: 0 0.10 INCH OR MORE: 3
MIN 32 OR BELOW: 0 0.50 INCH OR MORE: 1
MIN 0 OR BELOW: 0 1.00 INCH OR MORE: 0
[HDD (BASE 65) ]
TOTAL THIS MO. 183 CLEAR (SCALE 0-3) 11
DPTR FM NORMAL 45 PTCLDY (SCALE 4-7) 15
TOTAL FM JUL 1 4271 CLOUDY (SCALE 8-10) 5
DPTR FM NORMAL -460
[CDD (BASE 65) ]
TOTAL THIS MO. 44
DPTR FM NORMAL -13 [PRESSURE DATA]
TOTAL FM JAN 1 44 HIGHEST SLP 30.46 ON 20
DPTR FM NORMAL -25 LOWEST SLP 29.57 ON 8
[REMARKS]
#FINAL-05-20#