000
CXUS55 KPSR 011005
CF6NYL
PRELIMINARY LOCAL CLIMATOLOGICAL DATA (WS FORM: F-6)
STATION: YUMA AZ
MONTH: FEBRUARY
YEAR: 2022
LATITUDE: 32 39 N
LONGITUDE: 114 37 W
TEMPERATURE IN F: :PCPN: SNOW: WIND :SUNSHINE: SKY :PK WND
================================================================================
1 2 3 4 5 6A 6B 7 8 9 10 11 12 13 14 15 16 17 18
12Z AVG MX 2MIN
DY MAX MIN AVG DEP HDD CDD WTR SNW DPTH SPD SPD DIR MIN PSBL S-S WX SPD DR
================================================================================
1 72 50 61 1 4 0 0.00 M M 5.9 16 10 M M 5 23 360
2 62 51 57 -3 8 0 0.00 M M 16.5 31 360 M M 0 78 41 340
3 61 43 52 -8 13 0 0.00 M M 10.1 21 350 M M 0 27 340
4 68 40 54 -6 11 0 0.00 M M 9.4 17 30 M M 0 24 40
5 69 43 56 -5 9 0 0.00 M M 7.2 17 350 M M 0 21 20
6 77 40 59 -2 6 0 0.00 M M 6.8 18 20 M M 0 24 20
7 77 51 64 3 1 0 0.00 M M 9.3 20 30 M M 0 23 40
8 78 47 63 2 2 0 0.00 M M 7.7 17 340 M M 0 22 350
9 83 49 66 5 0 1 0.00 M M 8.2 21 20 M M 0 27 30
10 84 58 71 10 0 6 0.00 M M 12.0 28 10 M M 0 35 20
11 86 51 69 8 0 4 0.00 M M 5.4 18 360 M M 0 25 350
12 86 55 71 10 0 6 0.00 M M 8.3 21 30 M M 0 23 40
13 85 52 69 7 0 4 0.00 M M 7.9 17 40 M M 0 20 40
14 84 50 67 5 0 2 0.00 M M 4.6 15 30 M M 0 19 30
15 78 50 64 2 1 0 0.00 M M 14.3 28 300 M M 0 78 36 300
16 69 46 58 -4 7 0 0.00 M M 8.8 24 300 M M 1 7 32 300
17 71 47 59 -3 6 0 0.00 M M 9.0 28 20 M M 0 34 360
18 75 41 58 -4 7 0 0.00 M M 4.4 12 350 M M 0 16 30
19 81 46 64 2 1 0 0.00 M M 4.9 14 40 M M 0 17 40
20 79 47 63 0 2 0 0.00 M M 5.1 15 140 M M 0 22 120
21 72 50 61 -2 4 0 0.00 M M 9.2 20 300 M M 0 8 25 310
22 69 49 59 -4 6 0 0.00 M M 9.6 18 250 M M 1 26 290
23 61 43 52 -11 13 0 0.04 M M 11.3 30 280 M M 5 18 41 270
24 63 36 50 -13 15 0 0.00 M M 4.0 14 10 M M 0 17 40
25 67 40 54 -10 11 0 0.00 M M 6.1 15 30 M M 1 21 30
26 70 44 57 -7 8 0 0.00 M M 9.1 22 360 M M 0 26 10
27 72 44 58 -6 7 0 0.00 M M 8.3 18 350 M M 0 24 350
28 81 54 68 4 0 3 0.00 M M 9.2 21 10 M M 2 27 20
================================================================================
SM 2080 1317 142 26 0.04 M 232.6 M 15
================================================================================
AV 74.3 47.0 8.3 FASTST M M 1 MAX(MPH)
MISC ----> 31 360 # 41 340
================================================================================
NOTES:
# LAST OF SEVERAL OCCURRENCES
COLUMN 17 PEAK WIND IN M.P.H.
PRELIMINARY LOCAL CLIMATOLOGICAL DATA (WS FORM: F-6) , PAGE 2
STATION: YUMA AZ
MONTH: FEBRUARY
YEAR: 2022
LATITUDE: 32 39 N
LONGITUDE: 114 37 W
[TEMPERATURE DATA] [PRECIPITATION DATA] SYMBOLS USED IN COLUMN 16
AVERAGE MONTHLY: 60.7 TOTAL FOR MONTH: 0.04 1 = FOG OR MIST
DPTR FM NORMAL: -1.2 DPTR FM NORMAL: -0.34 2 = FOG REDUCING VISIBILITY
HIGHEST: 86 ON 12,11 GRTST 24HR 0.04 ON 23-23 TO 1/4 MILE OR LESS
LOWEST: 36 ON 24 3 = THUNDER
SNOW, ICE PELLETS, HAIL 4 = ICE PELLETS
TOTAL MONTH: M 5 = HAIL
GRTST 24HR M ON M 6 = FREEZING RAIN OR DRIZZLE
GRTST DEPTH: M ON M 7 = DUSTSTORM OR SANDSTORM:
VSBY 1/2 MILE OR LESS
8 = SMOKE OR HAZE
[NO. OF DAYS WITH] [WEATHER - DAYS WITH] 9 = BLOWING SNOW
X = TORNADO
MAX 32 OR BELOW: 0 0.01 INCH OR MORE: 1
MAX 90 OR ABOVE: 0 0.10 INCH OR MORE: 0
MIN 32 OR BELOW: 0 0.50 INCH OR MORE: 0
MIN 0 OR BELOW: 0 1.00 INCH OR MORE: 0
[HDD (BASE 65) ]
TOTAL THIS MO. 142 CLEAR (SCALE 0-3) 26
DPTR FM NORMAL 24 PTCLDY (SCALE 4-7) 2
TOTAL FM JUL 1 505 CLOUDY (SCALE 8-10) 0
DPTR FM NORMAL -115
[CDD (BASE 65) ]
TOTAL THIS MO. 26
DPTR FM NORMAL -6 [PRESSURE DATA]
TOTAL FM JAN 1 27 HIGHEST SLP 30.46 ON 4
DPTR FM NORMAL -11 LOWEST SLP 29.64 ON 15
[REMARKS]
#FINAL-02-22#