000
CXUS56 KMTR 011000
CF6OAK
PRELIMINARY LOCAL CLIMATOLOGICAL DATA (WS FORM: F-6)
STATION: OAKLAND AIRPORT
MONTH: FEBRUARY
YEAR: 2020
LATITUDE: 37 43 N
LONGITUDE: 122 13 W
TEMPERATURE IN F: :PCPN: SNOW: WIND :SUNSHINE: SKY :PK WND
================================================================================
1 2 3 4 5 6A 6B 7 8 9 10 11 12 13 14 15 16 17 18
12Z AVG MX 2MIN
DY MAX MIN AVG DEP HDD CDD WTR SNW DPTH SPD SPD DIR MIN PSBL S-S WX SPD DR
================================================================================
1 66 45 56 5 9 0 0.00 0.0 0 4.5 14 310 M M 4 128 15 300
2 60 47 54 3 11 0 0.00 0.0 0 13.1 26 300 M M 5 1 33 300
3 60 43 52 1 13 0 0.00 0.0 0 9.1 18 350 M M 2 25 310
4 61 40 51 0 14 0 0.00 0.0 0 6.8 20 350 M M 3 25 360
5 62 38 50 -1 15 0 0.00 0.0 0 4.1 12 290 M M 3 1 13 290
6 65 42 54 3 11 0 0.00 0.0 0 4.2 12 290 M M 1 1 12 290
7 67 41 54 3 11 0 0.00 0.0 0 4.8 13 280 M M 2 1 15 290
8 61 47 54 2 11 0 0.00 0.0 0 6.9 13 160 M M 5 18 14 330
9 66 50 58 6 7 0 0.00 0.0 0 17.4 43 20 M M 0 58 40
10 70 46 58 6 7 0 0.00 0.0 0 5.8 16 280 M M 0 20 320
11 72 47 60 8 5 0 0.00 0.0 0 4.3 12 210 M M 1 16 240
12 69 44 57 5 8 0 0.00 0.0 0 4.7 12 290 M M 2 1 14 300
13 66 46 56 4 9 0 0.00 0.0 0 6.9 18 290 M M 7 1 21 290
14 60 48 54 2 11 0 0.00 0.0 0 5.0 12 260 M M 6 1 14 260
15 64 45 55 3 10 0 0.00 0.0 0 4.9 13 310 M M 5 1 16 300
16 63 45 54 2 11 0 0.00 0.0 0 5.7 14 290 M M 6 1 18 250
17 73 45 59 7 6 0 0.00 0.0 0 4.6 14 290 M M 5 128 16 300
18 67 47 57 5 8 0 0.00 0.0 0 7.1 14 280 M M 4 16 290
19 66 43 55 3 10 0 0.00 0.0 0 4.0 10 300 M M 4 12 300
20 68 44 56 3 9 0 0.00 0.0 0 3.7 13 310 M M 7 14 300
21 71 45 58 5 7 0 0.00 0.0 0 4.2 15 320 M M 5 20 320
22 63 54 59 6 6 0 0.00 0.0 0 9.9 20 250 M M 7 23 250
23 62 51 57 4 8 0 0.00 0.0 0 11.2 23 270 M M 6 27 270
24 68 44 56 3 9 0 0.00 0.0 0 6.2 15 280 M M 1 1 18 270
25 75 44 60 7 5 0 0.00 0.0 0 4.5 12 300 M M 1 15 300
26 76 45 61 8 4 0 0.00 0.0 0 3.8 12 300 M M 1 13 300
27 74 47 61 8 4 0 0.00 0.0 0 4.1 12 310 M M 5 14 310
28 74 50 62 9 3 0 0.00 0.0 0 5.9 20 300 M M 8 1 22 300
29 61 52 57 4 8 0 0.00 0.0 0 17.3 33 280 M M 6 39 280
================================================================================
SM 1930 1325 250 0 0.00 0.0 194.7 M 112
================================================================================
AV 66.6 45.7 6.7 FASTST M M 4 MAX(MPH)
MISC ----> # 43 20 # 58 40
================================================================================
NOTES:
# LAST OF SEVERAL OCCURRENCES
COLUMN 17 PEAK WIND IN M.P.H.
PRELIMINARY LOCAL CLIMATOLOGICAL DATA (WS FORM: F-6) , PAGE 2
STATION: OAKLAND AIRPORT
MONTH: FEBRUARY
YEAR: 2020
LATITUDE: 37 43 N
LONGITUDE: 122 13 W
[TEMPERATURE DATA] [PRECIPITATION DATA] SYMBOLS USED IN COLUMN 16
AVERAGE MONTHLY: 56.1 TOTAL FOR MONTH: 0.00 1 = FOG OR MIST
DPTR FM NORMAL: 4.0 DPTR FM NORMAL: -3.95 2 = FOG REDUCING VISIBILITY
HIGHEST: 76 ON 26 GRTST 24HR 0.00 ON 29-29 TO 1/4 MILE OR LESS
LOWEST: 38 ON 5 3 = THUNDER
SNOW, ICE PELLETS, HAIL 4 = ICE PELLETS
TOTAL MONTH: 0.0 INCH 5 = HAIL
GRTST 24HR 0.0 6 = FREEZING RAIN OR DRIZZLE
GRTST DEPTH: 0 7 = DUSTSTORM OR SANDSTORM:
VSBY 1/2 MILE OR LESS
8 = SMOKE OR HAZE
[NO. OF DAYS WITH] [WEATHER - DAYS WITH] 9 = BLOWING SNOW
X = TORNADO
MAX 32 OR BELOW: 0 0.01 INCH OR MORE: 0
MAX 90 OR ABOVE: 0 0.10 INCH OR MORE: 0
MIN 32 OR BELOW: 0 0.50 INCH OR MORE: 0
MIN 0 OR BELOW: 0 1.00 INCH OR MORE: 0
[HDD (BASE 65) ]
TOTAL THIS MO. 250 CLEAR (SCALE 0-3) 11
DPTR FM NORMAL -113 PTCLDY (SCALE 4-7) 18
TOTAL FM JUL 1 1462 CLOUDY (SCALE 8-10) 0
DPTR FM NORMAL -572
[CDD (BASE 65) ]
TOTAL THIS MO. 0
DPTR FM NORMAL 0 [PRESSURE DATA]
TOTAL FM JAN 1 0 HIGHEST SLP M ON M
DPTR FM NORMAL 0 LOWEST SLP 29.93 ON 22
[REMARKS]
#FINAL-02-20#