000
CXUS54 KMAF 012319
CF6ODO
PRELIMINARY LOCAL CLIMATOLOGICAL DATA (WS FORM: F-6)
STATION: ODESSA SCHLEYMEYER
MONTH: JANUARY
YEAR: 2023
LATITUDE: 31 55 N
LONGITUDE: 102 23 W
TEMPERATURE IN F: :PCPN: SNOW: WIND :SUNSHINE: SKY :PK WND
================================================================================
1 2 3 4 5 6A 6B 7 8 9 10 11 12 13 14 15 16 17 18
12Z AVG MX 2MIN
DY MAX MIN AVG DEP HDD CDD WTR SNW DPTH SPD SPD DIR MIN PSBL S-S WX SPD DR
================================================================================
1 75 45 60 16 5 0 0.00 M M 10.0 20 170 M M 0 26 170
2 74 47 61 17 4 0 0.00 M M 14.8 38 310 M M 0 8 62 250
3 58 43 51 7 14 0 0.00 M M 14.1 28 280 M M 0 36 250
4 65 37 51 7 14 0 0.00 M M 11.3 23 280 M M 0 32 240
5 65 32 49 5 16 0 0.00 M M 6.1 12 200 M M 0 16 200
6 78 47 63 19 2 0 0.00 M M 10.5 22 190 M M 0 30 190
7 62 40 51 7 14 0 0.00 M M 8.1 16 10 M M 1 21 30
8 65 31 48 4 17 0 0.00 M M 5.7 10 220 M M 0 14 230
9 74 46 60 16 5 0 0.00 M M 7.1 20 290 M M 1 25 300
10 79 43 61 17 4 0 0.00 M M 10.8 26 260 M M 0 35 260
11 75 43 59 15 6 0 0.00 M M 13.6 36 260 M M 0 8 49 250
12 57 37 47 3 18 0 0.00 M M 10.7 24 350 M M 0 35 350
13 64 32 48 4 17 0 0.00 M M 7.1 17 160 M M 0 24 150
14 71 42 57 13 8 0 0.00 M M 13.1 21 200 M M 0 25 170
15 71 48 60 15 5 0 0.00 M M 12.7 21 290 M M 2 29 280
16 68 48 58 13 7 0 0.00 M M 16.2 35 270 M M 4 8 46 270
17 68 47 58 13 7 0 T M M 10.2 30 260 M M 5 43 270
18 59 40 50 5 15 0 T M M 17.1 41 280 M M 2 8 52 280
19 58 31 45 0 20 0 0.00 M M 6.9 14 190 M M 0 22 180
20 67 35 51 6 14 0 0.00 M M 11.3 20 180 M M 0 25 160
21 58 31 45 0 20 0 0.00 M M 9.2 20 200 M M 0 27 290
22 53 24 39 -6 26 0 0.00 M M 6.8 14 60 M M 0 23 240
23 58 33 46 0 19 0 0.01 M M 20.6 36 120 M M 3 50 160
24 42 33 38 -8 27 0 0.13 M M 12.1 23 100 M M 8 1 30 110
25 48 29 39 -7 26 0 0.00 M M 7.8 18 10 M M 4 23 10
26 48 24 36 -10 29 0 0.00 M M 5.0 12 30 M M 0 16 30
27 57 28 43 -3 22 0 0.00 M M 10.9 24 250 M M 0 32 240
28 68 36 52 6 13 0 0.00 M M 11.8 29 240 M M 0 38 240
29 48 29 39 -7 26 0 0.00 M M 12.0 18 60 M M 4 26 70
30 29 21 25 -21 40 0 T M M 12.0 20 60 M M 10 1 24 70
31 25 21 23 -24 42 0 0.00 M M 11.0 18 50 M M 10 1 23 50
================================================================================
SM 1887 1123 502 0 0.14 M 336.6 M 54
================================================================================
AV 60.9 36.2 10.9 FASTST M M 2 MAX(MPH)
MISC ----> 41 280 62 250
================================================================================
NOTES:
# LAST OF SEVERAL OCCURRENCES
COLUMN 17 PEAK WIND IN M.P.H.
PRELIMINARY LOCAL CLIMATOLOGICAL DATA (WS FORM: F-6) , PAGE 2
STATION: ODESSA SCHLEYMEYER
MONTH: JANUARY
YEAR: 2023
LATITUDE: 31 55 N
LONGITUDE: 102 23 W
[TEMPERATURE DATA] [PRECIPITATION DATA] SYMBOLS USED IN COLUMN 16
AVERAGE MONTHLY: 48.5 TOTAL FOR MONTH: 0.14 1 = FOG OR MIST
DPTR FM NORMAL: 3.6 DPTR FM NORMAL: -0.47 2 = FOG REDUCING VISIBILITY
HIGHEST: 79 ON 10 GRTST 24HR 0.13 ON 24-24 TO 1/4 MILE OR LESS
LOWEST: 21 ON 31,30 3 = THUNDER
SNOW, ICE PELLETS, HAIL 4 = ICE PELLETS
TOTAL MONTH: M 5 = HAIL
GRTST 24HR M ON M 6 = FREEZING RAIN OR DRIZZLE
GRTST DEPTH: M ON M 7 = DUSTSTORM OR SANDSTORM:
VSBY 1/2 MILE OR LESS
8 = SMOKE OR HAZE
[NO. OF DAYS WITH] [WEATHER - DAYS WITH] 9 = BLOWING SNOW
X = TORNADO
MAX 32 OR BELOW: 2 0.01 INCH OR MORE: 2
MAX 90 OR ABOVE: 0 0.10 INCH OR MORE: 1
MIN 32 OR BELOW: 12 0.50 INCH OR MORE: 0
MIN 0 OR BELOW: 0 1.00 INCH OR MORE: 0
[HDD (BASE 65) ]
TOTAL THIS MO. 502 CLEAR (SCALE 0-3) 24
DPTR FM NORMAL -121 PTCLDY (SCALE 4-7) 4
TOTAL FM JUL 1 1510 CLOUDY (SCALE 8-10) 3
DPTR FM NORMAL -177
[CDD (BASE 65) ]
TOTAL THIS MO. 0
DPTR FM NORMAL 0 [PRESSURE DATA]
TOTAL FM JAN 1 0 HIGHEST SLP 30.47 ON 26
DPTR FM NORMAL 0 LOWEST SLP 29.59 ON 15
[REMARKS]
#FINAL-01-23#