000
CXUS54 KMAF 011920
CF6ODO
PRELIMINARY LOCAL CLIMATOLOGICAL DATA (WS FORM: F-6)
STATION: ODESSA SCHLEYMEYER
MONTH: SEPTEMBER
YEAR: 2022
LATITUDE: 31 55 N
LONGITUDE: 102 23 W
TEMPERATURE IN F: :PCPN: SNOW: WIND :SUNSHINE: SKY :PK WND
================================================================================
1 2 3 4 5 6A 6B 7 8 9 10 11 12 13 14 15 16 17 18
12Z AVG MX 2MIN
DY MAX MIN AVG DEP HDD CDD WTR SNW DPTH SPD SPD DIR MIN PSBL S-S WX SPD DR
================================================================================
1 77 69 73 -6 0 8 0.03 M M 6.2 17 220 M M 7 1 23 220
2 84 71 78 -1 0 13 0.02 M M 7.1 16 170 M M 3 13 20 160
3 86 69 78 -1 0 13 0.00 M M 4.6 18 70 M M 2 1 26 80
4 88 66 77 -1 0 12 0.00 M M 3.8 13 70 M M 1 17 70
5 90 66 78 0 0 13 0.00 M M 7.2 14 160 M M 0 21 180
6 92 66 79 1 0 14 0.00 M M 6.2 12 210 M M 0 15 210
7 90 66 78 1 0 13 0.00 M M 8.6 21 50 M M 0 26 40
8 88 65 77 0 0 12 0.00 M M 5.8 12 80 M M 0 15 80
9 91 67 79 2 0 14 0.00 M M 6.3 16 180 M M 0 20 180
10 91 65 78 2 0 13 0.00 M M 9.0 21 110 M M 2 26 90
11 77 62 70 -6 0 5 0.01 M M 9.8 22 50 M M 3 38 29 10
12 87 66 77 1 0 12 0.00 M M 8.9 16 200 M M 2 21 190
13 91 67 79 3 0 14 0.00 M M 9.7 17 190 M M 0 22 190
14 87 66 77 2 0 12 0.13 M M 12.5 39 360 M M 3 13 52 360
15 89 67 78 3 0 13 0.00 M M 11.6 20 160 M M 0 24 190
16 92 70 81 6 0 16 0.00 M M 12.3 20 170 M M 1 24 180
17 91 69 80 6 0 15 0.00 M M 13.4 22 190 M M 0 26 170
18 91 67 79 5 0 14 0.00 M M 13.3 23 200 M M 0 29 190
19 91 71 81 7 0 16 0.00 M M 12.5 21 180 M M 3 27 150
20 92 71 82 8 0 17 0.00 M M 12.7 23 170 M M 0 28 170
21 91 65 78 5 0 13 0.00 M M 9.9 20 120 M M 0 25 120
22 91 68 80 7 0 15 0.00 M M 8.6 20 130 M M 0 28 160
23 90 61 76 3 0 11 0.00 M M 9.8 23 160 M M 0 28 170
24 92 68 80 8 0 15 0.00 M M 8.3 16 170 M M 0 20 190
25 89 64 77 5 0 12 0.00 M M 9.3 20 80 M M 1 24 60
26 86 65 76 4 0 11 0.00 M M 9.8 20 110 M M 0 24 100
27 87 61 74 2 0 9 0.00 M M 8.4 16 200 M M 0 20 190
28 87 58 73 2 0 8 0.00 M M 4.4 12 170 M M 0 15 170
29 87 61 74 3 0 9 0.00 M M 8.6 16 180 M M 0 24 160
30 88 59 74 3 0 9 0.00 M M 10.0 22 160 M M 0 28 150
================================================================================
SM 2653 1976 0 371 0.19 M 268.6 M 28
================================================================================
AV 88.4 65.9 9.0 FASTST M M 1 MAX(MPH)
MISC ----> 39 360 52 360
================================================================================
NOTES:
# LAST OF SEVERAL OCCURRENCES
COLUMN 17 PEAK WIND IN M.P.H.
PRELIMINARY LOCAL CLIMATOLOGICAL DATA (WS FORM: F-6) , PAGE 2
STATION: ODESSA SCHLEYMEYER
MONTH: SEPTEMBER
YEAR: 2022
LATITUDE: 31 55 N
LONGITUDE: 102 23 W
[TEMPERATURE DATA] [PRECIPITATION DATA] SYMBOLS USED IN COLUMN 16
AVERAGE MONTHLY: 77.2 TOTAL FOR MONTH: 0.19 1 = FOG OR MIST
DPTR FM NORMAL: 2.2 DPTR FM NORMAL: -1.75 2 = FOG REDUCING VISIBILITY
HIGHEST: 92 ON 24,20 GRTST 24HR 0.13 ON 14-14 TO 1/4 MILE OR LESS
LOWEST: 58 ON 28 3 = THUNDER
SNOW, ICE PELLETS, HAIL 4 = ICE PELLETS
TOTAL MONTH: M 5 = HAIL
GRTST 24HR M ON M 6 = FREEZING RAIN OR DRIZZLE
GRTST DEPTH: M ON M 7 = DUSTSTORM OR SANDSTORM:
VSBY 1/2 MILE OR LESS
8 = SMOKE OR HAZE
[NO. OF DAYS WITH] [WEATHER - DAYS WITH] 9 = BLOWING SNOW
X = TORNADO
MAX 32 OR BELOW: 0 0.01 INCH OR MORE: 4
MAX 90 OR ABOVE: 15 0.10 INCH OR MORE: 1
MIN 32 OR BELOW: 0 0.50 INCH OR MORE: 0
MIN 0 OR BELOW: 0 1.00 INCH OR MORE: 0
[HDD (BASE 65) ]
TOTAL THIS MO. 0 CLEAR (SCALE 0-3) 27
DPTR FM NORMAL -8 PTCLDY (SCALE 4-7) 3
TOTAL FM JUL 1 0 CLOUDY (SCALE 8-10) 0
DPTR FM NORMAL -2
[CDD (BASE 65) ]
TOTAL THIS MO. 371
DPTR FM NORMAL 64 [PRESSURE DATA]
TOTAL FM JAN 1 3020 HIGHEST SLP 30.22 ON 28
DPTR FM NORMAL 663 LOWEST SLP 29.65 ON 9
[REMARKS]
#FINAL-09-22#