000
CXUS54 KMAF 011729
CF6ODO
PRELIMINARY LOCAL CLIMATOLOGICAL DATA (WS FORM: F-6)
STATION: ODESSA SCHLEYMEYER
MONTH: NOVEMBER
YEAR: 2023
LATITUDE: 31 55 N
LONGITUDE: 102 23 W
TEMPERATURE IN F: :PCPN: SNOW: WIND :SUNSHINE: SKY :PK WND
================================================================================
1 2 3 4 5 6A 6B 7 8 9 10 11 12 13 14 15 16 17 18
12Z AVG MX 2MIN
DY MAX MIN AVG DEP HDD CDD WTR SNW DPTH SPD SPD DIR MIN PSBL S-S WX SPD DR
================================================================================
1 61 36 49 -10 16 0 0.00 M M 7.9 16 200 M M 0 22 190
2 71 41 56 -3 9 0 0.00 M M 10.5 17 170 M M 0 26 210
3 78 45 62 4 3 0 0.00 M M 10.2 16 220 M M 0 22 210
4 82 48 65 7 0 0 0.00 M M 6.9 14 220 M M 0 17 210
5 80 48 64 6 1 0 0.00 M M 8.2 17 190 M M 0 1 24 200
6 89 56 73 16 0 8 0.00 M M 9.9 17 200 M M 0 23 190
7 90 57 74 17 0 9 0.00 M M 10.8 23 240 M M 0 34 240
8 89 60 75 19 0 10 0.00 M M 9.2 25 250 M M 0 33 250
9 72 46 59 3 6 0 0.15 M M 13.7 24 50 M M 9 1 31 40
10 54 45 50 -6 15 0 0.04 M M 8.8 16 50 M M 9 18 24 50
11 54 46 50 -5 15 0 T M M 5.4 12 30 M M 10 1 14 30
12 58 49 54 -1 11 0 0.00 M M 4.1 12 130 M M 10 1 14 130
13 57 51 54 0 11 0 0.40 M M 7.0 13 130 M M 10 1 17 80
14 55 50 53 -1 12 0 0.00 M M 5.1 10 200 M M 10 1 13 200
15 65 50 58 4 7 0 0.00 M M 3.8 9 160 M M 6 12 12 190
16 69 53 61 8 4 0 0.00 M M 8.9 18 200 M M 0 22 200
17 72 53 63 10 2 0 0.00 M M 9.1 18 10 M M 1 18 26 360
18 60 51 56 4 9 0 0.00 M M 9.2 18 140 M M 6 18 23 150
19 76 53 65 13 0 0 0.00 M M 12.3 29 270 M M 4 18 39 230
20 69 47 58 6 7 0 0.00 M M 11.7 22 20 M M 1 34 20
21 59 40 50 -1 15 0 0.00 M M 12.2 26 10 M M 2 37 10
22 62 36 49 -2 16 0 0.00 M M 7.1 13 250 M M 0 18 220
23 65 37 51 0 14 0 0.00 M M 8.3 16 150 M M 0 21 160
24 56 39 48 -2 17 0 0.00 M M 10.5 20 50 M M 2 24 40
25 56 42 49 -1 16 0 0.00 M M 7.6 16 70 M M 9 18 21 80
26 52 35 44 -6 21 0 0.00 M M 8.7 20 40 M M 3 12 25 40
27 52 35 44 -5 21 0 0.00 M M 6.5 13 160 M M 6 16 170
28 57 38 48 -1 17 0 0.00 M M 7.0 17 200 M M 3 26 220
29 62 41 52 3 13 0 0.00 M M 10.6 18 160 M M 1 25 140
30 67 47 57 9 8 0 0.00 M M 14.6 37 280 M M 5 18 49 280
================================================================================
SM 1989 1375 286 27 0.59 M 265.8 M 107
================================================================================
AV 66.3 45.8 8.9 FASTST M M 4 MAX(MPH)
MISC ----> 37 280 49 280
================================================================================
NOTES:
# LAST OF SEVERAL OCCURRENCES
COLUMN 17 PEAK WIND IN M.P.H.
PRELIMINARY LOCAL CLIMATOLOGICAL DATA (WS FORM: F-6) , PAGE 2
STATION: ODESSA SCHLEYMEYER
MONTH: NOVEMBER
YEAR: 2023
LATITUDE: 31 55 N
LONGITUDE: 102 23 W
[TEMPERATURE DATA] [PRECIPITATION DATA] SYMBOLS USED IN COLUMN 16
AVERAGE MONTHLY: 56.1 TOTAL FOR MONTH: 0.59 1 = FOG OR MIST
DPTR FM NORMAL: 2.5 DPTR FM NORMAL: -0.13 2 = FOG REDUCING VISIBILITY
HIGHEST: 90 ON 7 GRTST 24HR 0.40 ON 13-13 TO 1/4 MILE OR LESS
LOWEST: 35 ON 27,26 3 = THUNDER
SNOW, ICE PELLETS, HAIL 4 = ICE PELLETS
TOTAL MONTH: M 5 = HAIL
GRTST 24HR M ON M 6 = FREEZING RAIN OR DRIZZLE
GRTST DEPTH: M ON M 7 = DUSTSTORM OR SANDSTORM:
VSBY 1/2 MILE OR LESS
8 = SMOKE OR HAZE
[NO. OF DAYS WITH] [WEATHER - DAYS WITH] 9 = BLOWING SNOW
X = TORNADO
MAX 32 OR BELOW: 0 0.01 INCH OR MORE: 3
MAX 90 OR ABOVE: 1 0.10 INCH OR MORE: 2
MIN 32 OR BELOW: 0 0.50 INCH OR MORE: 0
MIN 0 OR BELOW: 0 1.00 INCH OR MORE: 0
[HDD (BASE 65) ]
TOTAL THIS MO. 286 CLEAR (SCALE 0-3) 17
DPTR FM NORMAL -66 PTCLDY (SCALE 4-7) 6
TOTAL FM JUL 1 367 CLOUDY (SCALE 8-10) 7
DPTR FM NORMAL -86
[CDD (BASE 65) ]
TOTAL THIS MO. 27
DPTR FM NORMAL 17 [PRESSURE DATA]
TOTAL FM JAN 1 3321 HIGHEST SLP 30.43 ON 21
DPTR FM NORMAL 843 LOWEST SLP 29.58 ON 19
[REMARKS]
#FINAL-11-23#